INSERT IGNORE INTO instituicoes (nome_instituicao, sigla, identificador, id_tipo_instituicao, logo) VALUES ("Instituto Federal de Brasília", "IFB", "ifb", (SELECT id_chave_tipo_instituicao FROM tipos_instituicoes WHERE nome_tipo_instituicao = "Educação - Federal"), "ifb_logo.png");

 INSERT INTO arquivos_fonte (nome_arquivo_fonte_SQL, nome_arquivo_fonte_CSV, id_instituicao, fornecedor, data_entrada, descricao) VALUES ("saida_cursos_ifb.sql", "cursos_ifb.csv", (SELECT id_chave_instituicao FROM instituicoes WHERE identificador = "ifb"),"","", "Obtido do Fala.Br do IFB na data indicada");
SET @id_arquivo_var:=(SELECT id_chave_arquivo_fonte FROM arquivos_fonte WHERE nome_arquivo_fonte_SQL = "saida_cursos_ifb.sql");

INSERT IGNORE INTO tipos_classificacoes (nome_tipo_classificacao,caption_substituto, id_arquivo_fonte, ordem) VALUES ("tipo_de_curso","tipo_de_curso", @id_arquivo_var, 1);
 INSERT IGNORE INTO tipos_classificacoes (nome_tipo_classificacao,caption_substituto, id_arquivo_fonte, ordem) VALUES ("campus","campus", @id_arquivo_var, 2);
 INSERT IGNORE INTO tipos_classificacoes (nome_tipo_classificacao,caption_substituto, id_arquivo_fonte, ordem) VALUES ("estado","estado", @id_arquivo_var, 3);
 INSERT IGNORE INTO tipos_classificacoes (nome_tipo_classificacao,caption_substituto, id_arquivo_fonte, ordem) VALUES ("cidade","cidade", @id_arquivo_var, 4);
 INSERT IGNORE INTO tipos_classificacoes (nome_tipo_classificacao,caption_substituto, id_arquivo_fonte, ordem) VALUES ("titulo_do_curso","titulo_do_curso", @id_arquivo_var, 5);
 INSERT IGNORE INTO tipos_classificacoes (nome_tipo_classificacao,caption_substituto, id_arquivo_fonte, ordem) VALUES ("tipo_de_tecnico","tipo_de_tecnico", @id_arquivo_var, 6);
 INSERT IGNORE INTO tipos_classificacoes (nome_tipo_classificacao,caption_substituto, id_arquivo_fonte, ordem) VALUES ("quantidade_de_vagas","quantidade_de_vagas", @id_arquivo_var, 7);
 INSERT IGNORE INTO tipos_classificacoes (nome_tipo_classificacao,caption_substituto, id_arquivo_fonte, ordem) VALUES ("turno","turno", @id_arquivo_var, 8);
 INSERT IGNORE INTO tipos_classificacoes (nome_tipo_classificacao,caption_substituto, id_arquivo_fonte, ordem) VALUES ("modalidade_de_oferta","modalidade_de_oferta", @id_arquivo_var, 9);
 INSERT IGNORE INTO tipos_classificacoes (nome_tipo_classificacao,caption_substituto, id_arquivo_fonte, ordem) VALUES ("cbo","cbo", @id_arquivo_var, 10);
 INSERT IGNORE INTO tipos_classificacoes (nome_tipo_classificacao,caption_substituto, id_arquivo_fonte, ordem) VALUES ("regime_de_matricula","regime_de_matricula", @id_arquivo_var, 11);
 INSERT IGNORE INTO tipos_classificacoes (nome_tipo_classificacao,caption_substituto, id_arquivo_fonte, ordem) VALUES ("eixo_tecnologico","eixo_tecnologico", @id_arquivo_var, 12);
 INSERT IGNORE INTO tipos_classificacoes (nome_tipo_classificacao,caption_substituto, id_arquivo_fonte, ordem) VALUES ("carga_horaria","carga_horaria", @id_arquivo_var, 13);
 INSERT IGNORE INTO classificacoes_tokens (nome_token, id_tipo_token, id_arquivo_fonte) VALUES ("3500", (SELECT id_chave_tipo_token FROM tipos_tokens WHERE nome_tipo_token = "numeral"), @id_arquivo_var);
INSERT IGNORE INTO tokens (nome_token, acentuada, id_tipo_token, id_tipo_token_spaCy, id_arquivo_fonte) VALUES ("3500", "3500", (SELECT id_tipo_token FROM classificacoes_tokens WHERE BINARY nome_token = "3500" UNION (SELECT id_chave_tipo_token FROM tipos_tokens WHERE nome_tipo_token = 'indeterminado') LIMIT 1), (SELECT id_chave_tipo_token FROM tipos_tokens WHERE nome_tipo_token = "numeral" UNION (SELECT id_chave_tipo_token FROM tipos_tokens WHERE nome_tipo_token = 'indeterminado') LIMIT 1), @id_arquivo_var);
  INSERT IGNORE INTO tokens (nome_token, acentuada, id_tipo_token, id_tipo_token_spaCy, id_arquivo_fonte) VALUES ("qualidade", "qualidade", (SELECT id_tipo_token FROM classificacoes_tokens WHERE BINARY nome_token = "qualidade" UNION (SELECT id_chave_tipo_token FROM tipos_tokens WHERE nome_tipo_token = 'indeterminado') LIMIT 1), (SELECT id_chave_tipo_token FROM tipos_tokens WHERE nome_tipo_token = "substantivo" UNION (SELECT id_chave_tipo_token FROM tipos_tokens WHERE nome_tipo_token = 'indeterminado') LIMIT 1), @id_arquivo_var);
  INSERT IGNORE INTO tokens (nome_token, acentuada, id_tipo_token, id_tipo_token_spaCy, id_arquivo_fonte) VALUES ("fiscal", "fiscal", (SELECT id_tipo_token FROM classificacoes_tokens WHERE BINARY nome_token = "fiscal" UNION (SELECT id_chave_tipo_token FROM tipos_tokens WHERE nome_tipo_token = 'indeterminado') LIMIT 1), (SELECT id_chave_tipo_token FROM tipos_tokens WHERE nome_tipo_token = "adjetivo" UNION (SELECT id_chave_tipo_token FROM tipos_tokens WHERE nome_tipo_token = 'indeterminado') LIMIT 1), @id_arquivo_var);
  INSERT IGNORE INTO tokens (nome_token, acentuada, id_tipo_token, id_tipo_token_spaCy, id_arquivo_fonte) VALUES ("agente", "agente", (SELECT id_tipo_token FROM classificacoes_tokens WHERE BINARY nome_token = "agente" UNION (SELECT id_chave_tipo_token FROM tipos_tokens WHERE nome_tipo_token = 'indeterminado') LIMIT 1), (SELECT id_chave_tipo_token FROM tipos_tokens WHERE nome_tipo_token = "substantivo" UNION (SELECT id_chave_tipo_token FROM tipos_tokens WHERE nome_tipo_token = 'indeterminado') LIMIT 1), @id_arquivo_var);
  INSERT IGNORE INTO tokens (nome_token, acentuada, id_tipo_token, id_tipo_token_spaCy, id_arquivo_fonte) VALUES ("eletromecanica", "eletromecânica", (SELECT id_tipo_token FROM classificacoes_tokens WHERE BINARY nome_token = "eletromecânica" UNION (SELECT id_chave_tipo_token FROM tipos_tokens WHERE nome_tipo_token = 'indeterminado') LIMIT 1), (SELECT id_chave_tipo_token FROM tipos_tokens WHERE nome_tipo_token = "substantivo" UNION (SELECT id_chave_tipo_token FROM tipos_tokens WHERE nome_tipo_token = 'indeterminado') LIMIT 1), @id_arquivo_var);
  INSERT IGNORE INTO tokens (nome_token, acentuada, id_tipo_token, id_tipo_token_spaCy, id_arquivo_fonte) VALUES ("taguatinga", "taguatinga", (SELECT id_tipo_token FROM classificacoes_tokens WHERE BINARY nome_token = "taguatinga" UNION (SELECT id_chave_tipo_token FROM tipos_tokens WHERE nome_tipo_token = 'indeterminado') LIMIT 1), (SELECT id_chave_tipo_token FROM tipos_tokens WHERE nome_tipo_token = "substantivo" UNION (SELECT id_chave_tipo_token FROM tipos_tokens WHERE nome_tipo_token = 'indeterminado') LIMIT 1), @id_arquivo_var);
  INSERT IGNORE INTO classificacoes_tokens (nome_token, id_tipo_token, id_arquivo_fonte) VALUES ("3283", (SELECT id_chave_tipo_token FROM tipos_tokens WHERE nome_tipo_token = "numeral"), @id_arquivo_var);
INSERT IGNORE INTO tokens (nome_token, acentuada, id_tipo_token, id_tipo_token_spaCy, id_arquivo_fonte) VALUES ("3283", "3283", (SELECT id_tipo_token FROM classificacoes_tokens WHERE BINARY nome_token = "3283" UNION (SELECT id_chave_tipo_token FROM tipos_tokens WHERE nome_tipo_token = 'indeterminado') LIMIT 1), (SELECT id_chave_tipo_token FROM tipos_tokens WHERE nome_tipo_token = "numeral" UNION (SELECT id_chave_tipo_token FROM tipos_tokens WHERE nome_tipo_token = 'indeterminado') LIMIT 1), @id_arquivo_var);
  INSERT IGNORE INTO tokens (nome_token, acentuada, id_tipo_token, id_tipo_token_spaCy, id_arquivo_fonte) VALUES ("social", "social", (SELECT id_tipo_token FROM classificacoes_tokens WHERE BINARY nome_token = "social" UNION (SELECT id_chave_tipo_token FROM tipos_tokens WHERE nome_tipo_token = 'indeterminado') LIMIT 1), (SELECT id_chave_tipo_token FROM tipos_tokens WHERE nome_tipo_token = "adjetivo" UNION (SELECT id_chave_tipo_token FROM tipos_tokens WHERE nome_tipo_token = 'indeterminado') LIMIT 1), @id_arquivo_var);
  INSERT IGNORE INTO tokens (nome_token, acentuada, id_tipo_token, id_tipo_token_spaCy, id_arquivo_fonte) VALUES ("educacional", "educacional", (SELECT id_tipo_token FROM classificacoes_tokens WHERE BINARY nome_token = "educacional" UNION (SELECT id_chave_tipo_token FROM tipos_tokens WHERE nome_tipo_token = 'indeterminado') LIMIT 1), (SELECT id_chave_tipo_token FROM tipos_tokens WHERE nome_tipo_token = "adjetivo" UNION (SELECT id_chave_tipo_token FROM tipos_tokens WHERE nome_tipo_token = 'indeterminado') LIMIT 1), @id_arquivo_var);
  INSERT IGNORE INTO tokens (nome_token, acentuada, id_tipo_token, id_tipo_token_spaCy, id_arquivo_fonte) VALUES ("educacionais", "educacionais", (SELECT id_tipo_token FROM classificacoes_tokens WHERE BINARY nome_token = "educacionais" UNION (SELECT id_chave_tipo_token FROM tipos_tokens WHERE nome_tipo_token = 'indeterminado') LIMIT 1), (SELECT id_chave_tipo_token FROM tipos_tokens WHERE nome_tipo_token = "adjetivo" UNION (SELECT id_chave_tipo_token FROM tipos_tokens WHERE nome_tipo_token = 'indeterminado') LIMIT 1), @id_arquivo_var);
  INSERT IGNORE INTO tokens (nome_token, acentuada, id_tipo_token, id_tipo_token_spaCy, id_arquivo_fonte) VALUES ("sistemas", "sistemas", (SELECT id_tipo_token FROM classificacoes_tokens WHERE BINARY nome_token = "sistemas" UNION (SELECT id_chave_tipo_token FROM tipos_tokens WHERE nome_tipo_token = 'indeterminado') LIMIT 1), (SELECT id_chave_tipo_token FROM tipos_tokens WHERE nome_tipo_token = "substantivo" UNION (SELECT id_chave_tipo_token FROM tipos_tokens WHERE nome_tipo_token = 'indeterminado') LIMIT 1), @id_arquivo_var);
  INSERT IGNORE INTO tokens (nome_token, acentuada, id_tipo_token, id_tipo_token_spaCy, id_arquivo_fonte) VALUES ("desenvolvimento", "desenvolvimento", (SELECT id_tipo_token FROM classificacoes_tokens WHERE BINARY nome_token = "desenvolvimento" UNION (SELECT id_chave_tipo_token FROM tipos_tokens WHERE nome_tipo_token = 'indeterminado') LIMIT 1), (SELECT id_chave_tipo_token FROM tipos_tokens WHERE nome_tipo_token = "substantivo" UNION (SELECT id_chave_tipo_token FROM tipos_tokens WHERE nome_tipo_token = 'indeterminado') LIMIT 1), @id_arquivo_var);
  INSERT IGNORE INTO classificacoes_tokens (nome_token, id_tipo_token, id_arquivo_fonte) VALUES ("3266", (SELECT id_chave_tipo_token FROM tipos_tokens WHERE nome_tipo_token = "numeral"), @id_arquivo_var);
INSERT IGNORE INTO tokens (nome_token, acentuada, id_tipo_token, id_tipo_token_spaCy, id_arquivo_fonte) VALUES ("3266", "3266", (SELECT id_tipo_token FROM classificacoes_tokens WHERE BINARY nome_token = "3266" UNION (SELECT id_chave_tipo_token FROM tipos_tokens WHERE nome_tipo_token = 'indeterminado') LIMIT 1), (SELECT id_chave_tipo_token FROM tipos_tokens WHERE nome_tipo_token = "numeral" UNION (SELECT id_chave_tipo_token FROM tipos_tokens WHERE nome_tipo_token = 'indeterminado') LIMIT 1), @id_arquivo_var);
  INSERT IGNORE INTO tokens (nome_token, acentuada, id_tipo_token, id_tipo_token_spaCy, id_arquivo_fonte) VALUES ("negocios", "negócios", (SELECT id_tipo_token FROM classificacoes_tokens WHERE BINARY nome_token = "negócios" UNION (SELECT id_chave_tipo_token FROM tipos_tokens WHERE nome_tipo_token = 'indeterminado') LIMIT 1), (SELECT id_chave_tipo_token FROM tipos_tokens WHERE nome_tipo_token = "substantivo" UNION (SELECT id_chave_tipo_token FROM tipos_tokens WHERE nome_tipo_token = 'indeterminado') LIMIT 1), @id_arquivo_var);
  INSERT IGNORE INTO tokens (nome_token, acentuada, id_tipo_token, id_tipo_token_spaCy, id_arquivo_fonte) VALUES ("gestao", "gestão", (SELECT id_tipo_token FROM classificacoes_tokens WHERE BINARY nome_token = "gestão" UNION (SELECT id_chave_tipo_token FROM tipos_tokens WHERE nome_tipo_token = 'indeterminado') LIMIT 1), (SELECT id_chave_tipo_token FROM tipos_tokens WHERE nome_tipo_token = "substantivo" UNION (SELECT id_chave_tipo_token FROM tipos_tokens WHERE nome_tipo_token = 'indeterminado') LIMIT 1), @id_arquivo_var);
  INSERT IGNORE INTO classificacoes_tokens (nome_token, id_tipo_token, id_arquivo_fonte) VALUES ("32", (SELECT id_chave_tipo_token FROM tipos_tokens WHERE nome_tipo_token = "numeral"), @id_arquivo_var);
INSERT IGNORE INTO tokens (nome_token, acentuada, id_tipo_token, id_tipo_token_spaCy, id_arquivo_fonte) VALUES ("32", "32", (SELECT id_tipo_token FROM classificacoes_tokens WHERE BINARY nome_token = "32" UNION (SELECT id_chave_tipo_token FROM tipos_tokens WHERE nome_tipo_token = 'indeterminado') LIMIT 1), (SELECT id_chave_tipo_token FROM tipos_tokens WHERE nome_tipo_token = "numeral" UNION (SELECT id_chave_tipo_token FROM tipos_tokens WHERE nome_tipo_token = 'indeterminado') LIMIT 1), @id_arquivo_var);
  INSERT IGNORE INTO tokens (nome_token, acentuada, id_tipo_token, id_tipo_token_spaCy, id_arquivo_fonte) VALUES ("administracao", "administração", (SELECT id_tipo_token FROM classificacoes_tokens WHERE BINARY nome_token = "administração" UNION (SELECT id_chave_tipo_token FROM tipos_tokens WHERE nome_tipo_token = 'indeterminado') LIMIT 1), (SELECT id_chave_tipo_token FROM tipos_tokens WHERE nome_tipo_token = "substantivo" UNION (SELECT id_chave_tipo_token FROM tipos_tokens WHERE nome_tipo_token = 'indeterminado') LIMIT 1), @id_arquivo_var);
  INSERT IGNORE INTO tokens (nome_token, acentuada, id_tipo_token, id_tipo_token_spaCy, id_arquivo_fonte) VALUES ("sebastiao", "sebastião", (SELECT id_tipo_token FROM classificacoes_tokens WHERE BINARY nome_token = "sebastião" UNION (SELECT id_chave_tipo_token FROM tipos_tokens WHERE nome_tipo_token = 'indeterminado') LIMIT 1), (SELECT id_chave_tipo_token FROM tipos_tokens WHERE nome_tipo_token = "substantivo" UNION (SELECT id_chave_tipo_token FROM tipos_tokens WHERE nome_tipo_token = 'indeterminado') LIMIT 1), @id_arquivo_var);
  INSERT IGNORE INTO tokens (nome_token, acentuada, id_tipo_token, id_tipo_token_spaCy, id_arquivo_fonte) VALUES ("sao", "são", (SELECT id_tipo_token FROM classificacoes_tokens WHERE BINARY nome_token = "são" UNION (SELECT id_chave_tipo_token FROM tipos_tokens WHERE nome_tipo_token = 'indeterminado') LIMIT 1), (SELECT id_chave_tipo_token FROM tipos_tokens WHERE nome_tipo_token = "verbo" UNION (SELECT id_chave_tipo_token FROM tipos_tokens WHERE nome_tipo_token = 'indeterminado') LIMIT 1), @id_arquivo_var);
  INSERT IGNORE INTO classificacoes_tokens (nome_token, id_tipo_token, id_arquivo_fonte) VALUES ("3679", (SELECT id_chave_tipo_token FROM tipos_tokens WHERE nome_tipo_token = "numeral"), @id_arquivo_var);
INSERT IGNORE INTO tokens (nome_token, acentuada, id_tipo_token, id_tipo_token_spaCy, id_arquivo_fonte) VALUES ("3679", "3679", (SELECT id_tipo_token FROM classificacoes_tokens WHERE BINARY nome_token = "3679" UNION (SELECT id_chave_tipo_token FROM tipos_tokens WHERE nome_tipo_token = 'indeterminado') LIMIT 1), (SELECT id_chave_tipo_token FROM tipos_tokens WHERE nome_tipo_token = "numeral" UNION (SELECT id_chave_tipo_token FROM tipos_tokens WHERE nome_tipo_token = 'indeterminado') LIMIT 1), @id_arquivo_var);
  INSERT IGNORE INTO tokens (nome_token, acentuada, id_tipo_token, id_tipo_token_spaCy, id_arquivo_fonte) VALUES ("marcenaria", "marcenaria", (SELECT id_tipo_token FROM classificacoes_tokens WHERE BINARY nome_token = "marcenaria" UNION (SELECT id_chave_tipo_token FROM tipos_tokens WHERE nome_tipo_token = 'indeterminado') LIMIT 1), (SELECT id_chave_tipo_token FROM tipos_tokens WHERE nome_tipo_token = "substantivo" UNION (SELECT id_chave_tipo_token FROM tipos_tokens WHERE nome_tipo_token = 'indeterminado') LIMIT 1), @id_arquivo_var);
  INSERT IGNORE INTO tokens (nome_token, acentuada, id_tipo_token, id_tipo_token_spaCy, id_arquivo_fonte) VALUES ("na", "na", (SELECT id_tipo_token FROM classificacoes_tokens WHERE BINARY nome_token = "na" UNION (SELECT id_chave_tipo_token FROM tipos_tokens WHERE nome_tipo_token = 'indeterminado') LIMIT 1), (SELECT id_chave_tipo_token FROM tipos_tokens WHERE nome_tipo_token = "preposicao" UNION (SELECT id_chave_tipo_token FROM tipos_tokens WHERE nome_tipo_token = 'indeterminado') LIMIT 1), @id_arquivo_var);
  INSERT IGNORE INTO tokens (nome_token, acentuada, id_tipo_token, id_tipo_token_spaCy, id_arquivo_fonte) VALUES ("maquetista", "maquetista", (SELECT id_tipo_token FROM classificacoes_tokens WHERE BINARY nome_token = "maquetista" UNION (SELECT id_chave_tipo_token FROM tipos_tokens WHERE nome_tipo_token = 'indeterminado') LIMIT 1), (SELECT id_chave_tipo_token FROM tipos_tokens WHERE nome_tipo_token = "substantivo" UNION (SELECT id_chave_tipo_token FROM tipos_tokens WHERE nome_tipo_token = 'indeterminado') LIMIT 1), @id_arquivo_var);
  INSERT IGNORE INTO tokens (nome_token, acentuada, id_tipo_token, id_tipo_token_spaCy, id_arquivo_fonte) VALUES ("projetista", "projetista", (SELECT id_tipo_token FROM classificacoes_tokens WHERE BINARY nome_token = "projetista" UNION (SELECT id_chave_tipo_token FROM tipos_tokens WHERE nome_tipo_token = 'indeterminado') LIMIT 1), (SELECT id_chave_tipo_token FROM tipos_tokens WHERE nome_tipo_token = "substantivo" UNION (SELECT id_chave_tipo_token FROM tipos_tokens WHERE nome_tipo_token = 'indeterminado') LIMIT 1), @id_arquivo_var);
  INSERT IGNORE INTO tokens (nome_token, acentuada, id_tipo_token, id_tipo_token_spaCy, id_arquivo_fonte) VALUES ("desenhista", "desenhista", (SELECT id_tipo_token FROM classificacoes_tokens WHERE BINARY nome_token = "desenhista" UNION (SELECT id_chave_tipo_token FROM tipos_tokens WHERE nome_tipo_token = 'indeterminado') LIMIT 1), (SELECT id_chave_tipo_token FROM tipos_tokens WHERE nome_tipo_token = "substantivo" UNION (SELECT id_chave_tipo_token FROM tipos_tokens WHERE nome_tipo_token = 'indeterminado') LIMIT 1), @id_arquivo_var);
  INSERT IGNORE INTO tokens (nome_token, acentuada, id_tipo_token, id_tipo_token_spaCy, id_arquivo_fonte) VALUES ("moveis", "móveis", (SELECT id_tipo_token FROM classificacoes_tokens WHERE BINARY nome_token = "móveis" UNION (SELECT id_chave_tipo_token FROM tipos_tokens WHERE nome_tipo_token = 'indeterminado') LIMIT 1), (SELECT id_chave_tipo_token FROM tipos_tokens WHERE nome_tipo_token = "substantivo" UNION (SELECT id_chave_tipo_token FROM tipos_tokens WHERE nome_tipo_token = 'indeterminado') LIMIT 1), @id_arquivo_var);
  INSERT IGNORE INTO classificacoes_tokens (nome_token, id_tipo_token, id_arquivo_fonte) VALUES ("3550", (SELECT id_chave_tipo_token FROM tipos_tokens WHERE nome_tipo_token = "numeral"), @id_arquivo_var);
INSERT IGNORE INTO tokens (nome_token, acentuada, id_tipo_token, id_tipo_token_spaCy, id_arquivo_fonte) VALUES ("3550", "3550", (SELECT id_tipo_token FROM classificacoes_tokens WHERE BINARY nome_token = "3550" UNION (SELECT id_chave_tipo_token FROM tipos_tokens WHERE nome_tipo_token = 'indeterminado') LIMIT 1), (SELECT id_chave_tipo_token FROM tipos_tokens WHERE nome_tipo_token = "numeral" UNION (SELECT id_chave_tipo_token FROM tipos_tokens WHERE nome_tipo_token = 'indeterminado') LIMIT 1), @id_arquivo_var);
  INSERT IGNORE INTO tokens (nome_token, acentuada, id_tipo_token, id_tipo_token_spaCy, id_arquivo_fonte) VALUES ("ambiental", "ambiental", (SELECT id_tipo_token FROM classificacoes_tokens WHERE BINARY nome_token = "ambiental" UNION (SELECT id_chave_tipo_token FROM tipos_tokens WHERE nome_tipo_token = 'indeterminado') LIMIT 1), (SELECT id_chave_tipo_token FROM tipos_tokens WHERE nome_tipo_token = "adjetivo" UNION (SELECT id_chave_tipo_token FROM tipos_tokens WHERE nome_tipo_token = 'indeterminado') LIMIT 1), @id_arquivo_var);
  INSERT IGNORE INTO tokens (nome_token, acentuada, id_tipo_token, id_tipo_token_spaCy, id_arquivo_fonte) VALUES ("samambaia", "samambaia", (SELECT id_tipo_token FROM classificacoes_tokens WHERE BINARY nome_token = "samambaia" UNION (SELECT id_chave_tipo_token FROM tipos_tokens WHERE nome_tipo_token = 'indeterminado') LIMIT 1), (SELECT id_chave_tipo_token FROM tipos_tokens WHERE nome_tipo_token = "substantivo" UNION (SELECT id_chave_tipo_token FROM tipos_tokens WHERE nome_tipo_token = 'indeterminado') LIMIT 1), @id_arquivo_var);
  INSERT IGNORE INTO classificacoes_tokens (nome_token, id_tipo_token, id_arquivo_fonte) VALUES ("3066", (SELECT id_chave_tipo_token FROM tipos_tokens WHERE nome_tipo_token = "numeral"), @id_arquivo_var);
INSERT IGNORE INTO tokens (nome_token, acentuada, id_tipo_token, id_tipo_token_spaCy, id_arquivo_fonte) VALUES ("3066", "3066", (SELECT id_tipo_token FROM classificacoes_tokens WHERE BINARY nome_token = "3066" UNION (SELECT id_chave_tipo_token FROM tipos_tokens WHERE nome_tipo_token = 'indeterminado') LIMIT 1), (SELECT id_chave_tipo_token FROM tipos_tokens WHERE nome_tipo_token = "numeral" UNION (SELECT id_chave_tipo_token FROM tipos_tokens WHERE nome_tipo_token = 'indeterminado') LIMIT 1), @id_arquivo_var);
  INSERT IGNORE INTO tokens (nome_token, acentuada, id_tipo_token, id_tipo_token_spaCy, id_arquivo_fonte) VALUES ("hospedagem", "hospedagem", (SELECT id_tipo_token FROM classificacoes_tokens WHERE BINARY nome_token = "hospedagem" UNION (SELECT id_chave_tipo_token FROM tipos_tokens WHERE nome_tipo_token = 'indeterminado') LIMIT 1), (SELECT id_chave_tipo_token FROM tipos_tokens WHERE nome_tipo_token = "substantivo" UNION (SELECT id_chave_tipo_token FROM tipos_tokens WHERE nome_tipo_token = 'indeterminado') LIMIT 1), @id_arquivo_var);
  INSERT IGNORE INTO classificacoes_tokens (nome_token, id_tipo_token, id_arquivo_fonte) VALUES ("3632", (SELECT id_chave_tipo_token FROM tipos_tokens WHERE nome_tipo_token = "numeral"), @id_arquivo_var);
INSERT IGNORE INTO tokens (nome_token, acentuada, id_tipo_token, id_tipo_token_spaCy, id_arquivo_fonte) VALUES ("3632", "3632", (SELECT id_tipo_token FROM classificacoes_tokens WHERE BINARY nome_token = "3632" UNION (SELECT id_chave_tipo_token FROM tipos_tokens WHERE nome_tipo_token = 'indeterminado') LIMIT 1), (SELECT id_chave_tipo_token FROM tipos_tokens WHERE nome_tipo_token = "numeral" UNION (SELECT id_chave_tipo_token FROM tipos_tokens WHERE nome_tipo_token = 'indeterminado') LIMIT 1), @id_arquivo_var);
  INSERT IGNORE INTO tokens (nome_token, acentuada, id_tipo_token, id_tipo_token_spaCy, id_arquivo_fonte) VALUES ("cozinha", "cozinha", (SELECT id_tipo_token FROM classificacoes_tokens WHERE BINARY nome_token = "cozinha" UNION (SELECT id_chave_tipo_token FROM tipos_tokens WHERE nome_tipo_token = 'indeterminado') LIMIT 1), (SELECT id_chave_tipo_token FROM tipos_tokens WHERE nome_tipo_token = "substantivo" UNION (SELECT id_chave_tipo_token FROM tipos_tokens WHERE nome_tipo_token = 'indeterminado') LIMIT 1), @id_arquivo_var);
  INSERT IGNORE INTO tokens (nome_token, acentuada, id_tipo_token, id_tipo_token_spaCy, id_arquivo_fonte) VALUES ("fundo", "fundo", (SELECT id_tipo_token FROM classificacoes_tokens WHERE BINARY nome_token = "fundo" UNION (SELECT id_chave_tipo_token FROM tipos_tokens WHERE nome_tipo_token = 'indeterminado') LIMIT 1), (SELECT id_chave_tipo_token FROM tipos_tokens WHERE nome_tipo_token = "adverbio" UNION (SELECT id_chave_tipo_token FROM tipos_tokens WHERE nome_tipo_token = 'indeterminado') LIMIT 1), @id_arquivo_var);
  INSERT IGNORE INTO tokens (nome_token, acentuada, id_tipo_token, id_tipo_token_spaCy, id_arquivo_fonte) VALUES ("riacho", "riacho", (SELECT id_tipo_token FROM classificacoes_tokens WHERE BINARY nome_token = "riacho" UNION (SELECT id_chave_tipo_token FROM tipos_tokens WHERE nome_tipo_token = 'indeterminado') LIMIT 1), (SELECT id_chave_tipo_token FROM tipos_tokens WHERE nome_tipo_token = "substantivo" UNION (SELECT id_chave_tipo_token FROM tipos_tokens WHERE nome_tipo_token = 'indeterminado') LIMIT 1), @id_arquivo_var);
  INSERT IGNORE INTO classificacoes_tokens (nome_token, id_tipo_token, id_arquivo_fonte) VALUES ("4240", (SELECT id_chave_tipo_token FROM tipos_tokens WHERE nome_tipo_token = "numeral"), @id_arquivo_var);
INSERT IGNORE INTO tokens (nome_token, acentuada, id_tipo_token, id_tipo_token_spaCy, id_arquivo_fonte) VALUES ("4240", "4240", (SELECT id_tipo_token FROM classificacoes_tokens WHERE BINARY nome_token = "4240" UNION (SELECT id_chave_tipo_token FROM tipos_tokens WHERE nome_tipo_token = 'indeterminado') LIMIT 1), (SELECT id_chave_tipo_token FROM tipos_tokens WHERE nome_tipo_token = "numeral" UNION (SELECT id_chave_tipo_token FROM tipos_tokens WHERE nome_tipo_token = 'indeterminado') LIMIT 1), @id_arquivo_var);
  INSERT IGNORE INTO tokens (nome_token, acentuada, id_tipo_token, id_tipo_token_spaCy, id_arquivo_fonte) VALUES ("design", "design", (SELECT id_tipo_token FROM classificacoes_tokens WHERE BINARY nome_token = "design" UNION (SELECT id_chave_tipo_token FROM tipos_tokens WHERE nome_tipo_token = 'indeterminado') LIMIT 1), (SELECT id_chave_tipo_token FROM tipos_tokens WHERE nome_tipo_token = "substantivo" UNION (SELECT id_chave_tipo_token FROM tipos_tokens WHERE nome_tipo_token = 'indeterminado') LIMIT 1), @id_arquivo_var);
  INSERT IGNORE INTO tokens (nome_token, acentuada, id_tipo_token, id_tipo_token_spaCy, id_arquivo_fonte) VALUES ("cultural", "cultural", (SELECT id_tipo_token FROM classificacoes_tokens WHERE BINARY nome_token = "cultural" UNION (SELECT id_chave_tipo_token FROM tipos_tokens WHERE nome_tipo_token = 'indeterminado') LIMIT 1), (SELECT id_chave_tipo_token FROM tipos_tokens WHERE nome_tipo_token = "adjetivo" UNION (SELECT id_chave_tipo_token FROM tipos_tokens WHERE nome_tipo_token = 'indeterminado') LIMIT 1), @id_arquivo_var);
  INSERT IGNORE INTO tokens (nome_token, acentuada, id_tipo_token, id_tipo_token_spaCy, id_arquivo_fonte) VALUES ("video", "vídeo", (SELECT id_tipo_token FROM classificacoes_tokens WHERE BINARY nome_token = "vídeo" UNION (SELECT id_chave_tipo_token FROM tipos_tokens WHERE nome_tipo_token = 'indeterminado') LIMIT 1), (SELECT id_chave_tipo_token FROM tipos_tokens WHERE nome_tipo_token = "substantivo" UNION (SELECT id_chave_tipo_token FROM tipos_tokens WHERE nome_tipo_token = 'indeterminado') LIMIT 1), @id_arquivo_var);
  INSERT IGNORE INTO tokens (nome_token, acentuada, id_tipo_token, id_tipo_token_spaCy, id_arquivo_fonte) VALUES ("audio", "áudio", (SELECT id_tipo_token FROM classificacoes_tokens WHERE BINARY nome_token = "áudio" UNION (SELECT id_chave_tipo_token FROM tipos_tokens WHERE nome_tipo_token = 'indeterminado') LIMIT 1), (SELECT id_chave_tipo_token FROM tipos_tokens WHERE nome_tipo_token = "substantivo" UNION (SELECT id_chave_tipo_token FROM tipos_tokens WHERE nome_tipo_token = 'indeterminado') LIMIT 1), @id_arquivo_var);
  INSERT IGNORE INTO tokens (nome_token, acentuada, id_tipo_token, id_tipo_token_spaCy, id_arquivo_fonte) VALUES ("emas", "emas", (SELECT id_tipo_token FROM classificacoes_tokens WHERE BINARY nome_token = "emas" UNION (SELECT id_chave_tipo_token FROM tipos_tokens WHERE nome_tipo_token = 'indeterminado') LIMIT 1), (SELECT id_chave_tipo_token FROM tipos_tokens WHERE nome_tipo_token = "substantivo" UNION (SELECT id_chave_tipo_token FROM tipos_tokens WHERE nome_tipo_token = 'indeterminado') LIMIT 1), @id_arquivo_var);
  INSERT IGNORE INTO tokens (nome_token, acentuada, id_tipo_token, id_tipo_token_spaCy, id_arquivo_fonte) VALUES ("das", "das", (SELECT id_tipo_token FROM classificacoes_tokens WHERE BINARY nome_token = "das" UNION (SELECT id_chave_tipo_token FROM tipos_tokens WHERE nome_tipo_token = 'indeterminado') LIMIT 1), (SELECT id_chave_tipo_token FROM tipos_tokens WHERE nome_tipo_token = "preposicao" UNION (SELECT id_chave_tipo_token FROM tipos_tokens WHERE nome_tipo_token = 'indeterminado') LIMIT 1), @id_arquivo_var);
  INSERT IGNORE INTO tokens (nome_token, acentuada, id_tipo_token, id_tipo_token_spaCy, id_arquivo_fonte) VALUES ("recanto", "recanto", (SELECT id_tipo_token FROM classificacoes_tokens WHERE BINARY nome_token = "recanto" UNION (SELECT id_chave_tipo_token FROM tipos_tokens WHERE nome_tipo_token = 'indeterminado') LIMIT 1), (SELECT id_chave_tipo_token FROM tipos_tokens WHERE nome_tipo_token = "substantivo" UNION (SELECT id_chave_tipo_token FROM tipos_tokens WHERE nome_tipo_token = 'indeterminado') LIMIT 1), @id_arquivo_var);
  INSERT IGNORE INTO classificacoes_tokens (nome_token, id_tipo_token, id_arquivo_fonte) VALUES ("3600", (SELECT id_chave_tipo_token FROM tipos_tokens WHERE nome_tipo_token = "numeral"), @id_arquivo_var);
INSERT IGNORE INTO tokens (nome_token, acentuada, id_tipo_token, id_tipo_token_spaCy, id_arquivo_fonte) VALUES ("3600", "3600", (SELECT id_tipo_token FROM classificacoes_tokens WHERE BINARY nome_token = "3600" UNION (SELECT id_chave_tipo_token FROM tipos_tokens WHERE nome_tipo_token = 'indeterminado') LIMIT 1), (SELECT id_chave_tipo_token FROM tipos_tokens WHERE nome_tipo_token = "numeral" UNION (SELECT id_chave_tipo_token FROM tipos_tokens WHERE nome_tipo_token = 'indeterminado') LIMIT 1), @id_arquivo_var);
  INSERT IGNORE INTO tokens (nome_token, acentuada, id_tipo_token, id_tipo_token_spaCy, id_arquivo_fonte) VALUES ("agropecuaria", "agropecuária", (SELECT id_tipo_token FROM classificacoes_tokens WHERE BINARY nome_token = "agropecuária" UNION (SELECT id_chave_tipo_token FROM tipos_tokens WHERE nome_tipo_token = 'indeterminado') LIMIT 1), (SELECT id_chave_tipo_token FROM tipos_tokens WHERE nome_tipo_token = "substantivo" UNION (SELECT id_chave_tipo_token FROM tipos_tokens WHERE nome_tipo_token = 'indeterminado') LIMIT 1), @id_arquivo_var);
  INSERT IGNORE INTO tokens (nome_token, acentuada, id_tipo_token, id_tipo_token_spaCy, id_arquivo_fonte) VALUES ("planaltina", "planaltina", (SELECT id_tipo_token FROM classificacoes_tokens WHERE BINARY nome_token = "planaltina" UNION (SELECT id_chave_tipo_token FROM tipos_tokens WHERE nome_tipo_token = 'indeterminado') LIMIT 1), (SELECT id_chave_tipo_token FROM tipos_tokens WHERE nome_tipo_token = "verbo" UNION (SELECT id_chave_tipo_token FROM tipos_tokens WHERE nome_tipo_token = 'indeterminado') LIMIT 1), @id_arquivo_var);
  INSERT IGNORE INTO classificacoes_tokens (nome_token, id_tipo_token, id_arquivo_fonte) VALUES ("3633", (SELECT id_chave_tipo_token FROM tipos_tokens WHERE nome_tipo_token = "numeral"), @id_arquivo_var);
INSERT IGNORE INTO tokens (nome_token, acentuada, id_tipo_token, id_tipo_token_spaCy, id_arquivo_fonte) VALUES ("3633", "3633", (SELECT id_tipo_token FROM classificacoes_tokens WHERE BINARY nome_token = "3633" UNION (SELECT id_chave_tipo_token FROM tipos_tokens WHERE nome_tipo_token = 'indeterminado') LIMIT 1), (SELECT id_chave_tipo_token FROM tipos_tokens WHERE nome_tipo_token = "numeral" UNION (SELECT id_chave_tipo_token FROM tipos_tokens WHERE nome_tipo_token = 'indeterminado') LIMIT 1), @id_arquivo_var);
  INSERT IGNORE INTO tokens (nome_token, acentuada, id_tipo_token, id_tipo_token_spaCy, id_arquivo_fonte) VALUES ("industrial", "industrial", (SELECT id_tipo_token FROM classificacoes_tokens WHERE BINARY nome_token = "industrial" UNION (SELECT id_chave_tipo_token FROM tipos_tokens WHERE nome_tipo_token = 'indeterminado') LIMIT 1), (SELECT id_chave_tipo_token FROM tipos_tokens WHERE nome_tipo_token = "adjetivo" UNION (SELECT id_chave_tipo_token FROM tipos_tokens WHERE nome_tipo_token = 'indeterminado') LIMIT 1), @id_arquivo_var);
  INSERT IGNORE INTO tokens (nome_token, acentuada, id_tipo_token, id_tipo_token_spaCy, id_arquivo_fonte) VALUES ("quimica", "química", (SELECT id_tipo_token FROM classificacoes_tokens WHERE BINARY nome_token = "química" UNION (SELECT id_chave_tipo_token FROM tipos_tokens WHERE nome_tipo_token = 'indeterminado') LIMIT 1), (SELECT id_chave_tipo_token FROM tipos_tokens WHERE nome_tipo_token = "substantivo" UNION (SELECT id_chave_tipo_token FROM tipos_tokens WHERE nome_tipo_token = 'indeterminado') LIMIT 1), @id_arquivo_var);
  INSERT IGNORE INTO classificacoes_tokens (nome_token, id_tipo_token, id_arquivo_fonte) VALUES ("1667", (SELECT id_chave_tipo_token FROM tipos_tokens WHERE nome_tipo_token = "numeral"), @id_arquivo_var);
INSERT IGNORE INTO tokens (nome_token, acentuada, id_tipo_token, id_tipo_token_spaCy, id_arquivo_fonte) VALUES ("1667", "1667", (SELECT id_tipo_token FROM classificacoes_tokens WHERE BINARY nome_token = "1667" UNION (SELECT id_chave_tipo_token FROM tipos_tokens WHERE nome_tipo_token = 'indeterminado') LIMIT 1), (SELECT id_chave_tipo_token FROM tipos_tokens WHERE nome_tipo_token = "numeral" UNION (SELECT id_chave_tipo_token FROM tipos_tokens WHERE nome_tipo_token = 'indeterminado') LIMIT 1), @id_arquivo_var);
  INSERT IGNORE INTO tokens (nome_token, acentuada, id_tipo_token, id_tipo_token_spaCy, id_arquivo_fonte) VALUES ("alimenticia", "alimentícia", (SELECT id_tipo_token FROM classificacoes_tokens WHERE BINARY nome_token = "alimentícia" UNION (SELECT id_chave_tipo_token FROM tipos_tokens WHERE nome_tipo_token = 'indeterminado') LIMIT 1), (SELECT id_chave_tipo_token FROM tipos_tokens WHERE nome_tipo_token = "adjetivo" UNION (SELECT id_chave_tipo_token FROM tipos_tokens WHERE nome_tipo_token = 'indeterminado') LIMIT 1), @id_arquivo_var);
  INSERT IGNORE INTO tokens (nome_token, acentuada, id_tipo_token, id_tipo_token_spaCy, id_arquivo_fonte) VALUES ("producao", "produção", (SELECT id_tipo_token FROM classificacoes_tokens WHERE BINARY nome_token = "produção" UNION (SELECT id_chave_tipo_token FROM tipos_tokens WHERE nome_tipo_token = 'indeterminado') LIMIT 1), (SELECT id_chave_tipo_token FROM tipos_tokens WHERE nome_tipo_token = "substantivo" UNION (SELECT id_chave_tipo_token FROM tipos_tokens WHERE nome_tipo_token = 'indeterminado') LIMIT 1), @id_arquivo_var);
  INSERT IGNORE INTO classificacoes_tokens (nome_token, id_tipo_token, id_arquivo_fonte) VALUES ("30", (SELECT id_chave_tipo_token FROM tipos_tokens WHERE nome_tipo_token = "numeral"), @id_arquivo_var);
INSERT IGNORE INTO tokens (nome_token, acentuada, id_tipo_token, id_tipo_token_spaCy, id_arquivo_fonte) VALUES ("30", "30", (SELECT id_tipo_token FROM classificacoes_tokens WHERE BINARY nome_token = "30" UNION (SELECT id_chave_tipo_token FROM tipos_tokens WHERE nome_tipo_token = 'indeterminado') LIMIT 1), (SELECT id_chave_tipo_token FROM tipos_tokens WHERE nome_tipo_token = "numeral" UNION (SELECT id_chave_tipo_token FROM tipos_tokens WHERE nome_tipo_token = 'indeterminado') LIMIT 1), @id_arquivo_var);
  INSERT IGNORE INTO tokens (nome_token, acentuada, id_tipo_token, id_tipo_token_spaCy, id_arquivo_fonte) VALUES ("alimentos", "alimentos", (SELECT id_tipo_token FROM classificacoes_tokens WHERE BINARY nome_token = "alimentos" UNION (SELECT id_chave_tipo_token FROM tipos_tokens WHERE nome_tipo_token = 'indeterminado') LIMIT 1), (SELECT id_chave_tipo_token FROM tipos_tokens WHERE nome_tipo_token = "substantivo" UNION (SELECT id_chave_tipo_token FROM tipos_tokens WHERE nome_tipo_token = 'indeterminado') LIMIT 1), @id_arquivo_var);
  INSERT IGNORE INTO tokens (nome_token, acentuada, id_tipo_token, id_tipo_token_spaCy, id_arquivo_fonte) VALUES ("gama", "gama", (SELECT id_tipo_token FROM classificacoes_tokens WHERE BINARY nome_token = "gama" UNION (SELECT id_chave_tipo_token FROM tipos_tokens WHERE nome_tipo_token = 'indeterminado') LIMIT 1), (SELECT id_chave_tipo_token FROM tipos_tokens WHERE nome_tipo_token = "adjetivo" UNION (SELECT id_chave_tipo_token FROM tipos_tokens WHERE nome_tipo_token = 'indeterminado') LIMIT 1), @id_arquivo_var);
  INSERT IGNORE INTO tokens (nome_token, acentuada, id_tipo_token, id_tipo_token_spaCy, id_arquivo_fonte) VALUES ("saude", "saúde", (SELECT id_tipo_token FROM classificacoes_tokens WHERE BINARY nome_token = "saúde" UNION (SELECT id_chave_tipo_token FROM tipos_tokens WHERE nome_tipo_token = 'indeterminado') LIMIT 1), (SELECT id_chave_tipo_token FROM tipos_tokens WHERE nome_tipo_token = "substantivo" UNION (SELECT id_chave_tipo_token FROM tipos_tokens WHERE nome_tipo_token = 'indeterminado') LIMIT 1), @id_arquivo_var);
  INSERT IGNORE INTO tokens (nome_token, acentuada, id_tipo_token, id_tipo_token_spaCy, id_arquivo_fonte) VALUES ("meio", "meio", (SELECT id_tipo_token FROM classificacoes_tokens WHERE BINARY nome_token = "meio" UNION (SELECT id_chave_tipo_token FROM tipos_tokens WHERE nome_tipo_token = 'indeterminado') LIMIT 1), (SELECT id_chave_tipo_token FROM tipos_tokens WHERE nome_tipo_token = "substantivo" UNION (SELECT id_chave_tipo_token FROM tipos_tokens WHERE nome_tipo_token = 'indeterminado') LIMIT 1), @id_arquivo_var);
  INSERT IGNORE INTO tokens (nome_token, acentuada, id_tipo_token, id_tipo_token_spaCy, id_arquivo_fonte) VALUES ("declarado", "declarado", (SELECT id_tipo_token FROM classificacoes_tokens WHERE BINARY nome_token = "declarado" UNION (SELECT id_chave_tipo_token FROM tipos_tokens WHERE nome_tipo_token = 'indeterminado') LIMIT 1), (SELECT id_chave_tipo_token FROM tipos_tokens WHERE nome_tipo_token = "verbo" UNION (SELECT id_chave_tipo_token FROM tipos_tokens WHERE nome_tipo_token = 'indeterminado') LIMIT 1), @id_arquivo_var);
  INSERT IGNORE INTO tokens (nome_token, acentuada, id_tipo_token, id_tipo_token_spaCy, id_arquivo_fonte) VALUES ("nao", "não", (SELECT id_tipo_token FROM classificacoes_tokens WHERE BINARY nome_token = "não" UNION (SELECT id_chave_tipo_token FROM tipos_tokens WHERE nome_tipo_token = 'indeterminado') LIMIT 1), (SELECT id_chave_tipo_token FROM tipos_tokens WHERE nome_tipo_token = "adverbio" UNION (SELECT id_chave_tipo_token FROM tipos_tokens WHERE nome_tipo_token = 'indeterminado') LIMIT 1), @id_arquivo_var);
  INSERT IGNORE INTO classificacoes_tokens (nome_token, id_tipo_token, id_arquivo_fonte) VALUES ("40", (SELECT id_chave_tipo_token FROM tipos_tokens WHERE nome_tipo_token = "numeral"), @id_arquivo_var);
INSERT IGNORE INTO tokens (nome_token, acentuada, id_tipo_token, id_tipo_token_spaCy, id_arquivo_fonte) VALUES ("40", "40", (SELECT id_tipo_token FROM classificacoes_tokens WHERE BINARY nome_token = "40" UNION (SELECT id_chave_tipo_token FROM tipos_tokens WHERE nome_tipo_token = 'indeterminado') LIMIT 1), (SELECT id_chave_tipo_token FROM tipos_tokens WHERE nome_tipo_token = "numeral" UNION (SELECT id_chave_tipo_token FROM tipos_tokens WHERE nome_tipo_token = 'indeterminado') LIMIT 1), @id_arquivo_var);
  INSERT IGNORE INTO tokens (nome_token, acentuada, id_tipo_token, id_tipo_token_spaCy, id_arquivo_fonte) VALUES ("ambiente", "ambiente", (SELECT id_tipo_token FROM classificacoes_tokens WHERE BINARY nome_token = "ambiente" UNION (SELECT id_chave_tipo_token FROM tipos_tokens WHERE nome_tipo_token = 'indeterminado') LIMIT 1), (SELECT id_chave_tipo_token FROM tipos_tokens WHERE nome_tipo_token = "substantivo" UNION (SELECT id_chave_tipo_token FROM tipos_tokens WHERE nome_tipo_token = 'indeterminado') LIMIT 1), @id_arquivo_var);
  INSERT IGNORE INTO tokens (nome_token, acentuada, id_tipo_token, id_tipo_token_spaCy, id_arquivo_fonte) VALUES ("meio", "meio", (SELECT id_tipo_token FROM classificacoes_tokens WHERE BINARY nome_token = "meio" UNION (SELECT id_chave_tipo_token FROM tipos_tokens WHERE nome_tipo_token = 'indeterminado') LIMIT 1), (SELECT id_chave_tipo_token FROM tipos_tokens WHERE nome_tipo_token = "adjetivo" UNION (SELECT id_chave_tipo_token FROM tipos_tokens WHERE nome_tipo_token = 'indeterminado') LIMIT 1), @id_arquivo_var);
  INSERT IGNORE INTO classificacoes_tokens (nome_token, id_tipo_token, id_arquivo_fonte) VALUES ("4232", (SELECT id_chave_tipo_token FROM tipos_tokens WHERE nome_tipo_token = "numeral"), @id_arquivo_var);
INSERT IGNORE INTO tokens (nome_token, acentuada, id_tipo_token, id_tipo_token_spaCy, id_arquivo_fonte) VALUES ("4232", "4232", (SELECT id_tipo_token FROM classificacoes_tokens WHERE BINARY nome_token = "4232" UNION (SELECT id_chave_tipo_token FROM tipos_tokens WHERE nome_tipo_token = 'indeterminado') LIMIT 1), (SELECT id_chave_tipo_token FROM tipos_tokens WHERE nome_tipo_token = "numeral" UNION (SELECT id_chave_tipo_token FROM tipos_tokens WHERE nome_tipo_token = 'indeterminado') LIMIT 1), @id_arquivo_var);
  INSERT IGNORE INTO tokens (nome_token, acentuada, id_tipo_token, id_tipo_token_spaCy, id_arquivo_fonte) VALUES ("industriais", "industriais", (SELECT id_tipo_token FROM classificacoes_tokens WHERE BINARY nome_token = "industriais" UNION (SELECT id_chave_tipo_token FROM tipos_tokens WHERE nome_tipo_token = 'indeterminado') LIMIT 1), (SELECT id_chave_tipo_token FROM tipos_tokens WHERE nome_tipo_token = "adjetivo" UNION (SELECT id_chave_tipo_token FROM tipos_tokens WHERE nome_tipo_token = 'indeterminado') LIMIT 1), @id_arquivo_var);
  INSERT IGNORE INTO tokens (nome_token, acentuada, id_tipo_token, id_tipo_token_spaCy, id_arquivo_fonte) VALUES ("processos", "processos", (SELECT id_tipo_token FROM classificacoes_tokens WHERE BINARY nome_token = "processos" UNION (SELECT id_chave_tipo_token FROM tipos_tokens WHERE nome_tipo_token = 'indeterminado') LIMIT 1), (SELECT id_chave_tipo_token FROM tipos_tokens WHERE nome_tipo_token = "substantivo" UNION (SELECT id_chave_tipo_token FROM tipos_tokens WHERE nome_tipo_token = 'indeterminado') LIMIT 1), @id_arquivo_var);
  INSERT IGNORE INTO tokens (nome_token, acentuada, id_tipo_token, id_tipo_token_spaCy, id_arquivo_fonte) VALUES ("controle", "controle", (SELECT id_tipo_token FROM classificacoes_tokens WHERE BINARY nome_token = "controle" UNION (SELECT id_chave_tipo_token FROM tipos_tokens WHERE nome_tipo_token = 'indeterminado') LIMIT 1), (SELECT id_chave_tipo_token FROM tipos_tokens WHERE nome_tipo_token = "substantivo" UNION (SELECT id_chave_tipo_token FROM tipos_tokens WHERE nome_tipo_token = 'indeterminado') LIMIT 1), @id_arquivo_var);
  INSERT IGNORE INTO classificacoes_tokens (nome_token, id_tipo_token, id_arquivo_fonte) VALUES ("9531", (SELECT id_chave_tipo_token FROM tipos_tokens WHERE nome_tipo_token = "numeral"), @id_arquivo_var);
INSERT IGNORE INTO tokens (nome_token, acentuada, id_tipo_token, id_tipo_token_spaCy, id_arquivo_fonte) VALUES ("9531", "9531", (SELECT id_tipo_token FROM classificacoes_tokens WHERE BINARY nome_token = "9531" UNION (SELECT id_chave_tipo_token FROM tipos_tokens WHERE nome_tipo_token = 'indeterminado') LIMIT 1), (SELECT id_chave_tipo_token FROM tipos_tokens WHERE nome_tipo_token = "numeral" UNION (SELECT id_chave_tipo_token FROM tipos_tokens WHERE nome_tipo_token = 'indeterminado') LIMIT 1), @id_arquivo_var);
  INSERT IGNORE INTO classificacoes_tokens (nome_token, id_tipo_token, id_arquivo_fonte) VALUES ("15", (SELECT id_chave_tipo_token FROM tipos_tokens WHERE nome_tipo_token = "numeral"), @id_arquivo_var);
INSERT IGNORE INTO tokens (nome_token, acentuada, id_tipo_token, id_tipo_token_spaCy, id_arquivo_fonte) VALUES ("15", "15", (SELECT id_tipo_token FROM classificacoes_tokens WHERE BINARY nome_token = "15" UNION (SELECT id_chave_tipo_token FROM tipos_tokens WHERE nome_tipo_token = 'indeterminado') LIMIT 1), (SELECT id_chave_tipo_token FROM tipos_tokens WHERE nome_tipo_token = "numeral" UNION (SELECT id_chave_tipo_token FROM tipos_tokens WHERE nome_tipo_token = 'indeterminado') LIMIT 1), @id_arquivo_var);
  INSERT IGNORE INTO classificacoes_tokens (nome_token, id_tipo_token, id_arquivo_fonte) VALUES ("7254", (SELECT id_chave_tipo_token FROM tipos_tokens WHERE nome_tipo_token = "numeral"), @id_arquivo_var);
INSERT IGNORE INTO tokens (nome_token, acentuada, id_tipo_token, id_tipo_token_spaCy, id_arquivo_fonte) VALUES ("7254", "7254", (SELECT id_tipo_token FROM classificacoes_tokens WHERE BINARY nome_token = "7254" UNION (SELECT id_chave_tipo_token FROM tipos_tokens WHERE nome_tipo_token = 'indeterminado') LIMIT 1), (SELECT id_chave_tipo_token FROM tipos_tokens WHERE nome_tipo_token = "numeral" UNION (SELECT id_chave_tipo_token FROM tipos_tokens WHERE nome_tipo_token = 'indeterminado') LIMIT 1), @id_arquivo_var);
  INSERT IGNORE INTO classificacoes_tokens (nome_token, id_tipo_token, id_arquivo_fonte) VALUES ("9144", (SELECT id_chave_tipo_token FROM tipos_tokens WHERE nome_tipo_token = "numeral"), @id_arquivo_var);
INSERT IGNORE INTO tokens (nome_token, acentuada, id_tipo_token, id_tipo_token_spaCy, id_arquivo_fonte) VALUES ("9144", "9144", (SELECT id_tipo_token FROM classificacoes_tokens WHERE BINARY nome_token = "9144" UNION (SELECT id_chave_tipo_token FROM tipos_tokens WHERE nome_tipo_token = 'indeterminado') LIMIT 1), (SELECT id_chave_tipo_token FROM tipos_tokens WHERE nome_tipo_token = "numeral" UNION (SELECT id_chave_tipo_token FROM tipos_tokens WHERE nome_tipo_token = 'indeterminado') LIMIT 1), @id_arquivo_var);
  INSERT IGNORE INTO classificacoes_tokens (nome_token, id_tipo_token, id_arquivo_fonte) VALUES ("3143", (SELECT id_chave_tipo_token FROM tipos_tokens WHERE nome_tipo_token = "numeral"), @id_arquivo_var);
INSERT IGNORE INTO tokens (nome_token, acentuada, id_tipo_token, id_tipo_token_spaCy, id_arquivo_fonte) VALUES ("3143", "3143", (SELECT id_tipo_token FROM classificacoes_tokens WHERE BINARY nome_token = "3143" UNION (SELECT id_chave_tipo_token FROM tipos_tokens WHERE nome_tipo_token = 'indeterminado') LIMIT 1), (SELECT id_chave_tipo_token FROM tipos_tokens WHERE nome_tipo_token = "numeral" UNION (SELECT id_chave_tipo_token FROM tipos_tokens WHERE nome_tipo_token = 'indeterminado') LIMIT 1), @id_arquivo_var);
  INSERT IGNORE INTO tokens (nome_token, acentuada, id_tipo_token, id_tipo_token_spaCy, id_arquivo_fonte) VALUES ("automotiva", "automotiva", (SELECT id_tipo_token FROM classificacoes_tokens WHERE BINARY nome_token = "automotiva" UNION (SELECT id_chave_tipo_token FROM tipos_tokens WHERE nome_tipo_token = 'indeterminado') LIMIT 1), (SELECT id_chave_tipo_token FROM tipos_tokens WHERE nome_tipo_token = "adjetivo" UNION (SELECT id_chave_tipo_token FROM tipos_tokens WHERE nome_tipo_token = 'indeterminado') LIMIT 1), @id_arquivo_var);
  INSERT IGNORE INTO tokens (nome_token, acentuada, id_tipo_token, id_tipo_token_spaCy, id_arquivo_fonte) VALUES ("manutencao", "manutenção", (SELECT id_tipo_token FROM classificacoes_tokens WHERE BINARY nome_token = "manutenção" UNION (SELECT id_chave_tipo_token FROM tipos_tokens WHERE nome_tipo_token = 'indeterminado') LIMIT 1), (SELECT id_chave_tipo_token FROM tipos_tokens WHERE nome_tipo_token = "substantivo" UNION (SELECT id_chave_tipo_token FROM tipos_tokens WHERE nome_tipo_token = 'indeterminado') LIMIT 1), @id_arquivo_var);
  INSERT IGNORE INTO tokens (nome_token, acentuada, id_tipo_token, id_tipo_token_spaCy, id_arquivo_fonte) VALUES ("estrutural", "estrutural", (SELECT id_tipo_token FROM classificacoes_tokens WHERE BINARY nome_token = "estrutural" UNION (SELECT id_chave_tipo_token FROM tipos_tokens WHERE nome_tipo_token = 'indeterminado') LIMIT 1), (SELECT id_chave_tipo_token FROM tipos_tokens WHERE nome_tipo_token = "substantivo" UNION (SELECT id_chave_tipo_token FROM tipos_tokens WHERE nome_tipo_token = 'indeterminado') LIMIT 1), @id_arquivo_var);
  INSERT IGNORE INTO classificacoes_tokens (nome_token, id_tipo_token, id_arquivo_fonte) VALUES ("1200", (SELECT id_chave_tipo_token FROM tipos_tokens WHERE nome_tipo_token = "numeral"), @id_arquivo_var);
INSERT IGNORE INTO tokens (nome_token, acentuada, id_tipo_token, id_tipo_token_spaCy, id_arquivo_fonte) VALUES ("1200", "1200", (SELECT id_tipo_token FROM classificacoes_tokens WHERE BINARY nome_token = "1200" UNION (SELECT id_chave_tipo_token FROM tipos_tokens WHERE nome_tipo_token = 'indeterminado') LIMIT 1), (SELECT id_chave_tipo_token FROM tipos_tokens WHERE nome_tipo_token = "numeral" UNION (SELECT id_chave_tipo_token FROM tipos_tokens WHERE nome_tipo_token = 'indeterminado') LIMIT 1), @id_arquivo_var);
  INSERT IGNORE INTO tokens (nome_token, acentuada, id_tipo_token, id_tipo_token_spaCy, id_arquivo_fonte) VALUES ("semestres", "semestres", (SELECT id_tipo_token FROM classificacoes_tokens WHERE BINARY nome_token = "semestres" UNION (SELECT id_chave_tipo_token FROM tipos_tokens WHERE nome_tipo_token = 'indeterminado') LIMIT 1), (SELECT id_chave_tipo_token FROM tipos_tokens WHERE nome_tipo_token = "substantivo" UNION (SELECT id_chave_tipo_token FROM tipos_tokens WHERE nome_tipo_token = 'indeterminado') LIMIT 1), @id_arquivo_var);
  INSERT IGNORE INTO classificacoes_tokens (nome_token, id_tipo_token, id_arquivo_fonte) VALUES ("8", (SELECT id_chave_tipo_token FROM tipos_tokens WHERE nome_tipo_token = "numeral"), @id_arquivo_var);
INSERT IGNORE INTO tokens (nome_token, acentuada, id_tipo_token, id_tipo_token_spaCy, id_arquivo_fonte) VALUES ("8", "8", (SELECT id_tipo_token FROM classificacoes_tokens WHERE BINARY nome_token = "8" UNION (SELECT id_chave_tipo_token FROM tipos_tokens WHERE nome_tipo_token = 'indeterminado') LIMIT 1), (SELECT id_chave_tipo_token FROM tipos_tokens WHERE nome_tipo_token = "numeral" UNION (SELECT id_chave_tipo_token FROM tipos_tokens WHERE nome_tipo_token = 'indeterminado') LIMIT 1), @id_arquivo_var);
  INSERT IGNORE INTO tokens (nome_token, acentuada, id_tipo_token, id_tipo_token_spaCy, id_arquivo_fonte) VALUES (".", ".", (SELECT id_tipo_token FROM classificacoes_tokens WHERE BINARY nome_token = "." UNION (SELECT id_chave_tipo_token FROM tipos_tokens WHERE nome_tipo_token = 'indeterminado') LIMIT 1), (SELECT id_chave_tipo_token FROM tipos_tokens WHERE nome_tipo_token = "pontuacao" UNION (SELECT id_chave_tipo_token FROM tipos_tokens WHERE nome_tipo_token = 'indeterminado') LIMIT 1), @id_arquivo_var);
  INSERT IGNORE INTO tokens (nome_token, acentuada, id_tipo_token, id_tipo_token_spaCy, id_arquivo_fonte) VALUES ("max", "máx", (SELECT id_tipo_token FROM classificacoes_tokens WHERE BINARY nome_token = "máx" UNION (SELECT id_chave_tipo_token FROM tipos_tokens WHERE nome_tipo_token = 'indeterminado') LIMIT 1), (SELECT id_chave_tipo_token FROM tipos_tokens WHERE nome_tipo_token = "interjeicao" UNION (SELECT id_chave_tipo_token FROM tipos_tokens WHERE nome_tipo_token = 'indeterminado') LIMIT 1), @id_arquivo_var);
  INSERT IGNORE INTO classificacoes_tokens (nome_token, id_tipo_token, id_arquivo_fonte) VALUES ("05", (SELECT id_chave_tipo_token FROM tipos_tokens WHERE nome_tipo_token = "numeral"), @id_arquivo_var);
INSERT IGNORE INTO tokens (nome_token, acentuada, id_tipo_token, id_tipo_token_spaCy, id_arquivo_fonte) VALUES ("05", "05", (SELECT id_tipo_token FROM classificacoes_tokens WHERE BINARY nome_token = "05" UNION (SELECT id_chave_tipo_token FROM tipos_tokens WHERE nome_tipo_token = 'indeterminado') LIMIT 1), (SELECT id_chave_tipo_token FROM tipos_tokens WHERE nome_tipo_token = "numeral" UNION (SELECT id_chave_tipo_token FROM tipos_tokens WHERE nome_tipo_token = 'indeterminado') LIMIT 1), @id_arquivo_var);
  INSERT IGNORE INTO tokens (nome_token, acentuada, id_tipo_token, id_tipo_token_spaCy, id_arquivo_fonte) VALUES ("-", "-", (SELECT id_tipo_token FROM classificacoes_tokens WHERE BINARY nome_token = "-" UNION (SELECT id_chave_tipo_token FROM tipos_tokens WHERE nome_tipo_token = 'indeterminado') LIMIT 1), (SELECT id_chave_tipo_token FROM tipos_tokens WHERE nome_tipo_token = "pontuacao" UNION (SELECT id_chave_tipo_token FROM tipos_tokens WHERE nome_tipo_token = 'indeterminado') LIMIT 1), @id_arquivo_var);
  INSERT IGNORE INTO classificacoes_tokens (nome_token, id_tipo_token, id_arquivo_fonte) VALUES ("3516", (SELECT id_chave_tipo_token FROM tipos_tokens WHERE nome_tipo_token = "numeral"), @id_arquivo_var);
INSERT IGNORE INTO tokens (nome_token, acentuada, id_tipo_token, id_tipo_token_spaCy, id_arquivo_fonte) VALUES ("3516", "3516", (SELECT id_tipo_token FROM classificacoes_tokens WHERE BINARY nome_token = "3516" UNION (SELECT id_chave_tipo_token FROM tipos_tokens WHERE nome_tipo_token = 'indeterminado') LIMIT 1), (SELECT id_chave_tipo_token FROM tipos_tokens WHERE nome_tipo_token = "numeral" UNION (SELECT id_chave_tipo_token FROM tipos_tokens WHERE nome_tipo_token = 'indeterminado') LIMIT 1), @id_arquivo_var);
  INSERT IGNORE INTO tokens (nome_token, acentuada, id_tipo_token, id_tipo_token_spaCy, id_arquivo_fonte) VALUES ("ead", "ead", (SELECT id_tipo_token FROM classificacoes_tokens WHERE BINARY nome_token = "ead" UNION (SELECT id_chave_tipo_token FROM tipos_tokens WHERE nome_tipo_token = 'indeterminado') LIMIT 1), (SELECT id_chave_tipo_token FROM tipos_tokens WHERE nome_tipo_token = "sigla" UNION (SELECT id_chave_tipo_token FROM tipos_tokens WHERE nome_tipo_token = 'indeterminado') LIMIT 1), @id_arquivo_var);
  INSERT IGNORE INTO tokens (nome_token, acentuada, id_tipo_token, id_tipo_token_spaCy, id_arquivo_fonte) VALUES ("noturno", "noturno", (SELECT id_tipo_token FROM classificacoes_tokens WHERE BINARY nome_token = "noturno" UNION (SELECT id_chave_tipo_token FROM tipos_tokens WHERE nome_tipo_token = 'indeterminado') LIMIT 1), (SELECT id_chave_tipo_token FROM tipos_tokens WHERE nome_tipo_token = "adjetivo" UNION (SELECT id_chave_tipo_token FROM tipos_tokens WHERE nome_tipo_token = 'indeterminado') LIMIT 1), @id_arquivo_var);
  INSERT IGNORE INTO classificacoes_tokens (nome_token, id_tipo_token, id_arquivo_fonte) VALUES ("80", (SELECT id_chave_tipo_token FROM tipos_tokens WHERE nome_tipo_token = "numeral"), @id_arquivo_var);
INSERT IGNORE INTO tokens (nome_token, acentuada, id_tipo_token, id_tipo_token_spaCy, id_arquivo_fonte) VALUES ("80", "80", (SELECT id_tipo_token FROM classificacoes_tokens WHERE BINARY nome_token = "80" UNION (SELECT id_chave_tipo_token FROM tipos_tokens WHERE nome_tipo_token = 'indeterminado') LIMIT 1), (SELECT id_chave_tipo_token FROM tipos_tokens WHERE nome_tipo_token = "numeral" UNION (SELECT id_chave_tipo_token FROM tipos_tokens WHERE nome_tipo_token = 'indeterminado') LIMIT 1), @id_arquivo_var);
  INSERT IGNORE INTO tokens (nome_token, acentuada, id_tipo_token, id_tipo_token_spaCy, id_arquivo_fonte) VALUES ("subsequente", "subsequente", (SELECT id_tipo_token FROM classificacoes_tokens WHERE BINARY nome_token = "subsequente" UNION (SELECT id_chave_tipo_token FROM tipos_tokens WHERE nome_tipo_token = 'indeterminado') LIMIT 1), (SELECT id_chave_tipo_token FROM tipos_tokens WHERE nome_tipo_token = "adverbio" UNION (SELECT id_chave_tipo_token FROM tipos_tokens WHERE nome_tipo_token = 'indeterminado') LIMIT 1), @id_arquivo_var);
  INSERT IGNORE INTO tokens (nome_token, acentuada, id_tipo_token, id_tipo_token_spaCy, id_arquivo_fonte) VALUES ("trabalho", "trabalho", (SELECT id_tipo_token FROM classificacoes_tokens WHERE BINARY nome_token = "trabalho" UNION (SELECT id_chave_tipo_token FROM tipos_tokens WHERE nome_tipo_token = 'indeterminado') LIMIT 1), (SELECT id_chave_tipo_token FROM tipos_tokens WHERE nome_tipo_token = "substantivo" UNION (SELECT id_chave_tipo_token FROM tipos_tokens WHERE nome_tipo_token = 'indeterminado') LIMIT 1), @id_arquivo_var);
  INSERT IGNORE INTO tokens (nome_token, acentuada, id_tipo_token, id_tipo_token_spaCy, id_arquivo_fonte) VALUES ("do", "do", (SELECT id_tipo_token FROM classificacoes_tokens WHERE BINARY nome_token = "do" UNION (SELECT id_chave_tipo_token FROM tipos_tokens WHERE nome_tipo_token = 'indeterminado') LIMIT 1), (SELECT id_chave_tipo_token FROM tipos_tokens WHERE nome_tipo_token = "preposicao" UNION (SELECT id_chave_tipo_token FROM tipos_tokens WHERE nome_tipo_token = 'indeterminado') LIMIT 1), @id_arquivo_var);
  INSERT IGNORE INTO tokens (nome_token, acentuada, id_tipo_token, id_tipo_token_spaCy, id_arquivo_fonte) VALUES ("seguranca", "segurança", (SELECT id_tipo_token FROM classificacoes_tokens WHERE BINARY nome_token = "segurança" UNION (SELECT id_chave_tipo_token FROM tipos_tokens WHERE nome_tipo_token = 'indeterminado') LIMIT 1), (SELECT id_chave_tipo_token FROM tipos_tokens WHERE nome_tipo_token = "substantivo" UNION (SELECT id_chave_tipo_token FROM tipos_tokens WHERE nome_tipo_token = 'indeterminado') LIMIT 1), @id_arquivo_var);
  INSERT IGNORE INTO classificacoes_tokens (nome_token, id_tipo_token, id_arquivo_fonte) VALUES ("3200", (SELECT id_chave_tipo_token FROM tipos_tokens WHERE nome_tipo_token = "numeral"), @id_arquivo_var);
INSERT IGNORE INTO tokens (nome_token, acentuada, id_tipo_token, id_tipo_token_spaCy, id_arquivo_fonte) VALUES ("3200", "3200", (SELECT id_tipo_token FROM classificacoes_tokens WHERE BINARY nome_token = "3200" UNION (SELECT id_chave_tipo_token FROM tipos_tokens WHERE nome_tipo_token = 'indeterminado') LIMIT 1), (SELECT id_chave_tipo_token FROM tipos_tokens WHERE nome_tipo_token = "numeral" UNION (SELECT id_chave_tipo_token FROM tipos_tokens WHERE nome_tipo_token = 'indeterminado') LIMIT 1), @id_arquivo_var);
  INSERT IGNORE INTO tokens (nome_token, acentuada, id_tipo_token, id_tipo_token_spaCy, id_arquivo_fonte) VALUES ("eletronica", "eletrônica", (SELECT id_tipo_token FROM classificacoes_tokens WHERE BINARY nome_token = "eletrônica" UNION (SELECT id_chave_tipo_token FROM tipos_tokens WHERE nome_tipo_token = 'indeterminado') LIMIT 1), (SELECT id_chave_tipo_token FROM tipos_tokens WHERE nome_tipo_token = "adjetivo" UNION (SELECT id_chave_tipo_token FROM tipos_tokens WHERE nome_tipo_token = 'indeterminado') LIMIT 1), @id_arquivo_var);
  INSERT IGNORE INTO tokens (nome_token, acentuada, id_tipo_token, id_tipo_token_spaCy, id_arquivo_fonte) VALUES ("eletronica", "eletrônica", (SELECT id_tipo_token FROM classificacoes_tokens WHERE BINARY nome_token = "eletrônica" UNION (SELECT id_chave_tipo_token FROM tipos_tokens WHERE nome_tipo_token = 'indeterminado') LIMIT 1), (SELECT id_chave_tipo_token FROM tipos_tokens WHERE nome_tipo_token = "substantivo" UNION (SELECT id_chave_tipo_token FROM tipos_tokens WHERE nome_tipo_token = 'indeterminado') LIMIT 1), @id_arquivo_var);
  INSERT IGNORE INTO tokens (nome_token, acentuada, id_tipo_token, id_tipo_token_spaCy, id_arquivo_fonte) VALUES ("ceilandia", "ceilândia", (SELECT id_tipo_token FROM classificacoes_tokens WHERE BINARY nome_token = "ceilândia" UNION (SELECT id_chave_tipo_token FROM tipos_tokens WHERE nome_tipo_token = 'indeterminado') LIMIT 1), (SELECT id_chave_tipo_token FROM tipos_tokens WHERE nome_tipo_token = "substantivo" UNION (SELECT id_chave_tipo_token FROM tipos_tokens WHERE nome_tipo_token = 'indeterminado') LIMIT 1), @id_arquivo_var);
  INSERT IGNORE INTO classificacoes_tokens (nome_token, id_tipo_token, id_arquivo_fonte) VALUES ("3670", (SELECT id_chave_tipo_token FROM tipos_tokens WHERE nome_tipo_token = "numeral"), @id_arquivo_var);
INSERT IGNORE INTO tokens (nome_token, acentuada, id_tipo_token, id_tipo_token_spaCy, id_arquivo_fonte) VALUES ("3670", "3670", (SELECT id_tipo_token FROM classificacoes_tokens WHERE BINARY nome_token = "3670" UNION (SELECT id_chave_tipo_token FROM tipos_tokens WHERE nome_tipo_token = 'indeterminado') LIMIT 1), (SELECT id_chave_tipo_token FROM tipos_tokens WHERE nome_tipo_token = "numeral" UNION (SELECT id_chave_tipo_token FROM tipos_tokens WHERE nome_tipo_token = 'indeterminado') LIMIT 1), @id_arquivo_var);
  INSERT IGNORE INTO tokens (nome_token, acentuada, id_tipo_token, id_tipo_token_spaCy, id_arquivo_fonte) VALUES ("comunicacao", "comunicação", (SELECT id_tipo_token FROM classificacoes_tokens WHERE BINARY nome_token = "comunicação" UNION (SELECT id_chave_tipo_token FROM tipos_tokens WHERE nome_tipo_token = 'indeterminado') LIMIT 1), (SELECT id_chave_tipo_token FROM tipos_tokens WHERE nome_tipo_token = "substantivo" UNION (SELECT id_chave_tipo_token FROM tipos_tokens WHERE nome_tipo_token = 'indeterminado') LIMIT 1), @id_arquivo_var);
  INSERT IGNORE INTO tokens (nome_token, acentuada, id_tipo_token, id_tipo_token_spaCy, id_arquivo_fonte) VALUES ("informacao", "informação", (SELECT id_tipo_token FROM classificacoes_tokens WHERE BINARY nome_token = "informação" UNION (SELECT id_chave_tipo_token FROM tipos_tokens WHERE nome_tipo_token = 'indeterminado') LIMIT 1), (SELECT id_chave_tipo_token FROM tipos_tokens WHERE nome_tipo_token = "substantivo" UNION (SELECT id_chave_tipo_token FROM tipos_tokens WHERE nome_tipo_token = 'indeterminado') LIMIT 1), @id_arquivo_var);
  INSERT IGNORE INTO tokens (nome_token, acentuada, id_tipo_token, id_tipo_token_spaCy, id_arquivo_fonte) VALUES ("tomc", "tomc", (SELECT id_tipo_token FROM classificacoes_tokens WHERE BINARY nome_token = "tomc" UNION (SELECT id_chave_tipo_token FROM tipos_tokens WHERE nome_tipo_token = 'indeterminado') LIMIT 1), (SELECT id_chave_tipo_token FROM tipos_tokens WHERE nome_tipo_token = "sigla" UNION (SELECT id_chave_tipo_token FROM tipos_tokens WHERE nome_tipo_token = 'indeterminado') LIMIT 1), @id_arquivo_var);
  INSERT IGNORE INTO tokens (nome_token, acentuada, id_tipo_token, id_tipo_token_spaCy, id_arquivo_fonte) VALUES ("tdsa", "tdsa", (SELECT id_tipo_token FROM classificacoes_tokens WHERE BINARY nome_token = "tdsa" UNION (SELECT id_chave_tipo_token FROM tipos_tokens WHERE nome_tipo_token = 'indeterminado') LIMIT 1), (SELECT id_chave_tipo_token FROM tipos_tokens WHERE nome_tipo_token = "sigla" UNION (SELECT id_chave_tipo_token FROM tipos_tokens WHERE nome_tipo_token = 'indeterminado') LIMIT 1), @id_arquivo_var);
  INSERT IGNORE INTO tokens (nome_token, acentuada, id_tipo_token, id_tipo_token_spaCy, id_arquivo_fonte) VALUES ("integral", "integral", (SELECT id_tipo_token FROM classificacoes_tokens WHERE BINARY nome_token = "integral" UNION (SELECT id_chave_tipo_token FROM tipos_tokens WHERE nome_tipo_token = 'indeterminado') LIMIT 1), (SELECT id_chave_tipo_token FROM tipos_tokens WHERE nome_tipo_token = "substantivo" UNION (SELECT id_chave_tipo_token FROM tipos_tokens WHERE nome_tipo_token = 'indeterminado') LIMIT 1), @id_arquivo_var);
  INSERT IGNORE INTO tokens (nome_token, acentuada, id_tipo_token, id_tipo_token_spaCy, id_arquivo_fonte) VALUES ("informatica", "informática", (SELECT id_tipo_token FROM classificacoes_tokens WHERE BINARY nome_token = "informática" UNION (SELECT id_chave_tipo_token FROM tipos_tokens WHERE nome_tipo_token = 'indeterminado') LIMIT 1), (SELECT id_chave_tipo_token FROM tipos_tokens WHERE nome_tipo_token = "substantivo" UNION (SELECT id_chave_tipo_token FROM tipos_tokens WHERE nome_tipo_token = 'indeterminado') LIMIT 1), @id_arquivo_var);
  INSERT IGNORE INTO classificacoes_tokens (nome_token, id_tipo_token, id_arquivo_fonte) VALUES ("3120", (SELECT id_chave_tipo_token FROM tipos_tokens WHERE nome_tipo_token = "numeral"), @id_arquivo_var);
INSERT IGNORE INTO tokens (nome_token, acentuada, id_tipo_token, id_tipo_token_spaCy, id_arquivo_fonte) VALUES ("3120", "3120", (SELECT id_tipo_token FROM classificacoes_tokens WHERE BINARY nome_token = "3120" UNION (SELECT id_chave_tipo_token FROM tipos_tokens WHERE nome_tipo_token = 'indeterminado') LIMIT 1), (SELECT id_chave_tipo_token FROM tipos_tokens WHERE nome_tipo_token = "numeral" UNION (SELECT id_chave_tipo_token FROM tipos_tokens WHERE nome_tipo_token = 'indeterminado') LIMIT 1), @id_arquivo_var);
  INSERT IGNORE INTO tokens (nome_token, acentuada, id_tipo_token, id_tipo_token_spaCy, id_arquivo_fonte) VALUES ("anual", "anual", (SELECT id_tipo_token FROM classificacoes_tokens WHERE BINARY nome_token = "anual" UNION (SELECT id_chave_tipo_token FROM tipos_tokens WHERE nome_tipo_token = 'indeterminado') LIMIT 1), (SELECT id_chave_tipo_token FROM tipos_tokens WHERE nome_tipo_token = "adjetivo" UNION (SELECT id_chave_tipo_token FROM tipos_tokens WHERE nome_tipo_token = 'indeterminado') LIMIT 1), @id_arquivo_var);
  INSERT IGNORE INTO tokens (nome_token, acentuada, id_tipo_token, id_tipo_token_spaCy, id_arquivo_fonte) VALUES ("lazer", "lazer", (SELECT id_tipo_token FROM classificacoes_tokens WHERE BINARY nome_token = "lazer" UNION (SELECT id_chave_tipo_token FROM tipos_tokens WHERE nome_tipo_token = 'indeterminado') LIMIT 1), (SELECT id_chave_tipo_token FROM tipos_tokens WHERE nome_tipo_token = "substantivo" UNION (SELECT id_chave_tipo_token FROM tipos_tokens WHERE nome_tipo_token = 'indeterminado') LIMIT 1), @id_arquivo_var);
  INSERT IGNORE INTO tokens (nome_token, acentuada, id_tipo_token, id_tipo_token_spaCy, id_arquivo_fonte) VALUES ("e", "e", (SELECT id_tipo_token FROM classificacoes_tokens WHERE BINARY nome_token = "e" UNION (SELECT id_chave_tipo_token FROM tipos_tokens WHERE nome_tipo_token = 'indeterminado') LIMIT 1), (SELECT id_chave_tipo_token FROM tipos_tokens WHERE nome_tipo_token = "substantivo" UNION (SELECT id_chave_tipo_token FROM tipos_tokens WHERE nome_tipo_token = 'indeterminado') LIMIT 1), @id_arquivo_var);
  INSERT IGNORE INTO tokens (nome_token, acentuada, id_tipo_token, id_tipo_token_spaCy, id_arquivo_fonte) VALUES ("hospitalidade", "hospitalidade", (SELECT id_tipo_token FROM classificacoes_tokens WHERE BINARY nome_token = "hospitalidade" UNION (SELECT id_chave_tipo_token FROM tipos_tokens WHERE nome_tipo_token = 'indeterminado') LIMIT 1), (SELECT id_chave_tipo_token FROM tipos_tokens WHERE nome_tipo_token = "substantivo" UNION (SELECT id_chave_tipo_token FROM tipos_tokens WHERE nome_tipo_token = 'indeterminado') LIMIT 1), @id_arquivo_var);
  INSERT IGNORE INTO tokens (nome_token, acentuada, id_tipo_token, id_tipo_token_spaCy, id_arquivo_fonte) VALUES (",", ",", (SELECT id_tipo_token FROM classificacoes_tokens WHERE BINARY nome_token = "," UNION (SELECT id_chave_tipo_token FROM tipos_tokens WHERE nome_tipo_token = 'indeterminado') LIMIT 1), (SELECT id_chave_tipo_token FROM tipos_tokens WHERE nome_tipo_token = "pontuacao" UNION (SELECT id_chave_tipo_token FROM tipos_tokens WHERE nome_tipo_token = 'indeterminado') LIMIT 1), @id_arquivo_var);
  INSERT IGNORE INTO tokens (nome_token, acentuada, id_tipo_token, id_tipo_token_spaCy, id_arquivo_fonte) VALUES ("turismo", "turismo", (SELECT id_tipo_token FROM classificacoes_tokens WHERE BINARY nome_token = "turismo" UNION (SELECT id_chave_tipo_token FROM tipos_tokens WHERE nome_tipo_token = 'indeterminado') LIMIT 1), (SELECT id_chave_tipo_token FROM tipos_tokens WHERE nome_tipo_token = "substantivo" UNION (SELECT id_chave_tipo_token FROM tipos_tokens WHERE nome_tipo_token = 'indeterminado') LIMIT 1), @id_arquivo_var);
  INSERT IGNORE INTO tokens (nome_token, acentuada, id_tipo_token, id_tipo_token_spaCy, id_arquivo_fonte) VALUES ("organizador", "organizador", (SELECT id_tipo_token FROM classificacoes_tokens WHERE BINARY nome_token = "organizador" UNION (SELECT id_chave_tipo_token FROM tipos_tokens WHERE nome_tipo_token = 'indeterminado') LIMIT 1), (SELECT id_chave_tipo_token FROM tipos_tokens WHERE nome_tipo_token = "substantivo" UNION (SELECT id_chave_tipo_token FROM tipos_tokens WHERE nome_tipo_token = 'indeterminado') LIMIT 1), @id_arquivo_var);
  INSERT IGNORE INTO tokens (nome_token, acentuada, id_tipo_token, id_tipo_token_spaCy, id_arquivo_fonte) VALUES ("/", "/", (SELECT id_tipo_token FROM classificacoes_tokens WHERE BINARY nome_token = "/" UNION (SELECT id_chave_tipo_token FROM tipos_tokens WHERE nome_tipo_token = 'indeterminado') LIMIT 1), (SELECT id_chave_tipo_token FROM tipos_tokens WHERE nome_tipo_token = "pontuacao" UNION (SELECT id_chave_tipo_token FROM tipos_tokens WHERE nome_tipo_token = 'indeterminado') LIMIT 1), @id_arquivo_var);
  INSERT IGNORE INTO tokens (nome_token, acentuada, id_tipo_token, id_tipo_token_spaCy, id_arquivo_fonte) VALUES ("evento", "evento", (SELECT id_tipo_token FROM classificacoes_tokens WHERE BINARY nome_token = "evento" UNION (SELECT id_chave_tipo_token FROM tipos_tokens WHERE nome_tipo_token = 'indeterminado') LIMIT 1), (SELECT id_chave_tipo_token FROM tipos_tokens WHERE nome_tipo_token = "substantivo" UNION (SELECT id_chave_tipo_token FROM tipos_tokens WHERE nome_tipo_token = 'indeterminado') LIMIT 1), @id_arquivo_var);
  INSERT IGNORE INTO tokens (nome_token, acentuada, id_tipo_token, id_tipo_token_spaCy, id_arquivo_fonte) VALUES ("de", "de", (SELECT id_tipo_token FROM classificacoes_tokens WHERE BINARY nome_token = "de" UNION (SELECT id_chave_tipo_token FROM tipos_tokens WHERE nome_tipo_token = 'indeterminado') LIMIT 1), (SELECT id_chave_tipo_token FROM tipos_tokens WHERE nome_tipo_token = "preposicao" UNION (SELECT id_chave_tipo_token FROM tipos_tokens WHERE nome_tipo_token = 'indeterminado') LIMIT 1), @id_arquivo_var);
  INSERT IGNORE INTO tokens (nome_token, acentuada, id_tipo_token, id_tipo_token_spaCy, id_arquivo_fonte) VALUES ("recepcionista", "recepcionista", (SELECT id_tipo_token FROM classificacoes_tokens WHERE BINARY nome_token = "recepcionista" UNION (SELECT id_chave_tipo_token FROM tipos_tokens WHERE nome_tipo_token = 'indeterminado') LIMIT 1), (SELECT id_chave_tipo_token FROM tipos_tokens WHERE nome_tipo_token = "adjetivo" UNION (SELECT id_chave_tipo_token FROM tipos_tokens WHERE nome_tipo_token = 'indeterminado') LIMIT 1), @id_arquivo_var);
  INSERT IGNORE INTO tokens (nome_token, acentuada, id_tipo_token, id_tipo_token_spaCy, id_arquivo_fonte) VALUES ("presencial", "presencial", (SELECT id_tipo_token FROM classificacoes_tokens WHERE BINARY nome_token = "presencial" UNION (SELECT id_chave_tipo_token FROM tipos_tokens WHERE nome_tipo_token = 'indeterminado') LIMIT 1), (SELECT id_chave_tipo_token FROM tipos_tokens WHERE nome_tipo_token = "adjetivo" UNION (SELECT id_chave_tipo_token FROM tipos_tokens WHERE nome_tipo_token = 'indeterminado') LIMIT 1), @id_arquivo_var);
  INSERT IGNORE INTO tokens (nome_token, acentuada, id_tipo_token, id_tipo_token_spaCy, id_arquivo_fonte) VALUES ("vespertino", "vespertino", (SELECT id_tipo_token FROM classificacoes_tokens WHERE BINARY nome_token = "vespertino" UNION (SELECT id_chave_tipo_token FROM tipos_tokens WHERE nome_tipo_token = 'indeterminado') LIMIT 1), (SELECT id_chave_tipo_token FROM tipos_tokens WHERE nome_tipo_token = "substantivo" UNION (SELECT id_chave_tipo_token FROM tipos_tokens WHERE nome_tipo_token = 'indeterminado') LIMIT 1), @id_arquivo_var);
  INSERT IGNORE INTO classificacoes_tokens (nome_token, id_tipo_token, id_arquivo_fonte) VALUES ("60", (SELECT id_chave_tipo_token FROM tipos_tokens WHERE nome_tipo_token = "numeral"), @id_arquivo_var);
INSERT IGNORE INTO tokens (nome_token, acentuada, id_tipo_token, id_tipo_token_spaCy, id_arquivo_fonte) VALUES ("60", "60", (SELECT id_tipo_token FROM classificacoes_tokens WHERE BINARY nome_token = "60" UNION (SELECT id_chave_tipo_token FROM tipos_tokens WHERE nome_tipo_token = 'indeterminado') LIMIT 1), (SELECT id_chave_tipo_token FROM tipos_tokens WHERE nome_tipo_token = "numeral" UNION (SELECT id_chave_tipo_token FROM tipos_tokens WHERE nome_tipo_token = 'indeterminado') LIMIT 1), @id_arquivo_var);
  INSERT IGNORE INTO tokens (nome_token, acentuada, id_tipo_token, id_tipo_token_spaCy, id_arquivo_fonte) VALUES ("medio", "médio", (SELECT id_tipo_token FROM classificacoes_tokens WHERE BINARY nome_token = "médio" UNION (SELECT id_chave_tipo_token FROM tipos_tokens WHERE nome_tipo_token = 'indeterminado') LIMIT 1), (SELECT id_chave_tipo_token FROM tipos_tokens WHERE nome_tipo_token = "adjetivo" UNION (SELECT id_chave_tipo_token FROM tipos_tokens WHERE nome_tipo_token = 'indeterminado') LIMIT 1), @id_arquivo_var);
  INSERT IGNORE INTO tokens (nome_token, acentuada, id_tipo_token, id_tipo_token_spaCy, id_arquivo_fonte) VALUES ("ensino", "ensino", (SELECT id_tipo_token FROM classificacoes_tokens WHERE BINARY nome_token = "ensino" UNION (SELECT id_chave_tipo_token FROM tipos_tokens WHERE nome_tipo_token = 'indeterminado') LIMIT 1), (SELECT id_chave_tipo_token FROM tipos_tokens WHERE nome_tipo_token = "substantivo" UNION (SELECT id_chave_tipo_token FROM tipos_tokens WHERE nome_tipo_token = 'indeterminado') LIMIT 1), @id_arquivo_var);
  INSERT IGNORE INTO tokens (nome_token, acentuada, id_tipo_token, id_tipo_token_spaCy, id_arquivo_fonte) VALUES ("ao", "ao", (SELECT id_tipo_token FROM classificacoes_tokens WHERE BINARY nome_token = "ao" UNION (SELECT id_chave_tipo_token FROM tipos_tokens WHERE nome_tipo_token = 'indeterminado') LIMIT 1), (SELECT id_chave_tipo_token FROM tipos_tokens WHERE nome_tipo_token = "preposicao" UNION (SELECT id_chave_tipo_token FROM tipos_tokens WHERE nome_tipo_token = 'indeterminado') LIMIT 1), @id_arquivo_var);
  INSERT IGNORE INTO tokens (nome_token, acentuada, id_tipo_token, id_tipo_token_spaCy, id_arquivo_fonte) VALUES ("integrado", "integrado", (SELECT id_tipo_token FROM classificacoes_tokens WHERE BINARY nome_token = "integrado" UNION (SELECT id_chave_tipo_token FROM tipos_tokens WHERE nome_tipo_token = 'indeterminado') LIMIT 1), (SELECT id_chave_tipo_token FROM tipos_tokens WHERE nome_tipo_token = "verbo" UNION (SELECT id_chave_tipo_token FROM tipos_tokens WHERE nome_tipo_token = 'indeterminado') LIMIT 1), @id_arquivo_var);
  INSERT IGNORE INTO tokens (nome_token, acentuada, id_tipo_token, id_tipo_token_spaCy, id_arquivo_fonte) VALUES ("eventos", "eventos", (SELECT id_tipo_token FROM classificacoes_tokens WHERE BINARY nome_token = "eventos" UNION (SELECT id_chave_tipo_token FROM tipos_tokens WHERE nome_tipo_token = 'indeterminado') LIMIT 1), (SELECT id_chave_tipo_token FROM tipos_tokens WHERE nome_tipo_token = "substantivo" UNION (SELECT id_chave_tipo_token FROM tipos_tokens WHERE nome_tipo_token = 'indeterminado') LIMIT 1), @id_arquivo_var);
  INSERT IGNORE INTO tokens (nome_token, acentuada, id_tipo_token, id_tipo_token_spaCy, id_arquivo_fonte) VALUES ("em", "em", (SELECT id_tipo_token FROM classificacoes_tokens WHERE BINARY nome_token = "em" UNION (SELECT id_chave_tipo_token FROM tipos_tokens WHERE nome_tipo_token = 'indeterminado') LIMIT 1), (SELECT id_chave_tipo_token FROM tipos_tokens WHERE nome_tipo_token = "preposicao" UNION (SELECT id_chave_tipo_token FROM tipos_tokens WHERE nome_tipo_token = 'indeterminado') LIMIT 1), @id_arquivo_var);
  INSERT IGNORE INTO tokens (nome_token, acentuada, id_tipo_token, id_tipo_token_spaCy, id_arquivo_fonte) VALUES ("tecnico", "técnico", (SELECT id_tipo_token FROM classificacoes_tokens WHERE BINARY nome_token = "técnico" UNION (SELECT id_chave_tipo_token FROM tipos_tokens WHERE nome_tipo_token = 'indeterminado') LIMIT 1), (SELECT id_chave_tipo_token FROM tipos_tokens WHERE nome_tipo_token = "adjetivo" UNION (SELECT id_chave_tipo_token FROM tipos_tokens WHERE nome_tipo_token = 'indeterminado') LIMIT 1), @id_arquivo_var);
  INSERT IGNORE INTO tokens (nome_token, acentuada, id_tipo_token, id_tipo_token_spaCy, id_arquivo_fonte) VALUES ("curso", "curso", (SELECT id_tipo_token FROM classificacoes_tokens WHERE BINARY nome_token = "curso" UNION (SELECT id_chave_tipo_token FROM tipos_tokens WHERE nome_tipo_token = 'indeterminado') LIMIT 1), (SELECT id_chave_tipo_token FROM tipos_tokens WHERE nome_tipo_token = "substantivo" UNION (SELECT id_chave_tipo_token FROM tipos_tokens WHERE nome_tipo_token = 'indeterminado') LIMIT 1), @id_arquivo_var);
  INSERT IGNORE INTO tokens (nome_token, acentuada, id_tipo_token, id_tipo_token_spaCy, id_arquivo_fonte) VALUES ("brasilia", "brasília", (SELECT id_tipo_token FROM classificacoes_tokens WHERE BINARY nome_token = "brasília" UNION (SELECT id_chave_tipo_token FROM tipos_tokens WHERE nome_tipo_token = 'indeterminado') LIMIT 1), (SELECT id_chave_tipo_token FROM tipos_tokens WHERE nome_tipo_token = "verbo" UNION (SELECT id_chave_tipo_token FROM tipos_tokens WHERE nome_tipo_token = 'indeterminado') LIMIT 1), @id_arquivo_var);
  INSERT IGNORE INTO tokens (nome_token, acentuada, id_tipo_token, id_tipo_token_spaCy, id_arquivo_fonte) VALUES ("df", "df", (SELECT id_tipo_token FROM classificacoes_tokens WHERE BINARY nome_token = "df" UNION (SELECT id_chave_tipo_token FROM tipos_tokens WHERE nome_tipo_token = 'indeterminado') LIMIT 1), (SELECT id_chave_tipo_token FROM tipos_tokens WHERE nome_tipo_token = "sigla" UNION (SELECT id_chave_tipo_token FROM tipos_tokens WHERE nome_tipo_token = 'indeterminado') LIMIT 1), @id_arquivo_var);
  INSERT IGNORE INTO tipos_cursos (nome_tipo_curso, id_arquivo_fonte) VALUES ("curso_técnico", @id_arquivo_var);
INSERT INTO cursos (nome_curso, id_tipo_curso, id_instituicao, id_arquivo_fonte) VALUES ("ifb_1_1", (select id_chave_tipo_curso from tipos_cursos where nome_tipo_curso = "curso_técnico"), (SELECT id_chave_instituicao FROM instituicoes WHERE identificador = "ifb"), @id_arquivo_var);
INSERT INTO cursos (nome_curso, id_tipo_curso, id_instituicao, id_arquivo_fonte) VALUES ("ifb_1_2", (select id_chave_tipo_curso from tipos_cursos where nome_tipo_curso = "curso_técnico"), (SELECT id_chave_instituicao FROM instituicoes WHERE identificador = "ifb"), @id_arquivo_var);
INSERT INTO cursos (nome_curso, id_tipo_curso, id_instituicao, id_arquivo_fonte) VALUES ("ifb_1_3", (select id_chave_tipo_curso from tipos_cursos where nome_tipo_curso = "curso_técnico"), (SELECT id_chave_instituicao FROM instituicoes WHERE identificador = "ifb"), @id_arquivo_var);
INSERT INTO cursos (nome_curso, id_tipo_curso, id_instituicao, id_arquivo_fonte) VALUES ("ifb_1_4", (select id_chave_tipo_curso from tipos_cursos where nome_tipo_curso = "curso_técnico"), (SELECT id_chave_instituicao FROM instituicoes WHERE identificador = "ifb"), @id_arquivo_var);
INSERT INTO cursos (nome_curso, id_tipo_curso, id_instituicao, id_arquivo_fonte) VALUES ("ifb_1_5", (select id_chave_tipo_curso from tipos_cursos where nome_tipo_curso = "curso_técnico"), (SELECT id_chave_instituicao FROM instituicoes WHERE identificador = "ifb"), @id_arquivo_var);
INSERT INTO cursos (nome_curso, id_tipo_curso, id_instituicao, id_arquivo_fonte) VALUES ("ifb_1_6", (select id_chave_tipo_curso from tipos_cursos where nome_tipo_curso = "curso_técnico"), (SELECT id_chave_instituicao FROM instituicoes WHERE identificador = "ifb"), @id_arquivo_var);
INSERT INTO cursos (nome_curso, id_tipo_curso, id_instituicao, id_arquivo_fonte) VALUES ("ifb_1_7", (select id_chave_tipo_curso from tipos_cursos where nome_tipo_curso = "curso_técnico"), (SELECT id_chave_instituicao FROM instituicoes WHERE identificador = "ifb"), @id_arquivo_var);
INSERT INTO cursos (nome_curso, id_tipo_curso, id_instituicao, id_arquivo_fonte) VALUES ("ifb_1_8", (select id_chave_tipo_curso from tipos_cursos where nome_tipo_curso = "curso_técnico"), (SELECT id_chave_instituicao FROM instituicoes WHERE identificador = "ifb"), @id_arquivo_var);
INSERT INTO cursos (nome_curso, id_tipo_curso, id_instituicao, id_arquivo_fonte) VALUES ("ifb_1_9", (select id_chave_tipo_curso from tipos_cursos where nome_tipo_curso = "curso_técnico"), (SELECT id_chave_instituicao FROM instituicoes WHERE identificador = "ifb"), @id_arquivo_var);
INSERT INTO cursos (nome_curso, id_tipo_curso, id_instituicao, id_arquivo_fonte) VALUES ("ifb_1_10", (select id_chave_tipo_curso from tipos_cursos where nome_tipo_curso = "curso_técnico"), (SELECT id_chave_instituicao FROM instituicoes WHERE identificador = "ifb"), @id_arquivo_var);
INSERT INTO cursos (nome_curso, id_tipo_curso, id_instituicao, id_arquivo_fonte) VALUES ("ifb_1_11", (select id_chave_tipo_curso from tipos_cursos where nome_tipo_curso = "curso_técnico"), (SELECT id_chave_instituicao FROM instituicoes WHERE identificador = "ifb"), @id_arquivo_var);
INSERT INTO cursos (nome_curso, id_tipo_curso, id_instituicao, id_arquivo_fonte) VALUES ("ifb_1_12", (select id_chave_tipo_curso from tipos_cursos where nome_tipo_curso = "curso_técnico"), (SELECT id_chave_instituicao FROM instituicoes WHERE identificador = "ifb"), @id_arquivo_var);
INSERT INTO cursos (nome_curso, id_tipo_curso, id_instituicao, id_arquivo_fonte) VALUES ("ifb_1_13", (select id_chave_tipo_curso from tipos_cursos where nome_tipo_curso = "curso_técnico"), (SELECT id_chave_instituicao FROM instituicoes WHERE identificador = "ifb"), @id_arquivo_var);
INSERT INTO cursos (nome_curso, id_tipo_curso, id_instituicao, id_arquivo_fonte) VALUES ("ifb_1_14", (select id_chave_tipo_curso from tipos_cursos where nome_tipo_curso = "curso_técnico"), (SELECT id_chave_instituicao FROM instituicoes WHERE identificador = "ifb"), @id_arquivo_var);
INSERT INTO cursos (nome_curso, id_tipo_curso, id_instituicao, id_arquivo_fonte) VALUES ("ifb_1_15", (select id_chave_tipo_curso from tipos_cursos where nome_tipo_curso = "curso_técnico"), (SELECT id_chave_instituicao FROM instituicoes WHERE identificador = "ifb"), @id_arquivo_var);
INSERT INTO cursos (nome_curso, id_tipo_curso, id_instituicao, id_arquivo_fonte) VALUES ("ifb_1_16", (select id_chave_tipo_curso from tipos_cursos where nome_tipo_curso = "curso_técnico"), (SELECT id_chave_instituicao FROM instituicoes WHERE identificador = "ifb"), @id_arquivo_var);
INSERT INTO cursos (nome_curso, id_tipo_curso, id_instituicao, id_arquivo_fonte) VALUES ("ifb_1_17", (select id_chave_tipo_curso from tipos_cursos where nome_tipo_curso = "curso_técnico"), (SELECT id_chave_instituicao FROM instituicoes WHERE identificador = "ifb"), @id_arquivo_var);
INSERT IGNORE INTO titulos (nome_titulo, id_tipo_elemento_sintatico, id_arquivo_fonte) VALUES ("df", (SELECT id_chave_tipo_elemento_sintatico FROM tipos_elementos_sintaticos WHERE nome_tipo_elemento_sintatico = "locucao substantiva"), @id_arquivo_var);
 INSERT IGNORE INTO titulos (nome_titulo, id_tipo_elemento_sintatico, id_arquivo_fonte) VALUES ("brasília", (SELECT id_chave_tipo_elemento_sintatico FROM tipos_elementos_sintaticos WHERE nome_tipo_elemento_sintatico = "locucao substantiva"), @id_arquivo_var);
 INSERT IGNORE INTO titulos (nome_titulo, id_tipo_elemento_sintatico, id_arquivo_fonte) VALUES ("curso_técnico", (SELECT id_chave_tipo_elemento_sintatico FROM tipos_elementos_sintaticos WHERE nome_tipo_elemento_sintatico = "locucao substantiva"), @id_arquivo_var);
 INSERT IGNORE INTO titulos (nome_titulo, id_tipo_elemento_sintatico, id_arquivo_fonte) VALUES ("técnico_em_eventos", (SELECT id_chave_tipo_elemento_sintatico FROM tipos_elementos_sintaticos WHERE nome_tipo_elemento_sintatico = "locucao substantiva"), @id_arquivo_var);
 INSERT IGNORE INTO titulos (nome_titulo, id_tipo_elemento_sintatico, id_arquivo_fonte) VALUES ("integrado_ao_ensino_médio", (SELECT id_chave_tipo_elemento_sintatico FROM tipos_elementos_sintaticos WHERE nome_tipo_elemento_sintatico = "locucao substantiva"), @id_arquivo_var);
 INSERT IGNORE INTO titulos (nome_titulo, id_tipo_elemento_sintatico, id_arquivo_fonte) VALUES ("60", (SELECT id_chave_tipo_elemento_sintatico FROM tipos_elementos_sintaticos WHERE nome_tipo_elemento_sintatico = "locucao substantiva"), @id_arquivo_var);
 INSERT IGNORE INTO titulos (nome_titulo, id_tipo_elemento_sintatico, id_arquivo_fonte) VALUES ("vespertino", (SELECT id_chave_tipo_elemento_sintatico FROM tipos_elementos_sintaticos WHERE nome_tipo_elemento_sintatico = "locucao substantiva"), @id_arquivo_var);
 INSERT IGNORE INTO titulos (nome_titulo, id_tipo_elemento_sintatico, id_arquivo_fonte) VALUES ("presencial", (SELECT id_chave_tipo_elemento_sintatico FROM tipos_elementos_sintaticos WHERE nome_tipo_elemento_sintatico = "locucao substantiva"), @id_arquivo_var);
 INSERT IGNORE INTO titulos (nome_titulo, id_tipo_elemento_sintatico, id_arquivo_fonte) VALUES ("recepcionista_de_evento_/_organizador_de_eventos", (SELECT id_chave_tipo_elemento_sintatico FROM tipos_elementos_sintaticos WHERE nome_tipo_elemento_sintatico = "locucao substantiva"), @id_arquivo_var);
 INSERT IGNORE INTO titulos (nome_titulo, id_tipo_elemento_sintatico, id_arquivo_fonte) VALUES ("turismo_,_hospitalidade_e_lazer", (SELECT id_chave_tipo_elemento_sintatico FROM tipos_elementos_sintaticos WHERE nome_tipo_elemento_sintatico = "locucao substantiva"), @id_arquivo_var);
 INSERT IGNORE INTO titulos (nome_titulo, id_tipo_elemento_sintatico, id_arquivo_fonte) VALUES ("anual", (SELECT id_chave_tipo_elemento_sintatico FROM tipos_elementos_sintaticos WHERE nome_tipo_elemento_sintatico = "locucao substantiva"), @id_arquivo_var);
 INSERT IGNORE INTO titulos (nome_titulo, id_tipo_elemento_sintatico, id_arquivo_fonte) VALUES ("3120", (SELECT id_chave_tipo_elemento_sintatico FROM tipos_elementos_sintaticos WHERE nome_tipo_elemento_sintatico = "locucao substantiva"), @id_arquivo_var);
 INSERT IGNORE INTO titulos (nome_titulo, id_tipo_elemento_sintatico, id_arquivo_fonte) VALUES ("técnico_em_informática", (SELECT id_chave_tipo_elemento_sintatico FROM tipos_elementos_sintaticos WHERE nome_tipo_elemento_sintatico = "locucao substantiva"), @id_arquivo_var);
 INSERT IGNORE INTO titulos (nome_titulo, id_tipo_elemento_sintatico, id_arquivo_fonte) VALUES ("integral", (SELECT id_chave_tipo_elemento_sintatico FROM tipos_elementos_sintaticos WHERE nome_tipo_elemento_sintatico = "locucao substantiva"), @id_arquivo_var);
 INSERT IGNORE INTO titulos (nome_titulo, id_tipo_elemento_sintatico, id_arquivo_fonte) VALUES ("técnico_em_informática_/_tdsa_/_tomc", (SELECT id_chave_tipo_elemento_sintatico FROM tipos_elementos_sintaticos WHERE nome_tipo_elemento_sintatico = "locucao substantiva"), @id_arquivo_var);
 INSERT IGNORE INTO titulos (nome_titulo, id_tipo_elemento_sintatico, id_arquivo_fonte) VALUES ("informação_e_comunicação", (SELECT id_chave_tipo_elemento_sintatico FROM tipos_elementos_sintaticos WHERE nome_tipo_elemento_sintatico = "locucao substantiva"), @id_arquivo_var);
 INSERT IGNORE INTO titulos (nome_titulo, id_tipo_elemento_sintatico, id_arquivo_fonte) VALUES ("3670", (SELECT id_chave_tipo_elemento_sintatico FROM tipos_elementos_sintaticos WHERE nome_tipo_elemento_sintatico = "locucao substantiva"), @id_arquivo_var);
 INSERT IGNORE INTO titulos (nome_titulo, id_tipo_elemento_sintatico, id_arquivo_fonte) VALUES ("ceilândia", (SELECT id_chave_tipo_elemento_sintatico FROM tipos_elementos_sintaticos WHERE nome_tipo_elemento_sintatico = "locucao substantiva"), @id_arquivo_var);
 INSERT IGNORE INTO titulos (nome_titulo, id_tipo_elemento_sintatico, id_arquivo_fonte) VALUES ("técnico_em_eletrônica", (SELECT id_chave_tipo_elemento_sintatico FROM tipos_elementos_sintaticos WHERE nome_tipo_elemento_sintatico = "locucao substantiva"), @id_arquivo_var);
 INSERT IGNORE INTO titulos (nome_titulo, id_tipo_elemento_sintatico, id_arquivo_fonte) VALUES ("eletrônica", (SELECT id_chave_tipo_elemento_sintatico FROM tipos_elementos_sintaticos WHERE nome_tipo_elemento_sintatico = "locucao substantiva"), @id_arquivo_var);
 INSERT IGNORE INTO titulos (nome_titulo, id_tipo_elemento_sintatico, id_arquivo_fonte) VALUES ("3200", (SELECT id_chave_tipo_elemento_sintatico FROM tipos_elementos_sintaticos WHERE nome_tipo_elemento_sintatico = "locucao substantiva"), @id_arquivo_var);
 INSERT IGNORE INTO titulos (nome_titulo, id_tipo_elemento_sintatico, id_arquivo_fonte) VALUES ("técnico_em_segurança_do_trabalho", (SELECT id_chave_tipo_elemento_sintatico FROM tipos_elementos_sintaticos WHERE nome_tipo_elemento_sintatico = "locucao substantiva"), @id_arquivo_var);
 INSERT IGNORE INTO titulos (nome_titulo, id_tipo_elemento_sintatico, id_arquivo_fonte) VALUES ("subsequente", (SELECT id_chave_tipo_elemento_sintatico FROM tipos_elementos_sintaticos WHERE nome_tipo_elemento_sintatico = "locucao substantiva"), @id_arquivo_var);
 INSERT IGNORE INTO titulos (nome_titulo, id_tipo_elemento_sintatico, id_arquivo_fonte) VALUES ("80", (SELECT id_chave_tipo_elemento_sintatico FROM tipos_elementos_sintaticos WHERE nome_tipo_elemento_sintatico = "locucao substantiva"), @id_arquivo_var);
 INSERT IGNORE INTO titulos (nome_titulo, id_tipo_elemento_sintatico, id_arquivo_fonte) VALUES ("noturno", (SELECT id_chave_tipo_elemento_sintatico FROM tipos_elementos_sintaticos WHERE nome_tipo_elemento_sintatico = "locucao substantiva"), @id_arquivo_var);
 INSERT IGNORE INTO titulos (nome_titulo, id_tipo_elemento_sintatico, id_arquivo_fonte) VALUES ("ead", (SELECT id_chave_tipo_elemento_sintatico FROM tipos_elementos_sintaticos WHERE nome_tipo_elemento_sintatico = "locucao substantiva"), @id_arquivo_var);
 INSERT IGNORE INTO titulos (nome_titulo, id_tipo_elemento_sintatico, id_arquivo_fonte) VALUES ("3516_-_05", (SELECT id_chave_tipo_elemento_sintatico FROM tipos_elementos_sintaticos WHERE nome_tipo_elemento_sintatico = "locucao substantiva"), @id_arquivo_var);
 INSERT IGNORE INTO titulos (nome_titulo, id_tipo_elemento_sintatico, id_arquivo_fonte) VALUES ("máx_._8_semestres", (SELECT id_chave_tipo_elemento_sintatico FROM tipos_elementos_sintaticos WHERE nome_tipo_elemento_sintatico = "locucao substantiva"), @id_arquivo_var);
 INSERT IGNORE INTO titulos (nome_titulo, id_tipo_elemento_sintatico, id_arquivo_fonte) VALUES ("segurança", (SELECT id_chave_tipo_elemento_sintatico FROM tipos_elementos_sintaticos WHERE nome_tipo_elemento_sintatico = "locucao substantiva"), @id_arquivo_var);
 INSERT IGNORE INTO titulos (nome_titulo, id_tipo_elemento_sintatico, id_arquivo_fonte) VALUES ("1200", (SELECT id_chave_tipo_elemento_sintatico FROM tipos_elementos_sintaticos WHERE nome_tipo_elemento_sintatico = "locucao substantiva"), @id_arquivo_var);
 INSERT IGNORE INTO titulos (nome_titulo, id_tipo_elemento_sintatico, id_arquivo_fonte) VALUES ("estrutural", (SELECT id_chave_tipo_elemento_sintatico FROM tipos_elementos_sintaticos WHERE nome_tipo_elemento_sintatico = "locucao substantiva"), @id_arquivo_var);
 INSERT IGNORE INTO titulos (nome_titulo, id_tipo_elemento_sintatico, id_arquivo_fonte) VALUES ("técnico_em_manutenção_automotiva", (SELECT id_chave_tipo_elemento_sintatico FROM tipos_elementos_sintaticos WHERE nome_tipo_elemento_sintatico = "locucao substantiva"), @id_arquivo_var);
 INSERT IGNORE INTO titulos (nome_titulo, id_tipo_elemento_sintatico, id_arquivo_fonte) VALUES ("3143_-_05_/_9144_-_05_/_7254_-_15_/_9531_-_15", (SELECT id_chave_tipo_elemento_sintatico FROM tipos_elementos_sintaticos WHERE nome_tipo_elemento_sintatico = "locucao substantiva"), @id_arquivo_var);
 INSERT IGNORE INTO titulos (nome_titulo, id_tipo_elemento_sintatico, id_arquivo_fonte) VALUES ("controle_e_processos_industriais", (SELECT id_chave_tipo_elemento_sintatico FROM tipos_elementos_sintaticos WHERE nome_tipo_elemento_sintatico = "locucao substantiva"), @id_arquivo_var);
 INSERT IGNORE INTO titulos (nome_titulo, id_tipo_elemento_sintatico, id_arquivo_fonte) VALUES ("4232", (SELECT id_chave_tipo_elemento_sintatico FROM tipos_elementos_sintaticos WHERE nome_tipo_elemento_sintatico = "locucao substantiva"), @id_arquivo_var);
 INSERT IGNORE INTO titulos (nome_titulo, id_tipo_elemento_sintatico, id_arquivo_fonte) VALUES ("técnico_em_meio_ambiente", (SELECT id_chave_tipo_elemento_sintatico FROM tipos_elementos_sintaticos WHERE nome_tipo_elemento_sintatico = "locucao substantiva"), @id_arquivo_var);
 INSERT IGNORE INTO titulos (nome_titulo, id_tipo_elemento_sintatico, id_arquivo_fonte) VALUES ("40", (SELECT id_chave_tipo_elemento_sintatico FROM tipos_elementos_sintaticos WHERE nome_tipo_elemento_sintatico = "locucao substantiva"), @id_arquivo_var);
 INSERT IGNORE INTO titulos (nome_titulo, id_tipo_elemento_sintatico, id_arquivo_fonte) VALUES ("não_declarado", (SELECT id_chave_tipo_elemento_sintatico FROM tipos_elementos_sintaticos WHERE nome_tipo_elemento_sintatico = "locucao substantiva"), @id_arquivo_var);
 INSERT IGNORE INTO titulos (nome_titulo, id_tipo_elemento_sintatico, id_arquivo_fonte) VALUES ("meio_ambiente_e_saúde", (SELECT id_chave_tipo_elemento_sintatico FROM tipos_elementos_sintaticos WHERE nome_tipo_elemento_sintatico = "locucao substantiva"), @id_arquivo_var);
 INSERT IGNORE INTO titulos (nome_titulo, id_tipo_elemento_sintatico, id_arquivo_fonte) VALUES ("gama", (SELECT id_chave_tipo_elemento_sintatico FROM tipos_elementos_sintaticos WHERE nome_tipo_elemento_sintatico = "locucao substantiva"), @id_arquivo_var);
 INSERT IGNORE INTO titulos (nome_titulo, id_tipo_elemento_sintatico, id_arquivo_fonte) VALUES ("técnico_em_alimentos", (SELECT id_chave_tipo_elemento_sintatico FROM tipos_elementos_sintaticos WHERE nome_tipo_elemento_sintatico = "locucao substantiva"), @id_arquivo_var);
 INSERT IGNORE INTO titulos (nome_titulo, id_tipo_elemento_sintatico, id_arquivo_fonte) VALUES ("30", (SELECT id_chave_tipo_elemento_sintatico FROM tipos_elementos_sintaticos WHERE nome_tipo_elemento_sintatico = "locucao substantiva"), @id_arquivo_var);
 INSERT IGNORE INTO titulos (nome_titulo, id_tipo_elemento_sintatico, id_arquivo_fonte) VALUES ("produção_alimentícia", (SELECT id_chave_tipo_elemento_sintatico FROM tipos_elementos_sintaticos WHERE nome_tipo_elemento_sintatico = "locucao substantiva"), @id_arquivo_var);
 INSERT IGNORE INTO titulos (nome_titulo, id_tipo_elemento_sintatico, id_arquivo_fonte) VALUES ("1667", (SELECT id_chave_tipo_elemento_sintatico FROM tipos_elementos_sintaticos WHERE nome_tipo_elemento_sintatico = "locucao substantiva"), @id_arquivo_var);
 INSERT IGNORE INTO titulos (nome_titulo, id_tipo_elemento_sintatico, id_arquivo_fonte) VALUES ("técnico_em_química", (SELECT id_chave_tipo_elemento_sintatico FROM tipos_elementos_sintaticos WHERE nome_tipo_elemento_sintatico = "locucao substantiva"), @id_arquivo_var);
 INSERT IGNORE INTO titulos (nome_titulo, id_tipo_elemento_sintatico, id_arquivo_fonte) VALUES ("produção_industrial", (SELECT id_chave_tipo_elemento_sintatico FROM tipos_elementos_sintaticos WHERE nome_tipo_elemento_sintatico = "locucao substantiva"), @id_arquivo_var);
 INSERT IGNORE INTO titulos (nome_titulo, id_tipo_elemento_sintatico, id_arquivo_fonte) VALUES ("3633", (SELECT id_chave_tipo_elemento_sintatico FROM tipos_elementos_sintaticos WHERE nome_tipo_elemento_sintatico = "locucao substantiva"), @id_arquivo_var);
 INSERT IGNORE INTO titulos (nome_titulo, id_tipo_elemento_sintatico, id_arquivo_fonte) VALUES ("planaltina", (SELECT id_chave_tipo_elemento_sintatico FROM tipos_elementos_sintaticos WHERE nome_tipo_elemento_sintatico = "locucao substantiva"), @id_arquivo_var);
 INSERT IGNORE INTO titulos (nome_titulo, id_tipo_elemento_sintatico, id_arquivo_fonte) VALUES ("técnico_em_agropecuária", (SELECT id_chave_tipo_elemento_sintatico FROM tipos_elementos_sintaticos WHERE nome_tipo_elemento_sintatico = "locucao substantiva"), @id_arquivo_var);
 INSERT IGNORE INTO titulos (nome_titulo, id_tipo_elemento_sintatico, id_arquivo_fonte) VALUES ("agropecuária", (SELECT id_chave_tipo_elemento_sintatico FROM tipos_elementos_sintaticos WHERE nome_tipo_elemento_sintatico = "locucao substantiva"), @id_arquivo_var);
 INSERT IGNORE INTO titulos (nome_titulo, id_tipo_elemento_sintatico, id_arquivo_fonte) VALUES ("3600", (SELECT id_chave_tipo_elemento_sintatico FROM tipos_elementos_sintaticos WHERE nome_tipo_elemento_sintatico = "locucao substantiva"), @id_arquivo_var);
 INSERT IGNORE INTO titulos (nome_titulo, id_tipo_elemento_sintatico, id_arquivo_fonte) VALUES ("recanto_das_emas", (SELECT id_chave_tipo_elemento_sintatico FROM tipos_elementos_sintaticos WHERE nome_tipo_elemento_sintatico = "locucao substantiva"), @id_arquivo_var);
 INSERT IGNORE INTO titulos (nome_titulo, id_tipo_elemento_sintatico, id_arquivo_fonte) VALUES ("técnico_em_produção_de_Áudio_e_vídeo", (SELECT id_chave_tipo_elemento_sintatico FROM tipos_elementos_sintaticos WHERE nome_tipo_elemento_sintatico = "locucao substantiva"), @id_arquivo_var);
 INSERT IGNORE INTO titulos (nome_titulo, id_tipo_elemento_sintatico, id_arquivo_fonte) VALUES ("produção_cultural_e_design", (SELECT id_chave_tipo_elemento_sintatico FROM tipos_elementos_sintaticos WHERE nome_tipo_elemento_sintatico = "locucao substantiva"), @id_arquivo_var);
 INSERT IGNORE INTO titulos (nome_titulo, id_tipo_elemento_sintatico, id_arquivo_fonte) VALUES ("4240", (SELECT id_chave_tipo_elemento_sintatico FROM tipos_elementos_sintaticos WHERE nome_tipo_elemento_sintatico = "locucao substantiva"), @id_arquivo_var);
 INSERT IGNORE INTO titulos (nome_titulo, id_tipo_elemento_sintatico, id_arquivo_fonte) VALUES ("riacho_fundo", (SELECT id_chave_tipo_elemento_sintatico FROM tipos_elementos_sintaticos WHERE nome_tipo_elemento_sintatico = "locucao substantiva"), @id_arquivo_var);
 INSERT IGNORE INTO titulos (nome_titulo, id_tipo_elemento_sintatico, id_arquivo_fonte) VALUES ("técnico_em_cozinha", (SELECT id_chave_tipo_elemento_sintatico FROM tipos_elementos_sintaticos WHERE nome_tipo_elemento_sintatico = "locucao substantiva"), @id_arquivo_var);
 INSERT IGNORE INTO titulos (nome_titulo, id_tipo_elemento_sintatico, id_arquivo_fonte) VALUES ("hospitalidade_e_lazer", (SELECT id_chave_tipo_elemento_sintatico FROM tipos_elementos_sintaticos WHERE nome_tipo_elemento_sintatico = "locucao substantiva"), @id_arquivo_var);
 INSERT IGNORE INTO titulos (nome_titulo, id_tipo_elemento_sintatico, id_arquivo_fonte) VALUES ("3632", (SELECT id_chave_tipo_elemento_sintatico FROM tipos_elementos_sintaticos WHERE nome_tipo_elemento_sintatico = "locucao substantiva"), @id_arquivo_var);
 INSERT IGNORE INTO titulos (nome_titulo, id_tipo_elemento_sintatico, id_arquivo_fonte) VALUES ("técnico_em_hospedagem", (SELECT id_chave_tipo_elemento_sintatico FROM tipos_elementos_sintaticos WHERE nome_tipo_elemento_sintatico = "locucao substantiva"), @id_arquivo_var);
 INSERT IGNORE INTO titulos (nome_titulo, id_tipo_elemento_sintatico, id_arquivo_fonte) VALUES ("3066", (SELECT id_chave_tipo_elemento_sintatico FROM tipos_elementos_sintaticos WHERE nome_tipo_elemento_sintatico = "locucao substantiva"), @id_arquivo_var);
 INSERT IGNORE INTO titulos (nome_titulo, id_tipo_elemento_sintatico, id_arquivo_fonte) VALUES ("samambaia", (SELECT id_chave_tipo_elemento_sintatico FROM tipos_elementos_sintaticos WHERE nome_tipo_elemento_sintatico = "locucao substantiva"), @id_arquivo_var);
 INSERT IGNORE INTO titulos (nome_titulo, id_tipo_elemento_sintatico, id_arquivo_fonte) VALUES ("técnico_em_controle_ambiental", (SELECT id_chave_tipo_elemento_sintatico FROM tipos_elementos_sintaticos WHERE nome_tipo_elemento_sintatico = "locucao substantiva"), @id_arquivo_var);
 INSERT IGNORE INTO titulos (nome_titulo, id_tipo_elemento_sintatico, id_arquivo_fonte) VALUES ("3550", (SELECT id_chave_tipo_elemento_sintatico FROM tipos_elementos_sintaticos WHERE nome_tipo_elemento_sintatico = "locucao substantiva"), @id_arquivo_var);
 INSERT IGNORE INTO titulos (nome_titulo, id_tipo_elemento_sintatico, id_arquivo_fonte) VALUES ("técnico_em_design_de_móveis", (SELECT id_chave_tipo_elemento_sintatico FROM tipos_elementos_sintaticos WHERE nome_tipo_elemento_sintatico = "locucao substantiva"), @id_arquivo_var);
 INSERT IGNORE INTO titulos (nome_titulo, id_tipo_elemento_sintatico, id_arquivo_fonte) VALUES ("desenhista_técnico_/_projetista_de_móveis_/_maquetista_na_marcenaria", (SELECT id_chave_tipo_elemento_sintatico FROM tipos_elementos_sintaticos WHERE nome_tipo_elemento_sintatico = "locucao substantiva"), @id_arquivo_var);
 INSERT IGNORE INTO titulos (nome_titulo, id_tipo_elemento_sintatico, id_arquivo_fonte) VALUES ("3679", (SELECT id_chave_tipo_elemento_sintatico FROM tipos_elementos_sintaticos WHERE nome_tipo_elemento_sintatico = "locucao substantiva"), @id_arquivo_var);
 INSERT IGNORE INTO titulos (nome_titulo, id_tipo_elemento_sintatico, id_arquivo_fonte) VALUES ("são_sebastião", (SELECT id_chave_tipo_elemento_sintatico FROM tipos_elementos_sintaticos WHERE nome_tipo_elemento_sintatico = "locucao substantiva"), @id_arquivo_var);
 INSERT IGNORE INTO titulos (nome_titulo, id_tipo_elemento_sintatico, id_arquivo_fonte) VALUES ("técnico_em_administração", (SELECT id_chave_tipo_elemento_sintatico FROM tipos_elementos_sintaticos WHERE nome_tipo_elemento_sintatico = "locucao substantiva"), @id_arquivo_var);
 INSERT IGNORE INTO titulos (nome_titulo, id_tipo_elemento_sintatico, id_arquivo_fonte) VALUES ("32", (SELECT id_chave_tipo_elemento_sintatico FROM tipos_elementos_sintaticos WHERE nome_tipo_elemento_sintatico = "locucao substantiva"), @id_arquivo_var);
 INSERT IGNORE INTO titulos (nome_titulo, id_tipo_elemento_sintatico, id_arquivo_fonte) VALUES ("gestão_e_negócios", (SELECT id_chave_tipo_elemento_sintatico FROM tipos_elementos_sintaticos WHERE nome_tipo_elemento_sintatico = "locucao substantiva"), @id_arquivo_var);
 INSERT IGNORE INTO titulos (nome_titulo, id_tipo_elemento_sintatico, id_arquivo_fonte) VALUES ("3266", (SELECT id_chave_tipo_elemento_sintatico FROM tipos_elementos_sintaticos WHERE nome_tipo_elemento_sintatico = "locucao substantiva"), @id_arquivo_var);
 INSERT IGNORE INTO titulos (nome_titulo, id_tipo_elemento_sintatico, id_arquivo_fonte) VALUES ("técnico_em_desenvolvimento_de_sistemas_educacionais", (SELECT id_chave_tipo_elemento_sintatico FROM tipos_elementos_sintaticos WHERE nome_tipo_elemento_sintatico = "locucao substantiva"), @id_arquivo_var);
 INSERT IGNORE INTO titulos (nome_titulo, id_tipo_elemento_sintatico, id_arquivo_fonte) VALUES ("desenvolvimento_educacional_e_social", (SELECT id_chave_tipo_elemento_sintatico FROM tipos_elementos_sintaticos WHERE nome_tipo_elemento_sintatico = "locucao substantiva"), @id_arquivo_var);
 INSERT IGNORE INTO titulos (nome_titulo, id_tipo_elemento_sintatico, id_arquivo_fonte) VALUES ("3283", (SELECT id_chave_tipo_elemento_sintatico FROM tipos_elementos_sintaticos WHERE nome_tipo_elemento_sintatico = "locucao substantiva"), @id_arquivo_var);
 INSERT IGNORE INTO titulos (nome_titulo, id_tipo_elemento_sintatico, id_arquivo_fonte) VALUES ("taguatinga", (SELECT id_chave_tipo_elemento_sintatico FROM tipos_elementos_sintaticos WHERE nome_tipo_elemento_sintatico = "locucao substantiva"), @id_arquivo_var);
 INSERT IGNORE INTO titulos (nome_titulo, id_tipo_elemento_sintatico, id_arquivo_fonte) VALUES ("técnico_em_eletromecânica", (SELECT id_chave_tipo_elemento_sintatico FROM tipos_elementos_sintaticos WHERE nome_tipo_elemento_sintatico = "locucao substantiva"), @id_arquivo_var);
 INSERT IGNORE INTO titulos (nome_titulo, id_tipo_elemento_sintatico, id_arquivo_fonte) VALUES ("técnico_em_eletromecânica_/_agente_fiscal_de_qualidade", (SELECT id_chave_tipo_elemento_sintatico FROM tipos_elementos_sintaticos WHERE nome_tipo_elemento_sintatico = "locucao substantiva"), @id_arquivo_var);
 INSERT IGNORE INTO titulos (nome_titulo, id_tipo_elemento_sintatico, id_arquivo_fonte) VALUES ("3500", (SELECT id_chave_tipo_elemento_sintatico FROM tipos_elementos_sintaticos WHERE nome_tipo_elemento_sintatico = "locucao substantiva"), @id_arquivo_var);
 
INSERT IGNORE INTO frases (nome_frase, id_token, id_titulo, ordem, id_arquivo_fonte) VALUES ("df_1",(SELECT id_chave_token FROM tokens WHERE BINARY  acentuada= "df" and id_tipo_token_spaCy = (SELECT id_chave_tipo_token FROM tipos_tokens WHERE  nome_tipo_token="sigla" UNION (SELECT id_chave_tipo_token FROM tipos_tokens WHERE nome_tipo_token = 'indeterminado') LIMIT 1)), (select id_chave_titulo from titulos where nome_titulo="df"), "1", @id_arquivo_var);
 INSERT IGNORE INTO frases (nome_frase, id_token, id_titulo, ordem, id_arquivo_fonte) VALUES ("brasília_1",(SELECT id_chave_token FROM tokens WHERE BINARY  acentuada= "brasília" and id_tipo_token_spaCy = (SELECT id_chave_tipo_token FROM tipos_tokens WHERE  nome_tipo_token="verbo" UNION (SELECT id_chave_tipo_token FROM tipos_tokens WHERE nome_tipo_token = 'indeterminado') LIMIT 1)), (select id_chave_titulo from titulos where nome_titulo="brasília"), "1", @id_arquivo_var);
 INSERT IGNORE INTO frases (nome_frase, id_token, id_titulo, ordem, id_arquivo_fonte) VALUES ("curso_técnico_1",(SELECT id_chave_token FROM tokens WHERE BINARY  acentuada= "curso" and id_tipo_token_spaCy = (SELECT id_chave_tipo_token FROM tipos_tokens WHERE  nome_tipo_token="substantivo" UNION (SELECT id_chave_tipo_token FROM tipos_tokens WHERE nome_tipo_token = 'indeterminado') LIMIT 1)), (select id_chave_titulo from titulos where nome_titulo="curso_técnico"), "1", @id_arquivo_var);
 INSERT IGNORE INTO frases (nome_frase, id_token, id_titulo, ordem, id_arquivo_fonte) VALUES ("curso_técnico_2",(SELECT id_chave_token FROM tokens WHERE BINARY  acentuada= "técnico" and id_tipo_token_spaCy = (SELECT id_chave_tipo_token FROM tipos_tokens WHERE  nome_tipo_token="adjetivo" UNION (SELECT id_chave_tipo_token FROM tipos_tokens WHERE nome_tipo_token = 'indeterminado') LIMIT 1)), (select id_chave_titulo from titulos where nome_titulo="curso_técnico"), "2", @id_arquivo_var);
 INSERT IGNORE INTO frases (nome_frase, id_token, id_titulo, ordem, id_arquivo_fonte) VALUES ("técnico_em_eventos_1",(SELECT id_chave_token FROM tokens WHERE BINARY  acentuada= "técnico" and id_tipo_token_spaCy = (SELECT id_chave_tipo_token FROM tipos_tokens WHERE  nome_tipo_token="adjetivo" UNION (SELECT id_chave_tipo_token FROM tipos_tokens WHERE nome_tipo_token = 'indeterminado') LIMIT 1)), (select id_chave_titulo from titulos where nome_titulo="técnico_em_eventos"), "1", @id_arquivo_var);
 INSERT IGNORE INTO frases (nome_frase, id_token, id_titulo, ordem, id_arquivo_fonte) VALUES ("técnico_em_eventos_2",(SELECT id_chave_token FROM tokens WHERE BINARY  acentuada= "em" and id_tipo_token_spaCy = (SELECT id_chave_tipo_token FROM tipos_tokens WHERE  nome_tipo_token="preposicao" UNION (SELECT id_chave_tipo_token FROM tipos_tokens WHERE nome_tipo_token = 'indeterminado') LIMIT 1)), (select id_chave_titulo from titulos where nome_titulo="técnico_em_eventos"), "2", @id_arquivo_var);
 INSERT IGNORE INTO frases (nome_frase, id_token, id_titulo, ordem, id_arquivo_fonte) VALUES ("técnico_em_eventos_3",(SELECT id_chave_token FROM tokens WHERE BINARY  acentuada= "eventos" and id_tipo_token_spaCy = (SELECT id_chave_tipo_token FROM tipos_tokens WHERE  nome_tipo_token="substantivo" UNION (SELECT id_chave_tipo_token FROM tipos_tokens WHERE nome_tipo_token = 'indeterminado') LIMIT 1)), (select id_chave_titulo from titulos where nome_titulo="técnico_em_eventos"), "3", @id_arquivo_var);
 INSERT IGNORE INTO frases (nome_frase, id_token, id_titulo, ordem, id_arquivo_fonte) VALUES ("integrado_ao_ensino_médio_1",(SELECT id_chave_token FROM tokens WHERE BINARY  acentuada= "integrado" and id_tipo_token_spaCy = (SELECT id_chave_tipo_token FROM tipos_tokens WHERE  nome_tipo_token="verbo" UNION (SELECT id_chave_tipo_token FROM tipos_tokens WHERE nome_tipo_token = 'indeterminado') LIMIT 1)), (select id_chave_titulo from titulos where nome_titulo="integrado_ao_ensino_médio"), "1", @id_arquivo_var);
 INSERT IGNORE INTO frases (nome_frase, id_token, id_titulo, ordem, id_arquivo_fonte) VALUES ("integrado_ao_ensino_médio_2",(SELECT id_chave_token FROM tokens WHERE BINARY  acentuada= "ao" and id_tipo_token_spaCy = (SELECT id_chave_tipo_token FROM tipos_tokens WHERE  nome_tipo_token="preposicao" UNION (SELECT id_chave_tipo_token FROM tipos_tokens WHERE nome_tipo_token = 'indeterminado') LIMIT 1)), (select id_chave_titulo from titulos where nome_titulo="integrado_ao_ensino_médio"), "2", @id_arquivo_var);
 INSERT IGNORE INTO frases (nome_frase, id_token, id_titulo, ordem, id_arquivo_fonte) VALUES ("integrado_ao_ensino_médio_3",(SELECT id_chave_token FROM tokens WHERE BINARY  acentuada= "ensino" and id_tipo_token_spaCy = (SELECT id_chave_tipo_token FROM tipos_tokens WHERE  nome_tipo_token="substantivo" UNION (SELECT id_chave_tipo_token FROM tipos_tokens WHERE nome_tipo_token = 'indeterminado') LIMIT 1)), (select id_chave_titulo from titulos where nome_titulo="integrado_ao_ensino_médio"), "3", @id_arquivo_var);
 INSERT IGNORE INTO frases (nome_frase, id_token, id_titulo, ordem, id_arquivo_fonte) VALUES ("integrado_ao_ensino_médio_4",(SELECT id_chave_token FROM tokens WHERE BINARY  acentuada= "médio" and id_tipo_token_spaCy = (SELECT id_chave_tipo_token FROM tipos_tokens WHERE  nome_tipo_token="adjetivo" UNION (SELECT id_chave_tipo_token FROM tipos_tokens WHERE nome_tipo_token = 'indeterminado') LIMIT 1)), (select id_chave_titulo from titulos where nome_titulo="integrado_ao_ensino_médio"), "4", @id_arquivo_var);
 INSERT IGNORE INTO frases (nome_frase, id_token, id_titulo, ordem, id_arquivo_fonte) VALUES ("60_1",(SELECT id_chave_token FROM tokens WHERE BINARY  acentuada= "60" and id_tipo_token_spaCy = (SELECT id_chave_tipo_token FROM tipos_tokens WHERE  nome_tipo_token="numeral" UNION (SELECT id_chave_tipo_token FROM tipos_tokens WHERE nome_tipo_token = 'indeterminado') LIMIT 1)), (select id_chave_titulo from titulos where nome_titulo="60"), "1", @id_arquivo_var);
 INSERT IGNORE INTO frases (nome_frase, id_token, id_titulo, ordem, id_arquivo_fonte) VALUES ("vespertino_1",(SELECT id_chave_token FROM tokens WHERE BINARY  acentuada= "vespertino" and id_tipo_token_spaCy = (SELECT id_chave_tipo_token FROM tipos_tokens WHERE  nome_tipo_token="substantivo" UNION (SELECT id_chave_tipo_token FROM tipos_tokens WHERE nome_tipo_token = 'indeterminado') LIMIT 1)), (select id_chave_titulo from titulos where nome_titulo="vespertino"), "1", @id_arquivo_var);
 INSERT IGNORE INTO frases (nome_frase, id_token, id_titulo, ordem, id_arquivo_fonte) VALUES ("presencial_1",(SELECT id_chave_token FROM tokens WHERE BINARY  acentuada= "presencial" and id_tipo_token_spaCy = (SELECT id_chave_tipo_token FROM tipos_tokens WHERE  nome_tipo_token="adjetivo" UNION (SELECT id_chave_tipo_token FROM tipos_tokens WHERE nome_tipo_token = 'indeterminado') LIMIT 1)), (select id_chave_titulo from titulos where nome_titulo="presencial"), "1", @id_arquivo_var);
 INSERT IGNORE INTO frases (nome_frase, id_token, id_titulo, ordem, id_arquivo_fonte) VALUES ("recepcionista_de_evento_/_organizador_de_eventos_1",(SELECT id_chave_token FROM tokens WHERE BINARY  acentuada= "recepcionista" and id_tipo_token_spaCy = (SELECT id_chave_tipo_token FROM tipos_tokens WHERE  nome_tipo_token="adjetivo" UNION (SELECT id_chave_tipo_token FROM tipos_tokens WHERE nome_tipo_token = 'indeterminado') LIMIT 1)), (select id_chave_titulo from titulos where nome_titulo="recepcionista_de_evento_/_organizador_de_eventos"), "1", @id_arquivo_var);
 INSERT IGNORE INTO frases (nome_frase, id_token, id_titulo, ordem, id_arquivo_fonte) VALUES ("recepcionista_de_evento_/_organizador_de_eventos_2",(SELECT id_chave_token FROM tokens WHERE BINARY  acentuada= "de" and id_tipo_token_spaCy = (SELECT id_chave_tipo_token FROM tipos_tokens WHERE  nome_tipo_token="preposicao" UNION (SELECT id_chave_tipo_token FROM tipos_tokens WHERE nome_tipo_token = 'indeterminado') LIMIT 1)), (select id_chave_titulo from titulos where nome_titulo="recepcionista_de_evento_/_organizador_de_eventos"), "2", @id_arquivo_var);
 INSERT IGNORE INTO frases (nome_frase, id_token, id_titulo, ordem, id_arquivo_fonte) VALUES ("recepcionista_de_evento_/_organizador_de_eventos_3",(SELECT id_chave_token FROM tokens WHERE BINARY  acentuada= "evento" and id_tipo_token_spaCy = (SELECT id_chave_tipo_token FROM tipos_tokens WHERE  nome_tipo_token="substantivo" UNION (SELECT id_chave_tipo_token FROM tipos_tokens WHERE nome_tipo_token = 'indeterminado') LIMIT 1)), (select id_chave_titulo from titulos where nome_titulo="recepcionista_de_evento_/_organizador_de_eventos"), "3", @id_arquivo_var);
 INSERT IGNORE INTO frases (nome_frase, id_token, id_titulo, ordem, id_arquivo_fonte) VALUES ("recepcionista_de_evento_/_organizador_de_eventos_4",(SELECT id_chave_token FROM tokens WHERE BINARY  acentuada= "/" and id_tipo_token_spaCy = (SELECT id_chave_tipo_token FROM tipos_tokens WHERE  nome_tipo_token="pontuacao" UNION (SELECT id_chave_tipo_token FROM tipos_tokens WHERE nome_tipo_token = 'indeterminado') LIMIT 1)), (select id_chave_titulo from titulos where nome_titulo="recepcionista_de_evento_/_organizador_de_eventos"), "4", @id_arquivo_var);
 INSERT IGNORE INTO frases (nome_frase, id_token, id_titulo, ordem, id_arquivo_fonte) VALUES ("recepcionista_de_evento_/_organizador_de_eventos_5",(SELECT id_chave_token FROM tokens WHERE BINARY  acentuada= "organizador" and id_tipo_token_spaCy = (SELECT id_chave_tipo_token FROM tipos_tokens WHERE  nome_tipo_token="substantivo" UNION (SELECT id_chave_tipo_token FROM tipos_tokens WHERE nome_tipo_token = 'indeterminado') LIMIT 1)), (select id_chave_titulo from titulos where nome_titulo="recepcionista_de_evento_/_organizador_de_eventos"), "5", @id_arquivo_var);
 INSERT IGNORE INTO frases (nome_frase, id_token, id_titulo, ordem, id_arquivo_fonte) VALUES ("recepcionista_de_evento_/_organizador_de_eventos_6",(SELECT id_chave_token FROM tokens WHERE BINARY  acentuada= "de" and id_tipo_token_spaCy = (SELECT id_chave_tipo_token FROM tipos_tokens WHERE  nome_tipo_token="preposicao" UNION (SELECT id_chave_tipo_token FROM tipos_tokens WHERE nome_tipo_token = 'indeterminado') LIMIT 1)), (select id_chave_titulo from titulos where nome_titulo="recepcionista_de_evento_/_organizador_de_eventos"), "6", @id_arquivo_var);
 INSERT IGNORE INTO frases (nome_frase, id_token, id_titulo, ordem, id_arquivo_fonte) VALUES ("recepcionista_de_evento_/_organizador_de_eventos_7",(SELECT id_chave_token FROM tokens WHERE BINARY  acentuada= "eventos" and id_tipo_token_spaCy = (SELECT id_chave_tipo_token FROM tipos_tokens WHERE  nome_tipo_token="substantivo" UNION (SELECT id_chave_tipo_token FROM tipos_tokens WHERE nome_tipo_token = 'indeterminado') LIMIT 1)), (select id_chave_titulo from titulos where nome_titulo="recepcionista_de_evento_/_organizador_de_eventos"), "7", @id_arquivo_var);
 INSERT IGNORE INTO frases (nome_frase, id_token, id_titulo, ordem, id_arquivo_fonte) VALUES ("turismo_,_hospitalidade_e_lazer_1",(SELECT id_chave_token FROM tokens WHERE BINARY  acentuada= "turismo" and id_tipo_token_spaCy = (SELECT id_chave_tipo_token FROM tipos_tokens WHERE  nome_tipo_token="substantivo" UNION (SELECT id_chave_tipo_token FROM tipos_tokens WHERE nome_tipo_token = 'indeterminado') LIMIT 1)), (select id_chave_titulo from titulos where nome_titulo="turismo_,_hospitalidade_e_lazer"), "1", @id_arquivo_var);
 INSERT IGNORE INTO frases (nome_frase, id_token, id_titulo, ordem, id_arquivo_fonte) VALUES ("turismo_,_hospitalidade_e_lazer_2",(SELECT id_chave_token FROM tokens WHERE BINARY  acentuada= "," and id_tipo_token_spaCy = (SELECT id_chave_tipo_token FROM tipos_tokens WHERE  nome_tipo_token="pontuacao" UNION (SELECT id_chave_tipo_token FROM tipos_tokens WHERE nome_tipo_token = 'indeterminado') LIMIT 1)), (select id_chave_titulo from titulos where nome_titulo="turismo_,_hospitalidade_e_lazer"), "2", @id_arquivo_var);
 INSERT IGNORE INTO frases (nome_frase, id_token, id_titulo, ordem, id_arquivo_fonte) VALUES ("turismo_,_hospitalidade_e_lazer_3",(SELECT id_chave_token FROM tokens WHERE BINARY  acentuada= "hospitalidade" and id_tipo_token_spaCy = (SELECT id_chave_tipo_token FROM tipos_tokens WHERE  nome_tipo_token="substantivo" UNION (SELECT id_chave_tipo_token FROM tipos_tokens WHERE nome_tipo_token = 'indeterminado') LIMIT 1)), (select id_chave_titulo from titulos where nome_titulo="turismo_,_hospitalidade_e_lazer"), "3", @id_arquivo_var);
 INSERT IGNORE INTO frases (nome_frase, id_token, id_titulo, ordem, id_arquivo_fonte) VALUES ("turismo_,_hospitalidade_e_lazer_4",(SELECT id_chave_token FROM tokens WHERE BINARY  acentuada= "e" and id_tipo_token_spaCy = (SELECT id_chave_tipo_token FROM tipos_tokens WHERE  nome_tipo_token="substantivo" UNION (SELECT id_chave_tipo_token FROM tipos_tokens WHERE nome_tipo_token = 'indeterminado') LIMIT 1)), (select id_chave_titulo from titulos where nome_titulo="turismo_,_hospitalidade_e_lazer"), "4", @id_arquivo_var);
 INSERT IGNORE INTO frases (nome_frase, id_token, id_titulo, ordem, id_arquivo_fonte) VALUES ("turismo_,_hospitalidade_e_lazer_5",(SELECT id_chave_token FROM tokens WHERE BINARY  acentuada= "lazer" and id_tipo_token_spaCy = (SELECT id_chave_tipo_token FROM tipos_tokens WHERE  nome_tipo_token="substantivo" UNION (SELECT id_chave_tipo_token FROM tipos_tokens WHERE nome_tipo_token = 'indeterminado') LIMIT 1)), (select id_chave_titulo from titulos where nome_titulo="turismo_,_hospitalidade_e_lazer"), "5", @id_arquivo_var);
 INSERT IGNORE INTO frases (nome_frase, id_token, id_titulo, ordem, id_arquivo_fonte) VALUES ("anual_1",(SELECT id_chave_token FROM tokens WHERE BINARY  acentuada= "anual" and id_tipo_token_spaCy = (SELECT id_chave_tipo_token FROM tipos_tokens WHERE  nome_tipo_token="adjetivo" UNION (SELECT id_chave_tipo_token FROM tipos_tokens WHERE nome_tipo_token = 'indeterminado') LIMIT 1)), (select id_chave_titulo from titulos where nome_titulo="anual"), "1", @id_arquivo_var);
 INSERT IGNORE INTO frases (nome_frase, id_token, id_titulo, ordem, id_arquivo_fonte) VALUES ("3120_1",(SELECT id_chave_token FROM tokens WHERE BINARY  acentuada= "3120" and id_tipo_token_spaCy = (SELECT id_chave_tipo_token FROM tipos_tokens WHERE  nome_tipo_token="numeral" UNION (SELECT id_chave_tipo_token FROM tipos_tokens WHERE nome_tipo_token = 'indeterminado') LIMIT 1)), (select id_chave_titulo from titulos where nome_titulo="3120"), "1", @id_arquivo_var);
 INSERT IGNORE INTO frases (nome_frase, id_token, id_titulo, ordem, id_arquivo_fonte) VALUES ("técnico_em_informática_1",(SELECT id_chave_token FROM tokens WHERE BINARY  acentuada= "técnico" and id_tipo_token_spaCy = (SELECT id_chave_tipo_token FROM tipos_tokens WHERE  nome_tipo_token="adjetivo" UNION (SELECT id_chave_tipo_token FROM tipos_tokens WHERE nome_tipo_token = 'indeterminado') LIMIT 1)), (select id_chave_titulo from titulos where nome_titulo="técnico_em_informática"), "1", @id_arquivo_var);
 INSERT IGNORE INTO frases (nome_frase, id_token, id_titulo, ordem, id_arquivo_fonte) VALUES ("técnico_em_informática_2",(SELECT id_chave_token FROM tokens WHERE BINARY  acentuada= "em" and id_tipo_token_spaCy = (SELECT id_chave_tipo_token FROM tipos_tokens WHERE  nome_tipo_token="preposicao" UNION (SELECT id_chave_tipo_token FROM tipos_tokens WHERE nome_tipo_token = 'indeterminado') LIMIT 1)), (select id_chave_titulo from titulos where nome_titulo="técnico_em_informática"), "2", @id_arquivo_var);
 INSERT IGNORE INTO frases (nome_frase, id_token, id_titulo, ordem, id_arquivo_fonte) VALUES ("técnico_em_informática_3",(SELECT id_chave_token FROM tokens WHERE BINARY  acentuada= "informática" and id_tipo_token_spaCy = (SELECT id_chave_tipo_token FROM tipos_tokens WHERE  nome_tipo_token="substantivo" UNION (SELECT id_chave_tipo_token FROM tipos_tokens WHERE nome_tipo_token = 'indeterminado') LIMIT 1)), (select id_chave_titulo from titulos where nome_titulo="técnico_em_informática"), "3", @id_arquivo_var);
 INSERT IGNORE INTO frases (nome_frase, id_token, id_titulo, ordem, id_arquivo_fonte) VALUES ("integral_1",(SELECT id_chave_token FROM tokens WHERE BINARY  acentuada= "integral" and id_tipo_token_spaCy = (SELECT id_chave_tipo_token FROM tipos_tokens WHERE  nome_tipo_token="substantivo" UNION (SELECT id_chave_tipo_token FROM tipos_tokens WHERE nome_tipo_token = 'indeterminado') LIMIT 1)), (select id_chave_titulo from titulos where nome_titulo="integral"), "1", @id_arquivo_var);
 INSERT IGNORE INTO frases (nome_frase, id_token, id_titulo, ordem, id_arquivo_fonte) VALUES ("técnico_em_informática_/_tdsa_/_tomc_1",(SELECT id_chave_token FROM tokens WHERE BINARY  acentuada= "técnico" and id_tipo_token_spaCy = (SELECT id_chave_tipo_token FROM tipos_tokens WHERE  nome_tipo_token="adjetivo" UNION (SELECT id_chave_tipo_token FROM tipos_tokens WHERE nome_tipo_token = 'indeterminado') LIMIT 1)), (select id_chave_titulo from titulos where nome_titulo="técnico_em_informática_/_tdsa_/_tomc"), "1", @id_arquivo_var);
 INSERT IGNORE INTO frases (nome_frase, id_token, id_titulo, ordem, id_arquivo_fonte) VALUES ("técnico_em_informática_/_tdsa_/_tomc_2",(SELECT id_chave_token FROM tokens WHERE BINARY  acentuada= "em" and id_tipo_token_spaCy = (SELECT id_chave_tipo_token FROM tipos_tokens WHERE  nome_tipo_token="preposicao" UNION (SELECT id_chave_tipo_token FROM tipos_tokens WHERE nome_tipo_token = 'indeterminado') LIMIT 1)), (select id_chave_titulo from titulos where nome_titulo="técnico_em_informática_/_tdsa_/_tomc"), "2", @id_arquivo_var);
 INSERT IGNORE INTO frases (nome_frase, id_token, id_titulo, ordem, id_arquivo_fonte) VALUES ("técnico_em_informática_/_tdsa_/_tomc_3",(SELECT id_chave_token FROM tokens WHERE BINARY  acentuada= "informática" and id_tipo_token_spaCy = (SELECT id_chave_tipo_token FROM tipos_tokens WHERE  nome_tipo_token="substantivo" UNION (SELECT id_chave_tipo_token FROM tipos_tokens WHERE nome_tipo_token = 'indeterminado') LIMIT 1)), (select id_chave_titulo from titulos where nome_titulo="técnico_em_informática_/_tdsa_/_tomc"), "3", @id_arquivo_var);
 INSERT IGNORE INTO frases (nome_frase, id_token, id_titulo, ordem, id_arquivo_fonte) VALUES ("técnico_em_informática_/_tdsa_/_tomc_4",(SELECT id_chave_token FROM tokens WHERE BINARY  acentuada= "/" and id_tipo_token_spaCy = (SELECT id_chave_tipo_token FROM tipos_tokens WHERE  nome_tipo_token="pontuacao" UNION (SELECT id_chave_tipo_token FROM tipos_tokens WHERE nome_tipo_token = 'indeterminado') LIMIT 1)), (select id_chave_titulo from titulos where nome_titulo="técnico_em_informática_/_tdsa_/_tomc"), "4", @id_arquivo_var);
 INSERT IGNORE INTO frases (nome_frase, id_token, id_titulo, ordem, id_arquivo_fonte) VALUES ("técnico_em_informática_/_tdsa_/_tomc_5",(SELECT id_chave_token FROM tokens WHERE BINARY  acentuada= "tdsa" and id_tipo_token_spaCy = (SELECT id_chave_tipo_token FROM tipos_tokens WHERE  nome_tipo_token="sigla" UNION (SELECT id_chave_tipo_token FROM tipos_tokens WHERE nome_tipo_token = 'indeterminado') LIMIT 1)), (select id_chave_titulo from titulos where nome_titulo="técnico_em_informática_/_tdsa_/_tomc"), "5", @id_arquivo_var);
 INSERT IGNORE INTO frases (nome_frase, id_token, id_titulo, ordem, id_arquivo_fonte) VALUES ("técnico_em_informática_/_tdsa_/_tomc_6",(SELECT id_chave_token FROM tokens WHERE BINARY  acentuada= "/" and id_tipo_token_spaCy = (SELECT id_chave_tipo_token FROM tipos_tokens WHERE  nome_tipo_token="pontuacao" UNION (SELECT id_chave_tipo_token FROM tipos_tokens WHERE nome_tipo_token = 'indeterminado') LIMIT 1)), (select id_chave_titulo from titulos where nome_titulo="técnico_em_informática_/_tdsa_/_tomc"), "6", @id_arquivo_var);
 INSERT IGNORE INTO frases (nome_frase, id_token, id_titulo, ordem, id_arquivo_fonte) VALUES ("técnico_em_informática_/_tdsa_/_tomc_7",(SELECT id_chave_token FROM tokens WHERE BINARY  acentuada= "tomc" and id_tipo_token_spaCy = (SELECT id_chave_tipo_token FROM tipos_tokens WHERE  nome_tipo_token="sigla" UNION (SELECT id_chave_tipo_token FROM tipos_tokens WHERE nome_tipo_token = 'indeterminado') LIMIT 1)), (select id_chave_titulo from titulos where nome_titulo="técnico_em_informática_/_tdsa_/_tomc"), "7", @id_arquivo_var);
 INSERT IGNORE INTO frases (nome_frase, id_token, id_titulo, ordem, id_arquivo_fonte) VALUES ("informação_e_comunicação_1",(SELECT id_chave_token FROM tokens WHERE BINARY  acentuada= "informação" and id_tipo_token_spaCy = (SELECT id_chave_tipo_token FROM tipos_tokens WHERE  nome_tipo_token="substantivo" UNION (SELECT id_chave_tipo_token FROM tipos_tokens WHERE nome_tipo_token = 'indeterminado') LIMIT 1)), (select id_chave_titulo from titulos where nome_titulo="informação_e_comunicação"), "1", @id_arquivo_var);
 INSERT IGNORE INTO frases (nome_frase, id_token, id_titulo, ordem, id_arquivo_fonte) VALUES ("informação_e_comunicação_2",(SELECT id_chave_token FROM tokens WHERE BINARY  acentuada= "e" and id_tipo_token_spaCy = (SELECT id_chave_tipo_token FROM tipos_tokens WHERE  nome_tipo_token="substantivo" UNION (SELECT id_chave_tipo_token FROM tipos_tokens WHERE nome_tipo_token = 'indeterminado') LIMIT 1)), (select id_chave_titulo from titulos where nome_titulo="informação_e_comunicação"), "2", @id_arquivo_var);
 INSERT IGNORE INTO frases (nome_frase, id_token, id_titulo, ordem, id_arquivo_fonte) VALUES ("informação_e_comunicação_3",(SELECT id_chave_token FROM tokens WHERE BINARY  acentuada= "comunicação" and id_tipo_token_spaCy = (SELECT id_chave_tipo_token FROM tipos_tokens WHERE  nome_tipo_token="substantivo" UNION (SELECT id_chave_tipo_token FROM tipos_tokens WHERE nome_tipo_token = 'indeterminado') LIMIT 1)), (select id_chave_titulo from titulos where nome_titulo="informação_e_comunicação"), "3", @id_arquivo_var);
 INSERT IGNORE INTO frases (nome_frase, id_token, id_titulo, ordem, id_arquivo_fonte) VALUES ("3670_1",(SELECT id_chave_token FROM tokens WHERE BINARY  acentuada= "3670" and id_tipo_token_spaCy = (SELECT id_chave_tipo_token FROM tipos_tokens WHERE  nome_tipo_token="numeral" UNION (SELECT id_chave_tipo_token FROM tipos_tokens WHERE nome_tipo_token = 'indeterminado') LIMIT 1)), (select id_chave_titulo from titulos where nome_titulo="3670"), "1", @id_arquivo_var);
 INSERT IGNORE INTO frases (nome_frase, id_token, id_titulo, ordem, id_arquivo_fonte) VALUES ("ceilândia_1",(SELECT id_chave_token FROM tokens WHERE BINARY  acentuada= "ceilândia" and id_tipo_token_spaCy = (SELECT id_chave_tipo_token FROM tipos_tokens WHERE  nome_tipo_token="substantivo" UNION (SELECT id_chave_tipo_token FROM tipos_tokens WHERE nome_tipo_token = 'indeterminado') LIMIT 1)), (select id_chave_titulo from titulos where nome_titulo="ceilândia"), "1", @id_arquivo_var);
 INSERT IGNORE INTO frases (nome_frase, id_token, id_titulo, ordem, id_arquivo_fonte) VALUES ("técnico_em_eletrônica_1",(SELECT id_chave_token FROM tokens WHERE BINARY  acentuada= "técnico" and id_tipo_token_spaCy = (SELECT id_chave_tipo_token FROM tipos_tokens WHERE  nome_tipo_token="adjetivo" UNION (SELECT id_chave_tipo_token FROM tipos_tokens WHERE nome_tipo_token = 'indeterminado') LIMIT 1)), (select id_chave_titulo from titulos where nome_titulo="técnico_em_eletrônica"), "1", @id_arquivo_var);
 INSERT IGNORE INTO frases (nome_frase, id_token, id_titulo, ordem, id_arquivo_fonte) VALUES ("técnico_em_eletrônica_2",(SELECT id_chave_token FROM tokens WHERE BINARY  acentuada= "em" and id_tipo_token_spaCy = (SELECT id_chave_tipo_token FROM tipos_tokens WHERE  nome_tipo_token="preposicao" UNION (SELECT id_chave_tipo_token FROM tipos_tokens WHERE nome_tipo_token = 'indeterminado') LIMIT 1)), (select id_chave_titulo from titulos where nome_titulo="técnico_em_eletrônica"), "2", @id_arquivo_var);
 INSERT IGNORE INTO frases (nome_frase, id_token, id_titulo, ordem, id_arquivo_fonte) VALUES ("técnico_em_eletrônica_3",(SELECT id_chave_token FROM tokens WHERE BINARY  acentuada= "eletrônica" and id_tipo_token_spaCy = (SELECT id_chave_tipo_token FROM tipos_tokens WHERE  nome_tipo_token="substantivo" UNION (SELECT id_chave_tipo_token FROM tipos_tokens WHERE nome_tipo_token = 'indeterminado') LIMIT 1)), (select id_chave_titulo from titulos where nome_titulo="técnico_em_eletrônica"), "3", @id_arquivo_var);
 INSERT IGNORE INTO frases (nome_frase, id_token, id_titulo, ordem, id_arquivo_fonte) VALUES ("eletrônica_1",(SELECT id_chave_token FROM tokens WHERE BINARY  acentuada= "eletrônica" and id_tipo_token_spaCy = (SELECT id_chave_tipo_token FROM tipos_tokens WHERE  nome_tipo_token="adjetivo" UNION (SELECT id_chave_tipo_token FROM tipos_tokens WHERE nome_tipo_token = 'indeterminado') LIMIT 1)), (select id_chave_titulo from titulos where nome_titulo="eletrônica"), "1", @id_arquivo_var);
 INSERT IGNORE INTO frases (nome_frase, id_token, id_titulo, ordem, id_arquivo_fonte) VALUES ("3200_1",(SELECT id_chave_token FROM tokens WHERE BINARY  acentuada= "3200" and id_tipo_token_spaCy = (SELECT id_chave_tipo_token FROM tipos_tokens WHERE  nome_tipo_token="numeral" UNION (SELECT id_chave_tipo_token FROM tipos_tokens WHERE nome_tipo_token = 'indeterminado') LIMIT 1)), (select id_chave_titulo from titulos where nome_titulo="3200"), "1", @id_arquivo_var);
 INSERT IGNORE INTO frases (nome_frase, id_token, id_titulo, ordem, id_arquivo_fonte) VALUES ("técnico_em_segurança_do_trabalho_1",(SELECT id_chave_token FROM tokens WHERE BINARY  acentuada= "técnico" and id_tipo_token_spaCy = (SELECT id_chave_tipo_token FROM tipos_tokens WHERE  nome_tipo_token="adjetivo" UNION (SELECT id_chave_tipo_token FROM tipos_tokens WHERE nome_tipo_token = 'indeterminado') LIMIT 1)), (select id_chave_titulo from titulos where nome_titulo="técnico_em_segurança_do_trabalho"), "1", @id_arquivo_var);
 INSERT IGNORE INTO frases (nome_frase, id_token, id_titulo, ordem, id_arquivo_fonte) VALUES ("técnico_em_segurança_do_trabalho_2",(SELECT id_chave_token FROM tokens WHERE BINARY  acentuada= "em" and id_tipo_token_spaCy = (SELECT id_chave_tipo_token FROM tipos_tokens WHERE  nome_tipo_token="preposicao" UNION (SELECT id_chave_tipo_token FROM tipos_tokens WHERE nome_tipo_token = 'indeterminado') LIMIT 1)), (select id_chave_titulo from titulos where nome_titulo="técnico_em_segurança_do_trabalho"), "2", @id_arquivo_var);
 INSERT IGNORE INTO frases (nome_frase, id_token, id_titulo, ordem, id_arquivo_fonte) VALUES ("técnico_em_segurança_do_trabalho_3",(SELECT id_chave_token FROM tokens WHERE BINARY  acentuada= "segurança" and id_tipo_token_spaCy = (SELECT id_chave_tipo_token FROM tipos_tokens WHERE  nome_tipo_token="substantivo" UNION (SELECT id_chave_tipo_token FROM tipos_tokens WHERE nome_tipo_token = 'indeterminado') LIMIT 1)), (select id_chave_titulo from titulos where nome_titulo="técnico_em_segurança_do_trabalho"), "3", @id_arquivo_var);
 INSERT IGNORE INTO frases (nome_frase, id_token, id_titulo, ordem, id_arquivo_fonte) VALUES ("técnico_em_segurança_do_trabalho_4",(SELECT id_chave_token FROM tokens WHERE BINARY  acentuada= "do" and id_tipo_token_spaCy = (SELECT id_chave_tipo_token FROM tipos_tokens WHERE  nome_tipo_token="preposicao" UNION (SELECT id_chave_tipo_token FROM tipos_tokens WHERE nome_tipo_token = 'indeterminado') LIMIT 1)), (select id_chave_titulo from titulos where nome_titulo="técnico_em_segurança_do_trabalho"), "4", @id_arquivo_var);
 INSERT IGNORE INTO frases (nome_frase, id_token, id_titulo, ordem, id_arquivo_fonte) VALUES ("técnico_em_segurança_do_trabalho_5",(SELECT id_chave_token FROM tokens WHERE BINARY  acentuada= "trabalho" and id_tipo_token_spaCy = (SELECT id_chave_tipo_token FROM tipos_tokens WHERE  nome_tipo_token="substantivo" UNION (SELECT id_chave_tipo_token FROM tipos_tokens WHERE nome_tipo_token = 'indeterminado') LIMIT 1)), (select id_chave_titulo from titulos where nome_titulo="técnico_em_segurança_do_trabalho"), "5", @id_arquivo_var);
 INSERT IGNORE INTO frases (nome_frase, id_token, id_titulo, ordem, id_arquivo_fonte) VALUES ("subsequente_1",(SELECT id_chave_token FROM tokens WHERE BINARY  acentuada= "subsequente" and id_tipo_token_spaCy = (SELECT id_chave_tipo_token FROM tipos_tokens WHERE  nome_tipo_token="adverbio" UNION (SELECT id_chave_tipo_token FROM tipos_tokens WHERE nome_tipo_token = 'indeterminado') LIMIT 1)), (select id_chave_titulo from titulos where nome_titulo="subsequente"), "1", @id_arquivo_var);
 INSERT IGNORE INTO frases (nome_frase, id_token, id_titulo, ordem, id_arquivo_fonte) VALUES ("80_1",(SELECT id_chave_token FROM tokens WHERE BINARY  acentuada= "80" and id_tipo_token_spaCy = (SELECT id_chave_tipo_token FROM tipos_tokens WHERE  nome_tipo_token="numeral" UNION (SELECT id_chave_tipo_token FROM tipos_tokens WHERE nome_tipo_token = 'indeterminado') LIMIT 1)), (select id_chave_titulo from titulos where nome_titulo="80"), "1", @id_arquivo_var);
 INSERT IGNORE INTO frases (nome_frase, id_token, id_titulo, ordem, id_arquivo_fonte) VALUES ("noturno_1",(SELECT id_chave_token FROM tokens WHERE BINARY  acentuada= "noturno" and id_tipo_token_spaCy = (SELECT id_chave_tipo_token FROM tipos_tokens WHERE  nome_tipo_token="adjetivo" UNION (SELECT id_chave_tipo_token FROM tipos_tokens WHERE nome_tipo_token = 'indeterminado') LIMIT 1)), (select id_chave_titulo from titulos where nome_titulo="noturno"), "1", @id_arquivo_var);
 INSERT IGNORE INTO frases (nome_frase, id_token, id_titulo, ordem, id_arquivo_fonte) VALUES ("ead_1",(SELECT id_chave_token FROM tokens WHERE BINARY  acentuada= "ead" and id_tipo_token_spaCy = (SELECT id_chave_tipo_token FROM tipos_tokens WHERE  nome_tipo_token="sigla" UNION (SELECT id_chave_tipo_token FROM tipos_tokens WHERE nome_tipo_token = 'indeterminado') LIMIT 1)), (select id_chave_titulo from titulos where nome_titulo="ead"), "1", @id_arquivo_var);
 INSERT IGNORE INTO frases (nome_frase, id_token, id_titulo, ordem, id_arquivo_fonte) VALUES ("3516_-_05_1",(SELECT id_chave_token FROM tokens WHERE BINARY  acentuada= "3516" and id_tipo_token_spaCy = (SELECT id_chave_tipo_token FROM tipos_tokens WHERE  nome_tipo_token="numeral" UNION (SELECT id_chave_tipo_token FROM tipos_tokens WHERE nome_tipo_token = 'indeterminado') LIMIT 1)), (select id_chave_titulo from titulos where nome_titulo="3516_-_05"), "1", @id_arquivo_var);
 INSERT IGNORE INTO frases (nome_frase, id_token, id_titulo, ordem, id_arquivo_fonte) VALUES ("3516_-_05_2",(SELECT id_chave_token FROM tokens WHERE BINARY  acentuada= "-" and id_tipo_token_spaCy = (SELECT id_chave_tipo_token FROM tipos_tokens WHERE  nome_tipo_token="pontuacao" UNION (SELECT id_chave_tipo_token FROM tipos_tokens WHERE nome_tipo_token = 'indeterminado') LIMIT 1)), (select id_chave_titulo from titulos where nome_titulo="3516_-_05"), "2", @id_arquivo_var);
 INSERT IGNORE INTO frases (nome_frase, id_token, id_titulo, ordem, id_arquivo_fonte) VALUES ("3516_-_05_3",(SELECT id_chave_token FROM tokens WHERE BINARY  acentuada= "05" and id_tipo_token_spaCy = (SELECT id_chave_tipo_token FROM tipos_tokens WHERE  nome_tipo_token="numeral" UNION (SELECT id_chave_tipo_token FROM tipos_tokens WHERE nome_tipo_token = 'indeterminado') LIMIT 1)), (select id_chave_titulo from titulos where nome_titulo="3516_-_05"), "3", @id_arquivo_var);
 INSERT IGNORE INTO frases (nome_frase, id_token, id_titulo, ordem, id_arquivo_fonte) VALUES ("máx_._8_semestres_1",(SELECT id_chave_token FROM tokens WHERE BINARY  acentuada= "máx" and id_tipo_token_spaCy = (SELECT id_chave_tipo_token FROM tipos_tokens WHERE  nome_tipo_token="interjeicao" UNION (SELECT id_chave_tipo_token FROM tipos_tokens WHERE nome_tipo_token = 'indeterminado') LIMIT 1)), (select id_chave_titulo from titulos where nome_titulo="máx_._8_semestres"), "1", @id_arquivo_var);
 INSERT IGNORE INTO frases (nome_frase, id_token, id_titulo, ordem, id_arquivo_fonte) VALUES ("máx_._8_semestres_2",(SELECT id_chave_token FROM tokens WHERE BINARY  acentuada= "." and id_tipo_token_spaCy = (SELECT id_chave_tipo_token FROM tipos_tokens WHERE  nome_tipo_token="pontuacao" UNION (SELECT id_chave_tipo_token FROM tipos_tokens WHERE nome_tipo_token = 'indeterminado') LIMIT 1)), (select id_chave_titulo from titulos where nome_titulo="máx_._8_semestres"), "2", @id_arquivo_var);
 INSERT IGNORE INTO frases (nome_frase, id_token, id_titulo, ordem, id_arquivo_fonte) VALUES ("máx_._8_semestres_3",(SELECT id_chave_token FROM tokens WHERE BINARY  acentuada= "8" and id_tipo_token_spaCy = (SELECT id_chave_tipo_token FROM tipos_tokens WHERE  nome_tipo_token="numeral" UNION (SELECT id_chave_tipo_token FROM tipos_tokens WHERE nome_tipo_token = 'indeterminado') LIMIT 1)), (select id_chave_titulo from titulos where nome_titulo="máx_._8_semestres"), "3", @id_arquivo_var);
 INSERT IGNORE INTO frases (nome_frase, id_token, id_titulo, ordem, id_arquivo_fonte) VALUES ("máx_._8_semestres_4",(SELECT id_chave_token FROM tokens WHERE BINARY  acentuada= "semestres" and id_tipo_token_spaCy = (SELECT id_chave_tipo_token FROM tipos_tokens WHERE  nome_tipo_token="substantivo" UNION (SELECT id_chave_tipo_token FROM tipos_tokens WHERE nome_tipo_token = 'indeterminado') LIMIT 1)), (select id_chave_titulo from titulos where nome_titulo="máx_._8_semestres"), "4", @id_arquivo_var);
 INSERT IGNORE INTO frases (nome_frase, id_token, id_titulo, ordem, id_arquivo_fonte) VALUES ("segurança_1",(SELECT id_chave_token FROM tokens WHERE BINARY  acentuada= "segurança" and id_tipo_token_spaCy = (SELECT id_chave_tipo_token FROM tipos_tokens WHERE  nome_tipo_token="substantivo" UNION (SELECT id_chave_tipo_token FROM tipos_tokens WHERE nome_tipo_token = 'indeterminado') LIMIT 1)), (select id_chave_titulo from titulos where nome_titulo="segurança"), "1", @id_arquivo_var);
 INSERT IGNORE INTO frases (nome_frase, id_token, id_titulo, ordem, id_arquivo_fonte) VALUES ("1200_1",(SELECT id_chave_token FROM tokens WHERE BINARY  acentuada= "1200" and id_tipo_token_spaCy = (SELECT id_chave_tipo_token FROM tipos_tokens WHERE  nome_tipo_token="numeral" UNION (SELECT id_chave_tipo_token FROM tipos_tokens WHERE nome_tipo_token = 'indeterminado') LIMIT 1)), (select id_chave_titulo from titulos where nome_titulo="1200"), "1", @id_arquivo_var);
 INSERT IGNORE INTO frases (nome_frase, id_token, id_titulo, ordem, id_arquivo_fonte) VALUES ("estrutural_1",(SELECT id_chave_token FROM tokens WHERE BINARY  acentuada= "estrutural" and id_tipo_token_spaCy = (SELECT id_chave_tipo_token FROM tipos_tokens WHERE  nome_tipo_token="substantivo" UNION (SELECT id_chave_tipo_token FROM tipos_tokens WHERE nome_tipo_token = 'indeterminado') LIMIT 1)), (select id_chave_titulo from titulos where nome_titulo="estrutural"), "1", @id_arquivo_var);
 INSERT IGNORE INTO frases (nome_frase, id_token, id_titulo, ordem, id_arquivo_fonte) VALUES ("técnico_em_manutenção_automotiva_1",(SELECT id_chave_token FROM tokens WHERE BINARY  acentuada= "técnico" and id_tipo_token_spaCy = (SELECT id_chave_tipo_token FROM tipos_tokens WHERE  nome_tipo_token="adjetivo" UNION (SELECT id_chave_tipo_token FROM tipos_tokens WHERE nome_tipo_token = 'indeterminado') LIMIT 1)), (select id_chave_titulo from titulos where nome_titulo="técnico_em_manutenção_automotiva"), "1", @id_arquivo_var);
 INSERT IGNORE INTO frases (nome_frase, id_token, id_titulo, ordem, id_arquivo_fonte) VALUES ("técnico_em_manutenção_automotiva_2",(SELECT id_chave_token FROM tokens WHERE BINARY  acentuada= "em" and id_tipo_token_spaCy = (SELECT id_chave_tipo_token FROM tipos_tokens WHERE  nome_tipo_token="preposicao" UNION (SELECT id_chave_tipo_token FROM tipos_tokens WHERE nome_tipo_token = 'indeterminado') LIMIT 1)), (select id_chave_titulo from titulos where nome_titulo="técnico_em_manutenção_automotiva"), "2", @id_arquivo_var);
 INSERT IGNORE INTO frases (nome_frase, id_token, id_titulo, ordem, id_arquivo_fonte) VALUES ("técnico_em_manutenção_automotiva_3",(SELECT id_chave_token FROM tokens WHERE BINARY  acentuada= "manutenção" and id_tipo_token_spaCy = (SELECT id_chave_tipo_token FROM tipos_tokens WHERE  nome_tipo_token="substantivo" UNION (SELECT id_chave_tipo_token FROM tipos_tokens WHERE nome_tipo_token = 'indeterminado') LIMIT 1)), (select id_chave_titulo from titulos where nome_titulo="técnico_em_manutenção_automotiva"), "3", @id_arquivo_var);
 INSERT IGNORE INTO frases (nome_frase, id_token, id_titulo, ordem, id_arquivo_fonte) VALUES ("técnico_em_manutenção_automotiva_4",(SELECT id_chave_token FROM tokens WHERE BINARY  acentuada= "automotiva" and id_tipo_token_spaCy = (SELECT id_chave_tipo_token FROM tipos_tokens WHERE  nome_tipo_token="adjetivo" UNION (SELECT id_chave_tipo_token FROM tipos_tokens WHERE nome_tipo_token = 'indeterminado') LIMIT 1)), (select id_chave_titulo from titulos where nome_titulo="técnico_em_manutenção_automotiva"), "4", @id_arquivo_var);
 INSERT IGNORE INTO frases (nome_frase, id_token, id_titulo, ordem, id_arquivo_fonte) VALUES ("3143_-_05_/_9144_-_05_/_7254_-_15_/_9531_-_15_1",(SELECT id_chave_token FROM tokens WHERE BINARY  acentuada= "3143" and id_tipo_token_spaCy = (SELECT id_chave_tipo_token FROM tipos_tokens WHERE  nome_tipo_token="numeral" UNION (SELECT id_chave_tipo_token FROM tipos_tokens WHERE nome_tipo_token = 'indeterminado') LIMIT 1)), (select id_chave_titulo from titulos where nome_titulo="3143_-_05_/_9144_-_05_/_7254_-_15_/_9531_-_15"), "1", @id_arquivo_var);
 INSERT IGNORE INTO frases (nome_frase, id_token, id_titulo, ordem, id_arquivo_fonte) VALUES ("3143_-_05_/_9144_-_05_/_7254_-_15_/_9531_-_15_2",(SELECT id_chave_token FROM tokens WHERE BINARY  acentuada= "-" and id_tipo_token_spaCy = (SELECT id_chave_tipo_token FROM tipos_tokens WHERE  nome_tipo_token="pontuacao" UNION (SELECT id_chave_tipo_token FROM tipos_tokens WHERE nome_tipo_token = 'indeterminado') LIMIT 1)), (select id_chave_titulo from titulos where nome_titulo="3143_-_05_/_9144_-_05_/_7254_-_15_/_9531_-_15"), "2", @id_arquivo_var);
 INSERT IGNORE INTO frases (nome_frase, id_token, id_titulo, ordem, id_arquivo_fonte) VALUES ("3143_-_05_/_9144_-_05_/_7254_-_15_/_9531_-_15_3",(SELECT id_chave_token FROM tokens WHERE BINARY  acentuada= "05" and id_tipo_token_spaCy = (SELECT id_chave_tipo_token FROM tipos_tokens WHERE  nome_tipo_token="numeral" UNION (SELECT id_chave_tipo_token FROM tipos_tokens WHERE nome_tipo_token = 'indeterminado') LIMIT 1)), (select id_chave_titulo from titulos where nome_titulo="3143_-_05_/_9144_-_05_/_7254_-_15_/_9531_-_15"), "3", @id_arquivo_var);
 INSERT IGNORE INTO frases (nome_frase, id_token, id_titulo, ordem, id_arquivo_fonte) VALUES ("3143_-_05_/_9144_-_05_/_7254_-_15_/_9531_-_15_4",(SELECT id_chave_token FROM tokens WHERE BINARY  acentuada= "/" and id_tipo_token_spaCy = (SELECT id_chave_tipo_token FROM tipos_tokens WHERE  nome_tipo_token="pontuacao" UNION (SELECT id_chave_tipo_token FROM tipos_tokens WHERE nome_tipo_token = 'indeterminado') LIMIT 1)), (select id_chave_titulo from titulos where nome_titulo="3143_-_05_/_9144_-_05_/_7254_-_15_/_9531_-_15"), "4", @id_arquivo_var);
 INSERT IGNORE INTO frases (nome_frase, id_token, id_titulo, ordem, id_arquivo_fonte) VALUES ("3143_-_05_/_9144_-_05_/_7254_-_15_/_9531_-_15_5",(SELECT id_chave_token FROM tokens WHERE BINARY  acentuada= "9144" and id_tipo_token_spaCy = (SELECT id_chave_tipo_token FROM tipos_tokens WHERE  nome_tipo_token="numeral" UNION (SELECT id_chave_tipo_token FROM tipos_tokens WHERE nome_tipo_token = 'indeterminado') LIMIT 1)), (select id_chave_titulo from titulos where nome_titulo="3143_-_05_/_9144_-_05_/_7254_-_15_/_9531_-_15"), "5", @id_arquivo_var);
 INSERT IGNORE INTO frases (nome_frase, id_token, id_titulo, ordem, id_arquivo_fonte) VALUES ("3143_-_05_/_9144_-_05_/_7254_-_15_/_9531_-_15_6",(SELECT id_chave_token FROM tokens WHERE BINARY  acentuada= "-" and id_tipo_token_spaCy = (SELECT id_chave_tipo_token FROM tipos_tokens WHERE  nome_tipo_token="pontuacao" UNION (SELECT id_chave_tipo_token FROM tipos_tokens WHERE nome_tipo_token = 'indeterminado') LIMIT 1)), (select id_chave_titulo from titulos where nome_titulo="3143_-_05_/_9144_-_05_/_7254_-_15_/_9531_-_15"), "6", @id_arquivo_var);
 INSERT IGNORE INTO frases (nome_frase, id_token, id_titulo, ordem, id_arquivo_fonte) VALUES ("3143_-_05_/_9144_-_05_/_7254_-_15_/_9531_-_15_7",(SELECT id_chave_token FROM tokens WHERE BINARY  acentuada= "05" and id_tipo_token_spaCy = (SELECT id_chave_tipo_token FROM tipos_tokens WHERE  nome_tipo_token="numeral" UNION (SELECT id_chave_tipo_token FROM tipos_tokens WHERE nome_tipo_token = 'indeterminado') LIMIT 1)), (select id_chave_titulo from titulos where nome_titulo="3143_-_05_/_9144_-_05_/_7254_-_15_/_9531_-_15"), "7", @id_arquivo_var);
 INSERT IGNORE INTO frases (nome_frase, id_token, id_titulo, ordem, id_arquivo_fonte) VALUES ("3143_-_05_/_9144_-_05_/_7254_-_15_/_9531_-_15_8",(SELECT id_chave_token FROM tokens WHERE BINARY  acentuada= "/" and id_tipo_token_spaCy = (SELECT id_chave_tipo_token FROM tipos_tokens WHERE  nome_tipo_token="pontuacao" UNION (SELECT id_chave_tipo_token FROM tipos_tokens WHERE nome_tipo_token = 'indeterminado') LIMIT 1)), (select id_chave_titulo from titulos where nome_titulo="3143_-_05_/_9144_-_05_/_7254_-_15_/_9531_-_15"), "8", @id_arquivo_var);
 INSERT IGNORE INTO frases (nome_frase, id_token, id_titulo, ordem, id_arquivo_fonte) VALUES ("3143_-_05_/_9144_-_05_/_7254_-_15_/_9531_-_15_9",(SELECT id_chave_token FROM tokens WHERE BINARY  acentuada= "7254" and id_tipo_token_spaCy = (SELECT id_chave_tipo_token FROM tipos_tokens WHERE  nome_tipo_token="numeral" UNION (SELECT id_chave_tipo_token FROM tipos_tokens WHERE nome_tipo_token = 'indeterminado') LIMIT 1)), (select id_chave_titulo from titulos where nome_titulo="3143_-_05_/_9144_-_05_/_7254_-_15_/_9531_-_15"), "9", @id_arquivo_var);
 INSERT IGNORE INTO frases (nome_frase, id_token, id_titulo, ordem, id_arquivo_fonte) VALUES ("3143_-_05_/_9144_-_05_/_7254_-_15_/_9531_-_15_10",(SELECT id_chave_token FROM tokens WHERE BINARY  acentuada= "-" and id_tipo_token_spaCy = (SELECT id_chave_tipo_token FROM tipos_tokens WHERE  nome_tipo_token="pontuacao" UNION (SELECT id_chave_tipo_token FROM tipos_tokens WHERE nome_tipo_token = 'indeterminado') LIMIT 1)), (select id_chave_titulo from titulos where nome_titulo="3143_-_05_/_9144_-_05_/_7254_-_15_/_9531_-_15"), "10", @id_arquivo_var);
 INSERT IGNORE INTO frases (nome_frase, id_token, id_titulo, ordem, id_arquivo_fonte) VALUES ("3143_-_05_/_9144_-_05_/_7254_-_15_/_9531_-_15_11",(SELECT id_chave_token FROM tokens WHERE BINARY  acentuada= "15" and id_tipo_token_spaCy = (SELECT id_chave_tipo_token FROM tipos_tokens WHERE  nome_tipo_token="numeral" UNION (SELECT id_chave_tipo_token FROM tipos_tokens WHERE nome_tipo_token = 'indeterminado') LIMIT 1)), (select id_chave_titulo from titulos where nome_titulo="3143_-_05_/_9144_-_05_/_7254_-_15_/_9531_-_15"), "11", @id_arquivo_var);
 INSERT IGNORE INTO frases (nome_frase, id_token, id_titulo, ordem, id_arquivo_fonte) VALUES ("3143_-_05_/_9144_-_05_/_7254_-_15_/_9531_-_15_12",(SELECT id_chave_token FROM tokens WHERE BINARY  acentuada= "/" and id_tipo_token_spaCy = (SELECT id_chave_tipo_token FROM tipos_tokens WHERE  nome_tipo_token="pontuacao" UNION (SELECT id_chave_tipo_token FROM tipos_tokens WHERE nome_tipo_token = 'indeterminado') LIMIT 1)), (select id_chave_titulo from titulos where nome_titulo="3143_-_05_/_9144_-_05_/_7254_-_15_/_9531_-_15"), "12", @id_arquivo_var);
 INSERT IGNORE INTO frases (nome_frase, id_token, id_titulo, ordem, id_arquivo_fonte) VALUES ("3143_-_05_/_9144_-_05_/_7254_-_15_/_9531_-_15_13",(SELECT id_chave_token FROM tokens WHERE BINARY  acentuada= "9531" and id_tipo_token_spaCy = (SELECT id_chave_tipo_token FROM tipos_tokens WHERE  nome_tipo_token="numeral" UNION (SELECT id_chave_tipo_token FROM tipos_tokens WHERE nome_tipo_token = 'indeterminado') LIMIT 1)), (select id_chave_titulo from titulos where nome_titulo="3143_-_05_/_9144_-_05_/_7254_-_15_/_9531_-_15"), "13", @id_arquivo_var);
 INSERT IGNORE INTO frases (nome_frase, id_token, id_titulo, ordem, id_arquivo_fonte) VALUES ("3143_-_05_/_9144_-_05_/_7254_-_15_/_9531_-_15_14",(SELECT id_chave_token FROM tokens WHERE BINARY  acentuada= "-" and id_tipo_token_spaCy = (SELECT id_chave_tipo_token FROM tipos_tokens WHERE  nome_tipo_token="pontuacao" UNION (SELECT id_chave_tipo_token FROM tipos_tokens WHERE nome_tipo_token = 'indeterminado') LIMIT 1)), (select id_chave_titulo from titulos where nome_titulo="3143_-_05_/_9144_-_05_/_7254_-_15_/_9531_-_15"), "14", @id_arquivo_var);
 INSERT IGNORE INTO frases (nome_frase, id_token, id_titulo, ordem, id_arquivo_fonte) VALUES ("3143_-_05_/_9144_-_05_/_7254_-_15_/_9531_-_15_15",(SELECT id_chave_token FROM tokens WHERE BINARY  acentuada= "15" and id_tipo_token_spaCy = (SELECT id_chave_tipo_token FROM tipos_tokens WHERE  nome_tipo_token="numeral" UNION (SELECT id_chave_tipo_token FROM tipos_tokens WHERE nome_tipo_token = 'indeterminado') LIMIT 1)), (select id_chave_titulo from titulos where nome_titulo="3143_-_05_/_9144_-_05_/_7254_-_15_/_9531_-_15"), "15", @id_arquivo_var);
 INSERT IGNORE INTO frases (nome_frase, id_token, id_titulo, ordem, id_arquivo_fonte) VALUES ("controle_e_processos_industriais_1",(SELECT id_chave_token FROM tokens WHERE BINARY  acentuada= "controle" and id_tipo_token_spaCy = (SELECT id_chave_tipo_token FROM tipos_tokens WHERE  nome_tipo_token="substantivo" UNION (SELECT id_chave_tipo_token FROM tipos_tokens WHERE nome_tipo_token = 'indeterminado') LIMIT 1)), (select id_chave_titulo from titulos where nome_titulo="controle_e_processos_industriais"), "1", @id_arquivo_var);
 INSERT IGNORE INTO frases (nome_frase, id_token, id_titulo, ordem, id_arquivo_fonte) VALUES ("controle_e_processos_industriais_2",(SELECT id_chave_token FROM tokens WHERE BINARY  acentuada= "e" and id_tipo_token_spaCy = (SELECT id_chave_tipo_token FROM tipos_tokens WHERE  nome_tipo_token="substantivo" UNION (SELECT id_chave_tipo_token FROM tipos_tokens WHERE nome_tipo_token = 'indeterminado') LIMIT 1)), (select id_chave_titulo from titulos where nome_titulo="controle_e_processos_industriais"), "2", @id_arquivo_var);
 INSERT IGNORE INTO frases (nome_frase, id_token, id_titulo, ordem, id_arquivo_fonte) VALUES ("controle_e_processos_industriais_3",(SELECT id_chave_token FROM tokens WHERE BINARY  acentuada= "processos" and id_tipo_token_spaCy = (SELECT id_chave_tipo_token FROM tipos_tokens WHERE  nome_tipo_token="substantivo" UNION (SELECT id_chave_tipo_token FROM tipos_tokens WHERE nome_tipo_token = 'indeterminado') LIMIT 1)), (select id_chave_titulo from titulos where nome_titulo="controle_e_processos_industriais"), "3", @id_arquivo_var);
 INSERT IGNORE INTO frases (nome_frase, id_token, id_titulo, ordem, id_arquivo_fonte) VALUES ("controle_e_processos_industriais_4",(SELECT id_chave_token FROM tokens WHERE BINARY  acentuada= "industriais" and id_tipo_token_spaCy = (SELECT id_chave_tipo_token FROM tipos_tokens WHERE  nome_tipo_token="adjetivo" UNION (SELECT id_chave_tipo_token FROM tipos_tokens WHERE nome_tipo_token = 'indeterminado') LIMIT 1)), (select id_chave_titulo from titulos where nome_titulo="controle_e_processos_industriais"), "4", @id_arquivo_var);
 INSERT IGNORE INTO frases (nome_frase, id_token, id_titulo, ordem, id_arquivo_fonte) VALUES ("4232_1",(SELECT id_chave_token FROM tokens WHERE BINARY  acentuada= "4232" and id_tipo_token_spaCy = (SELECT id_chave_tipo_token FROM tipos_tokens WHERE  nome_tipo_token="numeral" UNION (SELECT id_chave_tipo_token FROM tipos_tokens WHERE nome_tipo_token = 'indeterminado') LIMIT 1)), (select id_chave_titulo from titulos where nome_titulo="4232"), "1", @id_arquivo_var);
 INSERT IGNORE INTO frases (nome_frase, id_token, id_titulo, ordem, id_arquivo_fonte) VALUES ("técnico_em_meio_ambiente_1",(SELECT id_chave_token FROM tokens WHERE BINARY  acentuada= "técnico" and id_tipo_token_spaCy = (SELECT id_chave_tipo_token FROM tipos_tokens WHERE  nome_tipo_token="adjetivo" UNION (SELECT id_chave_tipo_token FROM tipos_tokens WHERE nome_tipo_token = 'indeterminado') LIMIT 1)), (select id_chave_titulo from titulos where nome_titulo="técnico_em_meio_ambiente"), "1", @id_arquivo_var);
 INSERT IGNORE INTO frases (nome_frase, id_token, id_titulo, ordem, id_arquivo_fonte) VALUES ("técnico_em_meio_ambiente_2",(SELECT id_chave_token FROM tokens WHERE BINARY  acentuada= "em" and id_tipo_token_spaCy = (SELECT id_chave_tipo_token FROM tipos_tokens WHERE  nome_tipo_token="preposicao" UNION (SELECT id_chave_tipo_token FROM tipos_tokens WHERE nome_tipo_token = 'indeterminado') LIMIT 1)), (select id_chave_titulo from titulos where nome_titulo="técnico_em_meio_ambiente"), "2", @id_arquivo_var);
 INSERT IGNORE INTO frases (nome_frase, id_token, id_titulo, ordem, id_arquivo_fonte) VALUES ("técnico_em_meio_ambiente_3",(SELECT id_chave_token FROM tokens WHERE BINARY  acentuada= "meio" and id_tipo_token_spaCy = (SELECT id_chave_tipo_token FROM tipos_tokens WHERE  nome_tipo_token="adjetivo" UNION (SELECT id_chave_tipo_token FROM tipos_tokens WHERE nome_tipo_token = 'indeterminado') LIMIT 1)), (select id_chave_titulo from titulos where nome_titulo="técnico_em_meio_ambiente"), "3", @id_arquivo_var);
 INSERT IGNORE INTO frases (nome_frase, id_token, id_titulo, ordem, id_arquivo_fonte) VALUES ("técnico_em_meio_ambiente_4",(SELECT id_chave_token FROM tokens WHERE BINARY  acentuada= "ambiente" and id_tipo_token_spaCy = (SELECT id_chave_tipo_token FROM tipos_tokens WHERE  nome_tipo_token="substantivo" UNION (SELECT id_chave_tipo_token FROM tipos_tokens WHERE nome_tipo_token = 'indeterminado') LIMIT 1)), (select id_chave_titulo from titulos where nome_titulo="técnico_em_meio_ambiente"), "4", @id_arquivo_var);
 INSERT IGNORE INTO frases (nome_frase, id_token, id_titulo, ordem, id_arquivo_fonte) VALUES ("40_1",(SELECT id_chave_token FROM tokens WHERE BINARY  acentuada= "40" and id_tipo_token_spaCy = (SELECT id_chave_tipo_token FROM tipos_tokens WHERE  nome_tipo_token="numeral" UNION (SELECT id_chave_tipo_token FROM tipos_tokens WHERE nome_tipo_token = 'indeterminado') LIMIT 1)), (select id_chave_titulo from titulos where nome_titulo="40"), "1", @id_arquivo_var);
 INSERT IGNORE INTO frases (nome_frase, id_token, id_titulo, ordem, id_arquivo_fonte) VALUES ("não_declarado_1",(SELECT id_chave_token FROM tokens WHERE BINARY  acentuada= "não" and id_tipo_token_spaCy = (SELECT id_chave_tipo_token FROM tipos_tokens WHERE  nome_tipo_token="adverbio" UNION (SELECT id_chave_tipo_token FROM tipos_tokens WHERE nome_tipo_token = 'indeterminado') LIMIT 1)), (select id_chave_titulo from titulos where nome_titulo="não_declarado"), "1", @id_arquivo_var);
 INSERT IGNORE INTO frases (nome_frase, id_token, id_titulo, ordem, id_arquivo_fonte) VALUES ("não_declarado_2",(SELECT id_chave_token FROM tokens WHERE BINARY  acentuada= "declarado" and id_tipo_token_spaCy = (SELECT id_chave_tipo_token FROM tipos_tokens WHERE  nome_tipo_token="verbo" UNION (SELECT id_chave_tipo_token FROM tipos_tokens WHERE nome_tipo_token = 'indeterminado') LIMIT 1)), (select id_chave_titulo from titulos where nome_titulo="não_declarado"), "2", @id_arquivo_var);
 INSERT IGNORE INTO frases (nome_frase, id_token, id_titulo, ordem, id_arquivo_fonte) VALUES ("meio_ambiente_e_saúde_1",(SELECT id_chave_token FROM tokens WHERE BINARY  acentuada= "meio" and id_tipo_token_spaCy = (SELECT id_chave_tipo_token FROM tipos_tokens WHERE  nome_tipo_token="substantivo" UNION (SELECT id_chave_tipo_token FROM tipos_tokens WHERE nome_tipo_token = 'indeterminado') LIMIT 1)), (select id_chave_titulo from titulos where nome_titulo="meio_ambiente_e_saúde"), "1", @id_arquivo_var);
 INSERT IGNORE INTO frases (nome_frase, id_token, id_titulo, ordem, id_arquivo_fonte) VALUES ("meio_ambiente_e_saúde_2",(SELECT id_chave_token FROM tokens WHERE BINARY  acentuada= "ambiente" and id_tipo_token_spaCy = (SELECT id_chave_tipo_token FROM tipos_tokens WHERE  nome_tipo_token="substantivo" UNION (SELECT id_chave_tipo_token FROM tipos_tokens WHERE nome_tipo_token = 'indeterminado') LIMIT 1)), (select id_chave_titulo from titulos where nome_titulo="meio_ambiente_e_saúde"), "2", @id_arquivo_var);
 INSERT IGNORE INTO frases (nome_frase, id_token, id_titulo, ordem, id_arquivo_fonte) VALUES ("meio_ambiente_e_saúde_3",(SELECT id_chave_token FROM tokens WHERE BINARY  acentuada= "e" and id_tipo_token_spaCy = (SELECT id_chave_tipo_token FROM tipos_tokens WHERE  nome_tipo_token="substantivo" UNION (SELECT id_chave_tipo_token FROM tipos_tokens WHERE nome_tipo_token = 'indeterminado') LIMIT 1)), (select id_chave_titulo from titulos where nome_titulo="meio_ambiente_e_saúde"), "3", @id_arquivo_var);
 INSERT IGNORE INTO frases (nome_frase, id_token, id_titulo, ordem, id_arquivo_fonte) VALUES ("meio_ambiente_e_saúde_4",(SELECT id_chave_token FROM tokens WHERE BINARY  acentuada= "saúde" and id_tipo_token_spaCy = (SELECT id_chave_tipo_token FROM tipos_tokens WHERE  nome_tipo_token="substantivo" UNION (SELECT id_chave_tipo_token FROM tipos_tokens WHERE nome_tipo_token = 'indeterminado') LIMIT 1)), (select id_chave_titulo from titulos where nome_titulo="meio_ambiente_e_saúde"), "4", @id_arquivo_var);
 INSERT IGNORE INTO frases (nome_frase, id_token, id_titulo, ordem, id_arquivo_fonte) VALUES ("gama_1",(SELECT id_chave_token FROM tokens WHERE BINARY  acentuada= "gama" and id_tipo_token_spaCy = (SELECT id_chave_tipo_token FROM tipos_tokens WHERE  nome_tipo_token="adjetivo" UNION (SELECT id_chave_tipo_token FROM tipos_tokens WHERE nome_tipo_token = 'indeterminado') LIMIT 1)), (select id_chave_titulo from titulos where nome_titulo="gama"), "1", @id_arquivo_var);
 INSERT IGNORE INTO frases (nome_frase, id_token, id_titulo, ordem, id_arquivo_fonte) VALUES ("técnico_em_alimentos_1",(SELECT id_chave_token FROM tokens WHERE BINARY  acentuada= "técnico" and id_tipo_token_spaCy = (SELECT id_chave_tipo_token FROM tipos_tokens WHERE  nome_tipo_token="adjetivo" UNION (SELECT id_chave_tipo_token FROM tipos_tokens WHERE nome_tipo_token = 'indeterminado') LIMIT 1)), (select id_chave_titulo from titulos where nome_titulo="técnico_em_alimentos"), "1", @id_arquivo_var);
 INSERT IGNORE INTO frases (nome_frase, id_token, id_titulo, ordem, id_arquivo_fonte) VALUES ("técnico_em_alimentos_2",(SELECT id_chave_token FROM tokens WHERE BINARY  acentuada= "em" and id_tipo_token_spaCy = (SELECT id_chave_tipo_token FROM tipos_tokens WHERE  nome_tipo_token="preposicao" UNION (SELECT id_chave_tipo_token FROM tipos_tokens WHERE nome_tipo_token = 'indeterminado') LIMIT 1)), (select id_chave_titulo from titulos where nome_titulo="técnico_em_alimentos"), "2", @id_arquivo_var);
 INSERT IGNORE INTO frases (nome_frase, id_token, id_titulo, ordem, id_arquivo_fonte) VALUES ("técnico_em_alimentos_3",(SELECT id_chave_token FROM tokens WHERE BINARY  acentuada= "alimentos" and id_tipo_token_spaCy = (SELECT id_chave_tipo_token FROM tipos_tokens WHERE  nome_tipo_token="substantivo" UNION (SELECT id_chave_tipo_token FROM tipos_tokens WHERE nome_tipo_token = 'indeterminado') LIMIT 1)), (select id_chave_titulo from titulos where nome_titulo="técnico_em_alimentos"), "3", @id_arquivo_var);
 INSERT IGNORE INTO frases (nome_frase, id_token, id_titulo, ordem, id_arquivo_fonte) VALUES ("30_1",(SELECT id_chave_token FROM tokens WHERE BINARY  acentuada= "30" and id_tipo_token_spaCy = (SELECT id_chave_tipo_token FROM tipos_tokens WHERE  nome_tipo_token="numeral" UNION (SELECT id_chave_tipo_token FROM tipos_tokens WHERE nome_tipo_token = 'indeterminado') LIMIT 1)), (select id_chave_titulo from titulos where nome_titulo="30"), "1", @id_arquivo_var);
 INSERT IGNORE INTO frases (nome_frase, id_token, id_titulo, ordem, id_arquivo_fonte) VALUES ("produção_alimentícia_1",(SELECT id_chave_token FROM tokens WHERE BINARY  acentuada= "produção" and id_tipo_token_spaCy = (SELECT id_chave_tipo_token FROM tipos_tokens WHERE  nome_tipo_token="substantivo" UNION (SELECT id_chave_tipo_token FROM tipos_tokens WHERE nome_tipo_token = 'indeterminado') LIMIT 1)), (select id_chave_titulo from titulos where nome_titulo="produção_alimentícia"), "1", @id_arquivo_var);
 INSERT IGNORE INTO frases (nome_frase, id_token, id_titulo, ordem, id_arquivo_fonte) VALUES ("produção_alimentícia_2",(SELECT id_chave_token FROM tokens WHERE BINARY  acentuada= "alimentícia" and id_tipo_token_spaCy = (SELECT id_chave_tipo_token FROM tipos_tokens WHERE  nome_tipo_token="adjetivo" UNION (SELECT id_chave_tipo_token FROM tipos_tokens WHERE nome_tipo_token = 'indeterminado') LIMIT 1)), (select id_chave_titulo from titulos where nome_titulo="produção_alimentícia"), "2", @id_arquivo_var);
 INSERT IGNORE INTO frases (nome_frase, id_token, id_titulo, ordem, id_arquivo_fonte) VALUES ("1667_1",(SELECT id_chave_token FROM tokens WHERE BINARY  acentuada= "1667" and id_tipo_token_spaCy = (SELECT id_chave_tipo_token FROM tipos_tokens WHERE  nome_tipo_token="numeral" UNION (SELECT id_chave_tipo_token FROM tipos_tokens WHERE nome_tipo_token = 'indeterminado') LIMIT 1)), (select id_chave_titulo from titulos where nome_titulo="1667"), "1", @id_arquivo_var);
 INSERT IGNORE INTO frases (nome_frase, id_token, id_titulo, ordem, id_arquivo_fonte) VALUES ("técnico_em_química_1",(SELECT id_chave_token FROM tokens WHERE BINARY  acentuada= "técnico" and id_tipo_token_spaCy = (SELECT id_chave_tipo_token FROM tipos_tokens WHERE  nome_tipo_token="adjetivo" UNION (SELECT id_chave_tipo_token FROM tipos_tokens WHERE nome_tipo_token = 'indeterminado') LIMIT 1)), (select id_chave_titulo from titulos where nome_titulo="técnico_em_química"), "1", @id_arquivo_var);
 INSERT IGNORE INTO frases (nome_frase, id_token, id_titulo, ordem, id_arquivo_fonte) VALUES ("técnico_em_química_2",(SELECT id_chave_token FROM tokens WHERE BINARY  acentuada= "em" and id_tipo_token_spaCy = (SELECT id_chave_tipo_token FROM tipos_tokens WHERE  nome_tipo_token="preposicao" UNION (SELECT id_chave_tipo_token FROM tipos_tokens WHERE nome_tipo_token = 'indeterminado') LIMIT 1)), (select id_chave_titulo from titulos where nome_titulo="técnico_em_química"), "2", @id_arquivo_var);
 INSERT IGNORE INTO frases (nome_frase, id_token, id_titulo, ordem, id_arquivo_fonte) VALUES ("técnico_em_química_3",(SELECT id_chave_token FROM tokens WHERE BINARY  acentuada= "química" and id_tipo_token_spaCy = (SELECT id_chave_tipo_token FROM tipos_tokens WHERE  nome_tipo_token="substantivo" UNION (SELECT id_chave_tipo_token FROM tipos_tokens WHERE nome_tipo_token = 'indeterminado') LIMIT 1)), (select id_chave_titulo from titulos where nome_titulo="técnico_em_química"), "3", @id_arquivo_var);
 INSERT IGNORE INTO frases (nome_frase, id_token, id_titulo, ordem, id_arquivo_fonte) VALUES ("produção_industrial_1",(SELECT id_chave_token FROM tokens WHERE BINARY  acentuada= "produção" and id_tipo_token_spaCy = (SELECT id_chave_tipo_token FROM tipos_tokens WHERE  nome_tipo_token="substantivo" UNION (SELECT id_chave_tipo_token FROM tipos_tokens WHERE nome_tipo_token = 'indeterminado') LIMIT 1)), (select id_chave_titulo from titulos where nome_titulo="produção_industrial"), "1", @id_arquivo_var);
 INSERT IGNORE INTO frases (nome_frase, id_token, id_titulo, ordem, id_arquivo_fonte) VALUES ("produção_industrial_2",(SELECT id_chave_token FROM tokens WHERE BINARY  acentuada= "industrial" and id_tipo_token_spaCy = (SELECT id_chave_tipo_token FROM tipos_tokens WHERE  nome_tipo_token="adjetivo" UNION (SELECT id_chave_tipo_token FROM tipos_tokens WHERE nome_tipo_token = 'indeterminado') LIMIT 1)), (select id_chave_titulo from titulos where nome_titulo="produção_industrial"), "2", @id_arquivo_var);
 INSERT IGNORE INTO frases (nome_frase, id_token, id_titulo, ordem, id_arquivo_fonte) VALUES ("3633_1",(SELECT id_chave_token FROM tokens WHERE BINARY  acentuada= "3633" and id_tipo_token_spaCy = (SELECT id_chave_tipo_token FROM tipos_tokens WHERE  nome_tipo_token="numeral" UNION (SELECT id_chave_tipo_token FROM tipos_tokens WHERE nome_tipo_token = 'indeterminado') LIMIT 1)), (select id_chave_titulo from titulos where nome_titulo="3633"), "1", @id_arquivo_var);
 INSERT IGNORE INTO frases (nome_frase, id_token, id_titulo, ordem, id_arquivo_fonte) VALUES ("planaltina_1",(SELECT id_chave_token FROM tokens WHERE BINARY  acentuada= "planaltina" and id_tipo_token_spaCy = (SELECT id_chave_tipo_token FROM tipos_tokens WHERE  nome_tipo_token="verbo" UNION (SELECT id_chave_tipo_token FROM tipos_tokens WHERE nome_tipo_token = 'indeterminado') LIMIT 1)), (select id_chave_titulo from titulos where nome_titulo="planaltina"), "1", @id_arquivo_var);
 INSERT IGNORE INTO frases (nome_frase, id_token, id_titulo, ordem, id_arquivo_fonte) VALUES ("técnico_em_agropecuária_1",(SELECT id_chave_token FROM tokens WHERE BINARY  acentuada= "técnico" and id_tipo_token_spaCy = (SELECT id_chave_tipo_token FROM tipos_tokens WHERE  nome_tipo_token="adjetivo" UNION (SELECT id_chave_tipo_token FROM tipos_tokens WHERE nome_tipo_token = 'indeterminado') LIMIT 1)), (select id_chave_titulo from titulos where nome_titulo="técnico_em_agropecuária"), "1", @id_arquivo_var);
 INSERT IGNORE INTO frases (nome_frase, id_token, id_titulo, ordem, id_arquivo_fonte) VALUES ("técnico_em_agropecuária_2",(SELECT id_chave_token FROM tokens WHERE BINARY  acentuada= "em" and id_tipo_token_spaCy = (SELECT id_chave_tipo_token FROM tipos_tokens WHERE  nome_tipo_token="preposicao" UNION (SELECT id_chave_tipo_token FROM tipos_tokens WHERE nome_tipo_token = 'indeterminado') LIMIT 1)), (select id_chave_titulo from titulos where nome_titulo="técnico_em_agropecuária"), "2", @id_arquivo_var);
 INSERT IGNORE INTO frases (nome_frase, id_token, id_titulo, ordem, id_arquivo_fonte) VALUES ("técnico_em_agropecuária_3",(SELECT id_chave_token FROM tokens WHERE BINARY  acentuada= "agropecuária" and id_tipo_token_spaCy = (SELECT id_chave_tipo_token FROM tipos_tokens WHERE  nome_tipo_token="substantivo" UNION (SELECT id_chave_tipo_token FROM tipos_tokens WHERE nome_tipo_token = 'indeterminado') LIMIT 1)), (select id_chave_titulo from titulos where nome_titulo="técnico_em_agropecuária"), "3", @id_arquivo_var);
 INSERT IGNORE INTO frases (nome_frase, id_token, id_titulo, ordem, id_arquivo_fonte) VALUES ("agropecuária_1",(SELECT id_chave_token FROM tokens WHERE BINARY  acentuada= "agropecuária" and id_tipo_token_spaCy = (SELECT id_chave_tipo_token FROM tipos_tokens WHERE  nome_tipo_token="substantivo" UNION (SELECT id_chave_tipo_token FROM tipos_tokens WHERE nome_tipo_token = 'indeterminado') LIMIT 1)), (select id_chave_titulo from titulos where nome_titulo="agropecuária"), "1", @id_arquivo_var);
 INSERT IGNORE INTO frases (nome_frase, id_token, id_titulo, ordem, id_arquivo_fonte) VALUES ("3600_1",(SELECT id_chave_token FROM tokens WHERE BINARY  acentuada= "3600" and id_tipo_token_spaCy = (SELECT id_chave_tipo_token FROM tipos_tokens WHERE  nome_tipo_token="numeral" UNION (SELECT id_chave_tipo_token FROM tipos_tokens WHERE nome_tipo_token = 'indeterminado') LIMIT 1)), (select id_chave_titulo from titulos where nome_titulo="3600"), "1", @id_arquivo_var);
 INSERT IGNORE INTO frases (nome_frase, id_token, id_titulo, ordem, id_arquivo_fonte) VALUES ("recanto_das_emas_1",(SELECT id_chave_token FROM tokens WHERE BINARY  acentuada= "recanto" and id_tipo_token_spaCy = (SELECT id_chave_tipo_token FROM tipos_tokens WHERE  nome_tipo_token="substantivo" UNION (SELECT id_chave_tipo_token FROM tipos_tokens WHERE nome_tipo_token = 'indeterminado') LIMIT 1)), (select id_chave_titulo from titulos where nome_titulo="recanto_das_emas"), "1", @id_arquivo_var);
 INSERT IGNORE INTO frases (nome_frase, id_token, id_titulo, ordem, id_arquivo_fonte) VALUES ("recanto_das_emas_2",(SELECT id_chave_token FROM tokens WHERE BINARY  acentuada= "das" and id_tipo_token_spaCy = (SELECT id_chave_tipo_token FROM tipos_tokens WHERE  nome_tipo_token="preposicao" UNION (SELECT id_chave_tipo_token FROM tipos_tokens WHERE nome_tipo_token = 'indeterminado') LIMIT 1)), (select id_chave_titulo from titulos where nome_titulo="recanto_das_emas"), "2", @id_arquivo_var);
 INSERT IGNORE INTO frases (nome_frase, id_token, id_titulo, ordem, id_arquivo_fonte) VALUES ("recanto_das_emas_3",(SELECT id_chave_token FROM tokens WHERE BINARY  acentuada= "emas" and id_tipo_token_spaCy = (SELECT id_chave_tipo_token FROM tipos_tokens WHERE  nome_tipo_token="substantivo" UNION (SELECT id_chave_tipo_token FROM tipos_tokens WHERE nome_tipo_token = 'indeterminado') LIMIT 1)), (select id_chave_titulo from titulos where nome_titulo="recanto_das_emas"), "3", @id_arquivo_var);
 INSERT IGNORE INTO frases (nome_frase, id_token, id_titulo, ordem, id_arquivo_fonte) VALUES ("técnico_em_produção_de_Áudio_e_vídeo_1",(SELECT id_chave_token FROM tokens WHERE BINARY  acentuada= "técnico" and id_tipo_token_spaCy = (SELECT id_chave_tipo_token FROM tipos_tokens WHERE  nome_tipo_token="adjetivo" UNION (SELECT id_chave_tipo_token FROM tipos_tokens WHERE nome_tipo_token = 'indeterminado') LIMIT 1)), (select id_chave_titulo from titulos where nome_titulo="técnico_em_produção_de_Áudio_e_vídeo"), "1", @id_arquivo_var);
 INSERT IGNORE INTO frases (nome_frase, id_token, id_titulo, ordem, id_arquivo_fonte) VALUES ("técnico_em_produção_de_Áudio_e_vídeo_2",(SELECT id_chave_token FROM tokens WHERE BINARY  acentuada= "em" and id_tipo_token_spaCy = (SELECT id_chave_tipo_token FROM tipos_tokens WHERE  nome_tipo_token="preposicao" UNION (SELECT id_chave_tipo_token FROM tipos_tokens WHERE nome_tipo_token = 'indeterminado') LIMIT 1)), (select id_chave_titulo from titulos where nome_titulo="técnico_em_produção_de_Áudio_e_vídeo"), "2", @id_arquivo_var);
 INSERT IGNORE INTO frases (nome_frase, id_token, id_titulo, ordem, id_arquivo_fonte) VALUES ("técnico_em_produção_de_Áudio_e_vídeo_3",(SELECT id_chave_token FROM tokens WHERE BINARY  acentuada= "produção" and id_tipo_token_spaCy = (SELECT id_chave_tipo_token FROM tipos_tokens WHERE  nome_tipo_token="substantivo" UNION (SELECT id_chave_tipo_token FROM tipos_tokens WHERE nome_tipo_token = 'indeterminado') LIMIT 1)), (select id_chave_titulo from titulos where nome_titulo="técnico_em_produção_de_Áudio_e_vídeo"), "3", @id_arquivo_var);
 INSERT IGNORE INTO frases (nome_frase, id_token, id_titulo, ordem, id_arquivo_fonte) VALUES ("técnico_em_produção_de_Áudio_e_vídeo_4",(SELECT id_chave_token FROM tokens WHERE BINARY  acentuada= "de" and id_tipo_token_spaCy = (SELECT id_chave_tipo_token FROM tipos_tokens WHERE  nome_tipo_token="preposicao" UNION (SELECT id_chave_tipo_token FROM tipos_tokens WHERE nome_tipo_token = 'indeterminado') LIMIT 1)), (select id_chave_titulo from titulos where nome_titulo="técnico_em_produção_de_Áudio_e_vídeo"), "4", @id_arquivo_var);
 INSERT IGNORE INTO frases (nome_frase, id_token, id_titulo, ordem, id_arquivo_fonte) VALUES ("técnico_em_produção_de_Áudio_e_vídeo_5",(SELECT id_chave_token FROM tokens WHERE BINARY  acentuada= "áudio" and id_tipo_token_spaCy = (SELECT id_chave_tipo_token FROM tipos_tokens WHERE  nome_tipo_token="substantivo" UNION (SELECT id_chave_tipo_token FROM tipos_tokens WHERE nome_tipo_token = 'indeterminado') LIMIT 1)), (select id_chave_titulo from titulos where nome_titulo="técnico_em_produção_de_Áudio_e_vídeo"), "5", @id_arquivo_var);
 INSERT IGNORE INTO frases (nome_frase, id_token, id_titulo, ordem, id_arquivo_fonte) VALUES ("técnico_em_produção_de_Áudio_e_vídeo_6",(SELECT id_chave_token FROM tokens WHERE BINARY  acentuada= "e" and id_tipo_token_spaCy = (SELECT id_chave_tipo_token FROM tipos_tokens WHERE  nome_tipo_token="substantivo" UNION (SELECT id_chave_tipo_token FROM tipos_tokens WHERE nome_tipo_token = 'indeterminado') LIMIT 1)), (select id_chave_titulo from titulos where nome_titulo="técnico_em_produção_de_Áudio_e_vídeo"), "6", @id_arquivo_var);
 INSERT IGNORE INTO frases (nome_frase, id_token, id_titulo, ordem, id_arquivo_fonte) VALUES ("técnico_em_produção_de_Áudio_e_vídeo_7",(SELECT id_chave_token FROM tokens WHERE BINARY  acentuada= "vídeo" and id_tipo_token_spaCy = (SELECT id_chave_tipo_token FROM tipos_tokens WHERE  nome_tipo_token="substantivo" UNION (SELECT id_chave_tipo_token FROM tipos_tokens WHERE nome_tipo_token = 'indeterminado') LIMIT 1)), (select id_chave_titulo from titulos where nome_titulo="técnico_em_produção_de_Áudio_e_vídeo"), "7", @id_arquivo_var);
 INSERT IGNORE INTO frases (nome_frase, id_token, id_titulo, ordem, id_arquivo_fonte) VALUES ("produção_cultural_e_design_1",(SELECT id_chave_token FROM tokens WHERE BINARY  acentuada= "produção" and id_tipo_token_spaCy = (SELECT id_chave_tipo_token FROM tipos_tokens WHERE  nome_tipo_token="substantivo" UNION (SELECT id_chave_tipo_token FROM tipos_tokens WHERE nome_tipo_token = 'indeterminado') LIMIT 1)), (select id_chave_titulo from titulos where nome_titulo="produção_cultural_e_design"), "1", @id_arquivo_var);
 INSERT IGNORE INTO frases (nome_frase, id_token, id_titulo, ordem, id_arquivo_fonte) VALUES ("produção_cultural_e_design_2",(SELECT id_chave_token FROM tokens WHERE BINARY  acentuada= "cultural" and id_tipo_token_spaCy = (SELECT id_chave_tipo_token FROM tipos_tokens WHERE  nome_tipo_token="adjetivo" UNION (SELECT id_chave_tipo_token FROM tipos_tokens WHERE nome_tipo_token = 'indeterminado') LIMIT 1)), (select id_chave_titulo from titulos where nome_titulo="produção_cultural_e_design"), "2", @id_arquivo_var);
 INSERT IGNORE INTO frases (nome_frase, id_token, id_titulo, ordem, id_arquivo_fonte) VALUES ("produção_cultural_e_design_3",(SELECT id_chave_token FROM tokens WHERE BINARY  acentuada= "e" and id_tipo_token_spaCy = (SELECT id_chave_tipo_token FROM tipos_tokens WHERE  nome_tipo_token="substantivo" UNION (SELECT id_chave_tipo_token FROM tipos_tokens WHERE nome_tipo_token = 'indeterminado') LIMIT 1)), (select id_chave_titulo from titulos where nome_titulo="produção_cultural_e_design"), "3", @id_arquivo_var);
 INSERT IGNORE INTO frases (nome_frase, id_token, id_titulo, ordem, id_arquivo_fonte) VALUES ("produção_cultural_e_design_4",(SELECT id_chave_token FROM tokens WHERE BINARY  acentuada= "design" and id_tipo_token_spaCy = (SELECT id_chave_tipo_token FROM tipos_tokens WHERE  nome_tipo_token="substantivo" UNION (SELECT id_chave_tipo_token FROM tipos_tokens WHERE nome_tipo_token = 'indeterminado') LIMIT 1)), (select id_chave_titulo from titulos where nome_titulo="produção_cultural_e_design"), "4", @id_arquivo_var);
 INSERT IGNORE INTO frases (nome_frase, id_token, id_titulo, ordem, id_arquivo_fonte) VALUES ("4240_1",(SELECT id_chave_token FROM tokens WHERE BINARY  acentuada= "4240" and id_tipo_token_spaCy = (SELECT id_chave_tipo_token FROM tipos_tokens WHERE  nome_tipo_token="numeral" UNION (SELECT id_chave_tipo_token FROM tipos_tokens WHERE nome_tipo_token = 'indeterminado') LIMIT 1)), (select id_chave_titulo from titulos where nome_titulo="4240"), "1", @id_arquivo_var);
 INSERT IGNORE INTO frases (nome_frase, id_token, id_titulo, ordem, id_arquivo_fonte) VALUES ("riacho_fundo_1",(SELECT id_chave_token FROM tokens WHERE BINARY  acentuada= "riacho" and id_tipo_token_spaCy = (SELECT id_chave_tipo_token FROM tipos_tokens WHERE  nome_tipo_token="substantivo" UNION (SELECT id_chave_tipo_token FROM tipos_tokens WHERE nome_tipo_token = 'indeterminado') LIMIT 1)), (select id_chave_titulo from titulos where nome_titulo="riacho_fundo"), "1", @id_arquivo_var);
 INSERT IGNORE INTO frases (nome_frase, id_token, id_titulo, ordem, id_arquivo_fonte) VALUES ("riacho_fundo_2",(SELECT id_chave_token FROM tokens WHERE BINARY  acentuada= "fundo" and id_tipo_token_spaCy = (SELECT id_chave_tipo_token FROM tipos_tokens WHERE  nome_tipo_token="adverbio" UNION (SELECT id_chave_tipo_token FROM tipos_tokens WHERE nome_tipo_token = 'indeterminado') LIMIT 1)), (select id_chave_titulo from titulos where nome_titulo="riacho_fundo"), "2", @id_arquivo_var);
 INSERT IGNORE INTO frases (nome_frase, id_token, id_titulo, ordem, id_arquivo_fonte) VALUES ("técnico_em_cozinha_1",(SELECT id_chave_token FROM tokens WHERE BINARY  acentuada= "técnico" and id_tipo_token_spaCy = (SELECT id_chave_tipo_token FROM tipos_tokens WHERE  nome_tipo_token="adjetivo" UNION (SELECT id_chave_tipo_token FROM tipos_tokens WHERE nome_tipo_token = 'indeterminado') LIMIT 1)), (select id_chave_titulo from titulos where nome_titulo="técnico_em_cozinha"), "1", @id_arquivo_var);
 INSERT IGNORE INTO frases (nome_frase, id_token, id_titulo, ordem, id_arquivo_fonte) VALUES ("técnico_em_cozinha_2",(SELECT id_chave_token FROM tokens WHERE BINARY  acentuada= "em" and id_tipo_token_spaCy = (SELECT id_chave_tipo_token FROM tipos_tokens WHERE  nome_tipo_token="preposicao" UNION (SELECT id_chave_tipo_token FROM tipos_tokens WHERE nome_tipo_token = 'indeterminado') LIMIT 1)), (select id_chave_titulo from titulos where nome_titulo="técnico_em_cozinha"), "2", @id_arquivo_var);
 INSERT IGNORE INTO frases (nome_frase, id_token, id_titulo, ordem, id_arquivo_fonte) VALUES ("técnico_em_cozinha_3",(SELECT id_chave_token FROM tokens WHERE BINARY  acentuada= "cozinha" and id_tipo_token_spaCy = (SELECT id_chave_tipo_token FROM tipos_tokens WHERE  nome_tipo_token="substantivo" UNION (SELECT id_chave_tipo_token FROM tipos_tokens WHERE nome_tipo_token = 'indeterminado') LIMIT 1)), (select id_chave_titulo from titulos where nome_titulo="técnico_em_cozinha"), "3", @id_arquivo_var);
 INSERT IGNORE INTO frases (nome_frase, id_token, id_titulo, ordem, id_arquivo_fonte) VALUES ("hospitalidade_e_lazer_1",(SELECT id_chave_token FROM tokens WHERE BINARY  acentuada= "hospitalidade" and id_tipo_token_spaCy = (SELECT id_chave_tipo_token FROM tipos_tokens WHERE  nome_tipo_token="substantivo" UNION (SELECT id_chave_tipo_token FROM tipos_tokens WHERE nome_tipo_token = 'indeterminado') LIMIT 1)), (select id_chave_titulo from titulos where nome_titulo="hospitalidade_e_lazer"), "1", @id_arquivo_var);
 INSERT IGNORE INTO frases (nome_frase, id_token, id_titulo, ordem, id_arquivo_fonte) VALUES ("hospitalidade_e_lazer_2",(SELECT id_chave_token FROM tokens WHERE BINARY  acentuada= "e" and id_tipo_token_spaCy = (SELECT id_chave_tipo_token FROM tipos_tokens WHERE  nome_tipo_token="substantivo" UNION (SELECT id_chave_tipo_token FROM tipos_tokens WHERE nome_tipo_token = 'indeterminado') LIMIT 1)), (select id_chave_titulo from titulos where nome_titulo="hospitalidade_e_lazer"), "2", @id_arquivo_var);
 INSERT IGNORE INTO frases (nome_frase, id_token, id_titulo, ordem, id_arquivo_fonte) VALUES ("hospitalidade_e_lazer_3",(SELECT id_chave_token FROM tokens WHERE BINARY  acentuada= "lazer" and id_tipo_token_spaCy = (SELECT id_chave_tipo_token FROM tipos_tokens WHERE  nome_tipo_token="substantivo" UNION (SELECT id_chave_tipo_token FROM tipos_tokens WHERE nome_tipo_token = 'indeterminado') LIMIT 1)), (select id_chave_titulo from titulos where nome_titulo="hospitalidade_e_lazer"), "3", @id_arquivo_var);
 INSERT IGNORE INTO frases (nome_frase, id_token, id_titulo, ordem, id_arquivo_fonte) VALUES ("3632_1",(SELECT id_chave_token FROM tokens WHERE BINARY  acentuada= "3632" and id_tipo_token_spaCy = (SELECT id_chave_tipo_token FROM tipos_tokens WHERE  nome_tipo_token="numeral" UNION (SELECT id_chave_tipo_token FROM tipos_tokens WHERE nome_tipo_token = 'indeterminado') LIMIT 1)), (select id_chave_titulo from titulos where nome_titulo="3632"), "1", @id_arquivo_var);
 INSERT IGNORE INTO frases (nome_frase, id_token, id_titulo, ordem, id_arquivo_fonte) VALUES ("técnico_em_hospedagem_1",(SELECT id_chave_token FROM tokens WHERE BINARY  acentuada= "técnico" and id_tipo_token_spaCy = (SELECT id_chave_tipo_token FROM tipos_tokens WHERE  nome_tipo_token="adjetivo" UNION (SELECT id_chave_tipo_token FROM tipos_tokens WHERE nome_tipo_token = 'indeterminado') LIMIT 1)), (select id_chave_titulo from titulos where nome_titulo="técnico_em_hospedagem"), "1", @id_arquivo_var);
 INSERT IGNORE INTO frases (nome_frase, id_token, id_titulo, ordem, id_arquivo_fonte) VALUES ("técnico_em_hospedagem_2",(SELECT id_chave_token FROM tokens WHERE BINARY  acentuada= "em" and id_tipo_token_spaCy = (SELECT id_chave_tipo_token FROM tipos_tokens WHERE  nome_tipo_token="preposicao" UNION (SELECT id_chave_tipo_token FROM tipos_tokens WHERE nome_tipo_token = 'indeterminado') LIMIT 1)), (select id_chave_titulo from titulos where nome_titulo="técnico_em_hospedagem"), "2", @id_arquivo_var);
 INSERT IGNORE INTO frases (nome_frase, id_token, id_titulo, ordem, id_arquivo_fonte) VALUES ("técnico_em_hospedagem_3",(SELECT id_chave_token FROM tokens WHERE BINARY  acentuada= "hospedagem" and id_tipo_token_spaCy = (SELECT id_chave_tipo_token FROM tipos_tokens WHERE  nome_tipo_token="substantivo" UNION (SELECT id_chave_tipo_token FROM tipos_tokens WHERE nome_tipo_token = 'indeterminado') LIMIT 1)), (select id_chave_titulo from titulos where nome_titulo="técnico_em_hospedagem"), "3", @id_arquivo_var);
 INSERT IGNORE INTO frases (nome_frase, id_token, id_titulo, ordem, id_arquivo_fonte) VALUES ("3066_1",(SELECT id_chave_token FROM tokens WHERE BINARY  acentuada= "3066" and id_tipo_token_spaCy = (SELECT id_chave_tipo_token FROM tipos_tokens WHERE  nome_tipo_token="numeral" UNION (SELECT id_chave_tipo_token FROM tipos_tokens WHERE nome_tipo_token = 'indeterminado') LIMIT 1)), (select id_chave_titulo from titulos where nome_titulo="3066"), "1", @id_arquivo_var);
 INSERT IGNORE INTO frases (nome_frase, id_token, id_titulo, ordem, id_arquivo_fonte) VALUES ("samambaia_1",(SELECT id_chave_token FROM tokens WHERE BINARY  acentuada= "samambaia" and id_tipo_token_spaCy = (SELECT id_chave_tipo_token FROM tipos_tokens WHERE  nome_tipo_token="substantivo" UNION (SELECT id_chave_tipo_token FROM tipos_tokens WHERE nome_tipo_token = 'indeterminado') LIMIT 1)), (select id_chave_titulo from titulos where nome_titulo="samambaia"), "1", @id_arquivo_var);
 INSERT IGNORE INTO frases (nome_frase, id_token, id_titulo, ordem, id_arquivo_fonte) VALUES ("técnico_em_controle_ambiental_1",(SELECT id_chave_token FROM tokens WHERE BINARY  acentuada= "técnico" and id_tipo_token_spaCy = (SELECT id_chave_tipo_token FROM tipos_tokens WHERE  nome_tipo_token="adjetivo" UNION (SELECT id_chave_tipo_token FROM tipos_tokens WHERE nome_tipo_token = 'indeterminado') LIMIT 1)), (select id_chave_titulo from titulos where nome_titulo="técnico_em_controle_ambiental"), "1", @id_arquivo_var);
 INSERT IGNORE INTO frases (nome_frase, id_token, id_titulo, ordem, id_arquivo_fonte) VALUES ("técnico_em_controle_ambiental_2",(SELECT id_chave_token FROM tokens WHERE BINARY  acentuada= "em" and id_tipo_token_spaCy = (SELECT id_chave_tipo_token FROM tipos_tokens WHERE  nome_tipo_token="preposicao" UNION (SELECT id_chave_tipo_token FROM tipos_tokens WHERE nome_tipo_token = 'indeterminado') LIMIT 1)), (select id_chave_titulo from titulos where nome_titulo="técnico_em_controle_ambiental"), "2", @id_arquivo_var);
 INSERT IGNORE INTO frases (nome_frase, id_token, id_titulo, ordem, id_arquivo_fonte) VALUES ("técnico_em_controle_ambiental_3",(SELECT id_chave_token FROM tokens WHERE BINARY  acentuada= "controle" and id_tipo_token_spaCy = (SELECT id_chave_tipo_token FROM tipos_tokens WHERE  nome_tipo_token="substantivo" UNION (SELECT id_chave_tipo_token FROM tipos_tokens WHERE nome_tipo_token = 'indeterminado') LIMIT 1)), (select id_chave_titulo from titulos where nome_titulo="técnico_em_controle_ambiental"), "3", @id_arquivo_var);
 INSERT IGNORE INTO frases (nome_frase, id_token, id_titulo, ordem, id_arquivo_fonte) VALUES ("técnico_em_controle_ambiental_4",(SELECT id_chave_token FROM tokens WHERE BINARY  acentuada= "ambiental" and id_tipo_token_spaCy = (SELECT id_chave_tipo_token FROM tipos_tokens WHERE  nome_tipo_token="adjetivo" UNION (SELECT id_chave_tipo_token FROM tipos_tokens WHERE nome_tipo_token = 'indeterminado') LIMIT 1)), (select id_chave_titulo from titulos where nome_titulo="técnico_em_controle_ambiental"), "4", @id_arquivo_var);
 INSERT IGNORE INTO frases (nome_frase, id_token, id_titulo, ordem, id_arquivo_fonte) VALUES ("3550_1",(SELECT id_chave_token FROM tokens WHERE BINARY  acentuada= "3550" and id_tipo_token_spaCy = (SELECT id_chave_tipo_token FROM tipos_tokens WHERE  nome_tipo_token="numeral" UNION (SELECT id_chave_tipo_token FROM tipos_tokens WHERE nome_tipo_token = 'indeterminado') LIMIT 1)), (select id_chave_titulo from titulos where nome_titulo="3550"), "1", @id_arquivo_var);
 INSERT IGNORE INTO frases (nome_frase, id_token, id_titulo, ordem, id_arquivo_fonte) VALUES ("técnico_em_design_de_móveis_1",(SELECT id_chave_token FROM tokens WHERE BINARY  acentuada= "técnico" and id_tipo_token_spaCy = (SELECT id_chave_tipo_token FROM tipos_tokens WHERE  nome_tipo_token="adjetivo" UNION (SELECT id_chave_tipo_token FROM tipos_tokens WHERE nome_tipo_token = 'indeterminado') LIMIT 1)), (select id_chave_titulo from titulos where nome_titulo="técnico_em_design_de_móveis"), "1", @id_arquivo_var);
 INSERT IGNORE INTO frases (nome_frase, id_token, id_titulo, ordem, id_arquivo_fonte) VALUES ("técnico_em_design_de_móveis_2",(SELECT id_chave_token FROM tokens WHERE BINARY  acentuada= "em" and id_tipo_token_spaCy = (SELECT id_chave_tipo_token FROM tipos_tokens WHERE  nome_tipo_token="preposicao" UNION (SELECT id_chave_tipo_token FROM tipos_tokens WHERE nome_tipo_token = 'indeterminado') LIMIT 1)), (select id_chave_titulo from titulos where nome_titulo="técnico_em_design_de_móveis"), "2", @id_arquivo_var);
 INSERT IGNORE INTO frases (nome_frase, id_token, id_titulo, ordem, id_arquivo_fonte) VALUES ("técnico_em_design_de_móveis_3",(SELECT id_chave_token FROM tokens WHERE BINARY  acentuada= "design" and id_tipo_token_spaCy = (SELECT id_chave_tipo_token FROM tipos_tokens WHERE  nome_tipo_token="substantivo" UNION (SELECT id_chave_tipo_token FROM tipos_tokens WHERE nome_tipo_token = 'indeterminado') LIMIT 1)), (select id_chave_titulo from titulos where nome_titulo="técnico_em_design_de_móveis"), "3", @id_arquivo_var);
 INSERT IGNORE INTO frases (nome_frase, id_token, id_titulo, ordem, id_arquivo_fonte) VALUES ("técnico_em_design_de_móveis_4",(SELECT id_chave_token FROM tokens WHERE BINARY  acentuada= "de" and id_tipo_token_spaCy = (SELECT id_chave_tipo_token FROM tipos_tokens WHERE  nome_tipo_token="preposicao" UNION (SELECT id_chave_tipo_token FROM tipos_tokens WHERE nome_tipo_token = 'indeterminado') LIMIT 1)), (select id_chave_titulo from titulos where nome_titulo="técnico_em_design_de_móveis"), "4", @id_arquivo_var);
 INSERT IGNORE INTO frases (nome_frase, id_token, id_titulo, ordem, id_arquivo_fonte) VALUES ("técnico_em_design_de_móveis_5",(SELECT id_chave_token FROM tokens WHERE BINARY  acentuada= "móveis" and id_tipo_token_spaCy = (SELECT id_chave_tipo_token FROM tipos_tokens WHERE  nome_tipo_token="substantivo" UNION (SELECT id_chave_tipo_token FROM tipos_tokens WHERE nome_tipo_token = 'indeterminado') LIMIT 1)), (select id_chave_titulo from titulos where nome_titulo="técnico_em_design_de_móveis"), "5", @id_arquivo_var);
 INSERT IGNORE INTO frases (nome_frase, id_token, id_titulo, ordem, id_arquivo_fonte) VALUES ("desenhista_técnico_/_projetista_de_móveis_/_maquetista_na_marcenaria_1",(SELECT id_chave_token FROM tokens WHERE BINARY  acentuada= "desenhista" and id_tipo_token_spaCy = (SELECT id_chave_tipo_token FROM tipos_tokens WHERE  nome_tipo_token="substantivo" UNION (SELECT id_chave_tipo_token FROM tipos_tokens WHERE nome_tipo_token = 'indeterminado') LIMIT 1)), (select id_chave_titulo from titulos where nome_titulo="desenhista_técnico_/_projetista_de_móveis_/_maquetista_na_marcenaria"), "1", @id_arquivo_var);
 INSERT IGNORE INTO frases (nome_frase, id_token, id_titulo, ordem, id_arquivo_fonte) VALUES ("desenhista_técnico_/_projetista_de_móveis_/_maquetista_na_marcenaria_2",(SELECT id_chave_token FROM tokens WHERE BINARY  acentuada= "técnico" and id_tipo_token_spaCy = (SELECT id_chave_tipo_token FROM tipos_tokens WHERE  nome_tipo_token="adjetivo" UNION (SELECT id_chave_tipo_token FROM tipos_tokens WHERE nome_tipo_token = 'indeterminado') LIMIT 1)), (select id_chave_titulo from titulos where nome_titulo="desenhista_técnico_/_projetista_de_móveis_/_maquetista_na_marcenaria"), "2", @id_arquivo_var);
 INSERT IGNORE INTO frases (nome_frase, id_token, id_titulo, ordem, id_arquivo_fonte) VALUES ("desenhista_técnico_/_projetista_de_móveis_/_maquetista_na_marcenaria_3",(SELECT id_chave_token FROM tokens WHERE BINARY  acentuada= "/" and id_tipo_token_spaCy = (SELECT id_chave_tipo_token FROM tipos_tokens WHERE  nome_tipo_token="pontuacao" UNION (SELECT id_chave_tipo_token FROM tipos_tokens WHERE nome_tipo_token = 'indeterminado') LIMIT 1)), (select id_chave_titulo from titulos where nome_titulo="desenhista_técnico_/_projetista_de_móveis_/_maquetista_na_marcenaria"), "3", @id_arquivo_var);
 INSERT IGNORE INTO frases (nome_frase, id_token, id_titulo, ordem, id_arquivo_fonte) VALUES ("desenhista_técnico_/_projetista_de_móveis_/_maquetista_na_marcenaria_4",(SELECT id_chave_token FROM tokens WHERE BINARY  acentuada= "projetista" and id_tipo_token_spaCy = (SELECT id_chave_tipo_token FROM tipos_tokens WHERE  nome_tipo_token="substantivo" UNION (SELECT id_chave_tipo_token FROM tipos_tokens WHERE nome_tipo_token = 'indeterminado') LIMIT 1)), (select id_chave_titulo from titulos where nome_titulo="desenhista_técnico_/_projetista_de_móveis_/_maquetista_na_marcenaria"), "4", @id_arquivo_var);
 INSERT IGNORE INTO frases (nome_frase, id_token, id_titulo, ordem, id_arquivo_fonte) VALUES ("desenhista_técnico_/_projetista_de_móveis_/_maquetista_na_marcenaria_5",(SELECT id_chave_token FROM tokens WHERE BINARY  acentuada= "de" and id_tipo_token_spaCy = (SELECT id_chave_tipo_token FROM tipos_tokens WHERE  nome_tipo_token="preposicao" UNION (SELECT id_chave_tipo_token FROM tipos_tokens WHERE nome_tipo_token = 'indeterminado') LIMIT 1)), (select id_chave_titulo from titulos where nome_titulo="desenhista_técnico_/_projetista_de_móveis_/_maquetista_na_marcenaria"), "5", @id_arquivo_var);
 INSERT IGNORE INTO frases (nome_frase, id_token, id_titulo, ordem, id_arquivo_fonte) VALUES ("desenhista_técnico_/_projetista_de_móveis_/_maquetista_na_marcenaria_6",(SELECT id_chave_token FROM tokens WHERE BINARY  acentuada= "móveis" and id_tipo_token_spaCy = (SELECT id_chave_tipo_token FROM tipos_tokens WHERE  nome_tipo_token="substantivo" UNION (SELECT id_chave_tipo_token FROM tipos_tokens WHERE nome_tipo_token = 'indeterminado') LIMIT 1)), (select id_chave_titulo from titulos where nome_titulo="desenhista_técnico_/_projetista_de_móveis_/_maquetista_na_marcenaria"), "6", @id_arquivo_var);
 INSERT IGNORE INTO frases (nome_frase, id_token, id_titulo, ordem, id_arquivo_fonte) VALUES ("desenhista_técnico_/_projetista_de_móveis_/_maquetista_na_marcenaria_7",(SELECT id_chave_token FROM tokens WHERE BINARY  acentuada= "/" and id_tipo_token_spaCy = (SELECT id_chave_tipo_token FROM tipos_tokens WHERE  nome_tipo_token="pontuacao" UNION (SELECT id_chave_tipo_token FROM tipos_tokens WHERE nome_tipo_token = 'indeterminado') LIMIT 1)), (select id_chave_titulo from titulos where nome_titulo="desenhista_técnico_/_projetista_de_móveis_/_maquetista_na_marcenaria"), "7", @id_arquivo_var);
 INSERT IGNORE INTO frases (nome_frase, id_token, id_titulo, ordem, id_arquivo_fonte) VALUES ("desenhista_técnico_/_projetista_de_móveis_/_maquetista_na_marcenaria_8",(SELECT id_chave_token FROM tokens WHERE BINARY  acentuada= "maquetista" and id_tipo_token_spaCy = (SELECT id_chave_tipo_token FROM tipos_tokens WHERE  nome_tipo_token="substantivo" UNION (SELECT id_chave_tipo_token FROM tipos_tokens WHERE nome_tipo_token = 'indeterminado') LIMIT 1)), (select id_chave_titulo from titulos where nome_titulo="desenhista_técnico_/_projetista_de_móveis_/_maquetista_na_marcenaria"), "8", @id_arquivo_var);
 INSERT IGNORE INTO frases (nome_frase, id_token, id_titulo, ordem, id_arquivo_fonte) VALUES ("desenhista_técnico_/_projetista_de_móveis_/_maquetista_na_marcenaria_9",(SELECT id_chave_token FROM tokens WHERE BINARY  acentuada= "na" and id_tipo_token_spaCy = (SELECT id_chave_tipo_token FROM tipos_tokens WHERE  nome_tipo_token="preposicao" UNION (SELECT id_chave_tipo_token FROM tipos_tokens WHERE nome_tipo_token = 'indeterminado') LIMIT 1)), (select id_chave_titulo from titulos where nome_titulo="desenhista_técnico_/_projetista_de_móveis_/_maquetista_na_marcenaria"), "9", @id_arquivo_var);
 INSERT IGNORE INTO frases (nome_frase, id_token, id_titulo, ordem, id_arquivo_fonte) VALUES ("desenhista_técnico_/_projetista_de_móveis_/_maquetista_na_marcenaria_10",(SELECT id_chave_token FROM tokens WHERE BINARY  acentuada= "marcenaria" and id_tipo_token_spaCy = (SELECT id_chave_tipo_token FROM tipos_tokens WHERE  nome_tipo_token="substantivo" UNION (SELECT id_chave_tipo_token FROM tipos_tokens WHERE nome_tipo_token = 'indeterminado') LIMIT 1)), (select id_chave_titulo from titulos where nome_titulo="desenhista_técnico_/_projetista_de_móveis_/_maquetista_na_marcenaria"), "10", @id_arquivo_var);
 INSERT IGNORE INTO frases (nome_frase, id_token, id_titulo, ordem, id_arquivo_fonte) VALUES ("3679_1",(SELECT id_chave_token FROM tokens WHERE BINARY  acentuada= "3679" and id_tipo_token_spaCy = (SELECT id_chave_tipo_token FROM tipos_tokens WHERE  nome_tipo_token="numeral" UNION (SELECT id_chave_tipo_token FROM tipos_tokens WHERE nome_tipo_token = 'indeterminado') LIMIT 1)), (select id_chave_titulo from titulos where nome_titulo="3679"), "1", @id_arquivo_var);
 INSERT IGNORE INTO frases (nome_frase, id_token, id_titulo, ordem, id_arquivo_fonte) VALUES ("são_sebastião_1",(SELECT id_chave_token FROM tokens WHERE BINARY  acentuada= "são" and id_tipo_token_spaCy = (SELECT id_chave_tipo_token FROM tipos_tokens WHERE  nome_tipo_token="verbo" UNION (SELECT id_chave_tipo_token FROM tipos_tokens WHERE nome_tipo_token = 'indeterminado') LIMIT 1)), (select id_chave_titulo from titulos where nome_titulo="são_sebastião"), "1", @id_arquivo_var);
 INSERT IGNORE INTO frases (nome_frase, id_token, id_titulo, ordem, id_arquivo_fonte) VALUES ("são_sebastião_2",(SELECT id_chave_token FROM tokens WHERE BINARY  acentuada= "sebastião" and id_tipo_token_spaCy = (SELECT id_chave_tipo_token FROM tipos_tokens WHERE  nome_tipo_token="substantivo" UNION (SELECT id_chave_tipo_token FROM tipos_tokens WHERE nome_tipo_token = 'indeterminado') LIMIT 1)), (select id_chave_titulo from titulos where nome_titulo="são_sebastião"), "2", @id_arquivo_var);
 INSERT IGNORE INTO frases (nome_frase, id_token, id_titulo, ordem, id_arquivo_fonte) VALUES ("técnico_em_administração_1",(SELECT id_chave_token FROM tokens WHERE BINARY  acentuada= "técnico" and id_tipo_token_spaCy = (SELECT id_chave_tipo_token FROM tipos_tokens WHERE  nome_tipo_token="adjetivo" UNION (SELECT id_chave_tipo_token FROM tipos_tokens WHERE nome_tipo_token = 'indeterminado') LIMIT 1)), (select id_chave_titulo from titulos where nome_titulo="técnico_em_administração"), "1", @id_arquivo_var);
 INSERT IGNORE INTO frases (nome_frase, id_token, id_titulo, ordem, id_arquivo_fonte) VALUES ("técnico_em_administração_2",(SELECT id_chave_token FROM tokens WHERE BINARY  acentuada= "em" and id_tipo_token_spaCy = (SELECT id_chave_tipo_token FROM tipos_tokens WHERE  nome_tipo_token="preposicao" UNION (SELECT id_chave_tipo_token FROM tipos_tokens WHERE nome_tipo_token = 'indeterminado') LIMIT 1)), (select id_chave_titulo from titulos where nome_titulo="técnico_em_administração"), "2", @id_arquivo_var);
 INSERT IGNORE INTO frases (nome_frase, id_token, id_titulo, ordem, id_arquivo_fonte) VALUES ("técnico_em_administração_3",(SELECT id_chave_token FROM tokens WHERE BINARY  acentuada= "administração" and id_tipo_token_spaCy = (SELECT id_chave_tipo_token FROM tipos_tokens WHERE  nome_tipo_token="substantivo" UNION (SELECT id_chave_tipo_token FROM tipos_tokens WHERE nome_tipo_token = 'indeterminado') LIMIT 1)), (select id_chave_titulo from titulos where nome_titulo="técnico_em_administração"), "3", @id_arquivo_var);
 INSERT IGNORE INTO frases (nome_frase, id_token, id_titulo, ordem, id_arquivo_fonte) VALUES ("32_1",(SELECT id_chave_token FROM tokens WHERE BINARY  acentuada= "32" and id_tipo_token_spaCy = (SELECT id_chave_tipo_token FROM tipos_tokens WHERE  nome_tipo_token="numeral" UNION (SELECT id_chave_tipo_token FROM tipos_tokens WHERE nome_tipo_token = 'indeterminado') LIMIT 1)), (select id_chave_titulo from titulos where nome_titulo="32"), "1", @id_arquivo_var);
 INSERT IGNORE INTO frases (nome_frase, id_token, id_titulo, ordem, id_arquivo_fonte) VALUES ("gestão_e_negócios_1",(SELECT id_chave_token FROM tokens WHERE BINARY  acentuada= "gestão" and id_tipo_token_spaCy = (SELECT id_chave_tipo_token FROM tipos_tokens WHERE  nome_tipo_token="substantivo" UNION (SELECT id_chave_tipo_token FROM tipos_tokens WHERE nome_tipo_token = 'indeterminado') LIMIT 1)), (select id_chave_titulo from titulos where nome_titulo="gestão_e_negócios"), "1", @id_arquivo_var);
 INSERT IGNORE INTO frases (nome_frase, id_token, id_titulo, ordem, id_arquivo_fonte) VALUES ("gestão_e_negócios_2",(SELECT id_chave_token FROM tokens WHERE BINARY  acentuada= "e" and id_tipo_token_spaCy = (SELECT id_chave_tipo_token FROM tipos_tokens WHERE  nome_tipo_token="substantivo" UNION (SELECT id_chave_tipo_token FROM tipos_tokens WHERE nome_tipo_token = 'indeterminado') LIMIT 1)), (select id_chave_titulo from titulos where nome_titulo="gestão_e_negócios"), "2", @id_arquivo_var);
 INSERT IGNORE INTO frases (nome_frase, id_token, id_titulo, ordem, id_arquivo_fonte) VALUES ("gestão_e_negócios_3",(SELECT id_chave_token FROM tokens WHERE BINARY  acentuada= "negócios" and id_tipo_token_spaCy = (SELECT id_chave_tipo_token FROM tipos_tokens WHERE  nome_tipo_token="substantivo" UNION (SELECT id_chave_tipo_token FROM tipos_tokens WHERE nome_tipo_token = 'indeterminado') LIMIT 1)), (select id_chave_titulo from titulos where nome_titulo="gestão_e_negócios"), "3", @id_arquivo_var);
 INSERT IGNORE INTO frases (nome_frase, id_token, id_titulo, ordem, id_arquivo_fonte) VALUES ("3266_1",(SELECT id_chave_token FROM tokens WHERE BINARY  acentuada= "3266" and id_tipo_token_spaCy = (SELECT id_chave_tipo_token FROM tipos_tokens WHERE  nome_tipo_token="numeral" UNION (SELECT id_chave_tipo_token FROM tipos_tokens WHERE nome_tipo_token = 'indeterminado') LIMIT 1)), (select id_chave_titulo from titulos where nome_titulo="3266"), "1", @id_arquivo_var);
 INSERT IGNORE INTO frases (nome_frase, id_token, id_titulo, ordem, id_arquivo_fonte) VALUES ("técnico_em_desenvolvimento_de_sistemas_educacionais_1",(SELECT id_chave_token FROM tokens WHERE BINARY  acentuada= "técnico" and id_tipo_token_spaCy = (SELECT id_chave_tipo_token FROM tipos_tokens WHERE  nome_tipo_token="adjetivo" UNION (SELECT id_chave_tipo_token FROM tipos_tokens WHERE nome_tipo_token = 'indeterminado') LIMIT 1)), (select id_chave_titulo from titulos where nome_titulo="técnico_em_desenvolvimento_de_sistemas_educacionais"), "1", @id_arquivo_var);
 INSERT IGNORE INTO frases (nome_frase, id_token, id_titulo, ordem, id_arquivo_fonte) VALUES ("técnico_em_desenvolvimento_de_sistemas_educacionais_2",(SELECT id_chave_token FROM tokens WHERE BINARY  acentuada= "em" and id_tipo_token_spaCy = (SELECT id_chave_tipo_token FROM tipos_tokens WHERE  nome_tipo_token="preposicao" UNION (SELECT id_chave_tipo_token FROM tipos_tokens WHERE nome_tipo_token = 'indeterminado') LIMIT 1)), (select id_chave_titulo from titulos where nome_titulo="técnico_em_desenvolvimento_de_sistemas_educacionais"), "2", @id_arquivo_var);
 INSERT IGNORE INTO frases (nome_frase, id_token, id_titulo, ordem, id_arquivo_fonte) VALUES ("técnico_em_desenvolvimento_de_sistemas_educacionais_3",(SELECT id_chave_token FROM tokens WHERE BINARY  acentuada= "desenvolvimento" and id_tipo_token_spaCy = (SELECT id_chave_tipo_token FROM tipos_tokens WHERE  nome_tipo_token="substantivo" UNION (SELECT id_chave_tipo_token FROM tipos_tokens WHERE nome_tipo_token = 'indeterminado') LIMIT 1)), (select id_chave_titulo from titulos where nome_titulo="técnico_em_desenvolvimento_de_sistemas_educacionais"), "3", @id_arquivo_var);
 INSERT IGNORE INTO frases (nome_frase, id_token, id_titulo, ordem, id_arquivo_fonte) VALUES ("técnico_em_desenvolvimento_de_sistemas_educacionais_4",(SELECT id_chave_token FROM tokens WHERE BINARY  acentuada= "de" and id_tipo_token_spaCy = (SELECT id_chave_tipo_token FROM tipos_tokens WHERE  nome_tipo_token="preposicao" UNION (SELECT id_chave_tipo_token FROM tipos_tokens WHERE nome_tipo_token = 'indeterminado') LIMIT 1)), (select id_chave_titulo from titulos where nome_titulo="técnico_em_desenvolvimento_de_sistemas_educacionais"), "4", @id_arquivo_var);
 INSERT IGNORE INTO frases (nome_frase, id_token, id_titulo, ordem, id_arquivo_fonte) VALUES ("técnico_em_desenvolvimento_de_sistemas_educacionais_5",(SELECT id_chave_token FROM tokens WHERE BINARY  acentuada= "sistemas" and id_tipo_token_spaCy = (SELECT id_chave_tipo_token FROM tipos_tokens WHERE  nome_tipo_token="substantivo" UNION (SELECT id_chave_tipo_token FROM tipos_tokens WHERE nome_tipo_token = 'indeterminado') LIMIT 1)), (select id_chave_titulo from titulos where nome_titulo="técnico_em_desenvolvimento_de_sistemas_educacionais"), "5", @id_arquivo_var);
 INSERT IGNORE INTO frases (nome_frase, id_token, id_titulo, ordem, id_arquivo_fonte) VALUES ("técnico_em_desenvolvimento_de_sistemas_educacionais_6",(SELECT id_chave_token FROM tokens WHERE BINARY  acentuada= "educacionais" and id_tipo_token_spaCy = (SELECT id_chave_tipo_token FROM tipos_tokens WHERE  nome_tipo_token="adjetivo" UNION (SELECT id_chave_tipo_token FROM tipos_tokens WHERE nome_tipo_token = 'indeterminado') LIMIT 1)), (select id_chave_titulo from titulos where nome_titulo="técnico_em_desenvolvimento_de_sistemas_educacionais"), "6", @id_arquivo_var);
 INSERT IGNORE INTO frases (nome_frase, id_token, id_titulo, ordem, id_arquivo_fonte) VALUES ("desenvolvimento_educacional_e_social_1",(SELECT id_chave_token FROM tokens WHERE BINARY  acentuada= "desenvolvimento" and id_tipo_token_spaCy = (SELECT id_chave_tipo_token FROM tipos_tokens WHERE  nome_tipo_token="substantivo" UNION (SELECT id_chave_tipo_token FROM tipos_tokens WHERE nome_tipo_token = 'indeterminado') LIMIT 1)), (select id_chave_titulo from titulos where nome_titulo="desenvolvimento_educacional_e_social"), "1", @id_arquivo_var);
 INSERT IGNORE INTO frases (nome_frase, id_token, id_titulo, ordem, id_arquivo_fonte) VALUES ("desenvolvimento_educacional_e_social_2",(SELECT id_chave_token FROM tokens WHERE BINARY  acentuada= "educacional" and id_tipo_token_spaCy = (SELECT id_chave_tipo_token FROM tipos_tokens WHERE  nome_tipo_token="adjetivo" UNION (SELECT id_chave_tipo_token FROM tipos_tokens WHERE nome_tipo_token = 'indeterminado') LIMIT 1)), (select id_chave_titulo from titulos where nome_titulo="desenvolvimento_educacional_e_social"), "2", @id_arquivo_var);
 INSERT IGNORE INTO frases (nome_frase, id_token, id_titulo, ordem, id_arquivo_fonte) VALUES ("desenvolvimento_educacional_e_social_3",(SELECT id_chave_token FROM tokens WHERE BINARY  acentuada= "e" and id_tipo_token_spaCy = (SELECT id_chave_tipo_token FROM tipos_tokens WHERE  nome_tipo_token="substantivo" UNION (SELECT id_chave_tipo_token FROM tipos_tokens WHERE nome_tipo_token = 'indeterminado') LIMIT 1)), (select id_chave_titulo from titulos where nome_titulo="desenvolvimento_educacional_e_social"), "3", @id_arquivo_var);
 INSERT IGNORE INTO frases (nome_frase, id_token, id_titulo, ordem, id_arquivo_fonte) VALUES ("desenvolvimento_educacional_e_social_4",(SELECT id_chave_token FROM tokens WHERE BINARY  acentuada= "social" and id_tipo_token_spaCy = (SELECT id_chave_tipo_token FROM tipos_tokens WHERE  nome_tipo_token="adjetivo" UNION (SELECT id_chave_tipo_token FROM tipos_tokens WHERE nome_tipo_token = 'indeterminado') LIMIT 1)), (select id_chave_titulo from titulos where nome_titulo="desenvolvimento_educacional_e_social"), "4", @id_arquivo_var);
 INSERT IGNORE INTO frases (nome_frase, id_token, id_titulo, ordem, id_arquivo_fonte) VALUES ("3283_1",(SELECT id_chave_token FROM tokens WHERE BINARY  acentuada= "3283" and id_tipo_token_spaCy = (SELECT id_chave_tipo_token FROM tipos_tokens WHERE  nome_tipo_token="numeral" UNION (SELECT id_chave_tipo_token FROM tipos_tokens WHERE nome_tipo_token = 'indeterminado') LIMIT 1)), (select id_chave_titulo from titulos where nome_titulo="3283"), "1", @id_arquivo_var);
 INSERT IGNORE INTO frases (nome_frase, id_token, id_titulo, ordem, id_arquivo_fonte) VALUES ("taguatinga_1",(SELECT id_chave_token FROM tokens WHERE BINARY  acentuada= "taguatinga" and id_tipo_token_spaCy = (SELECT id_chave_tipo_token FROM tipos_tokens WHERE  nome_tipo_token="substantivo" UNION (SELECT id_chave_tipo_token FROM tipos_tokens WHERE nome_tipo_token = 'indeterminado') LIMIT 1)), (select id_chave_titulo from titulos where nome_titulo="taguatinga"), "1", @id_arquivo_var);
 INSERT IGNORE INTO frases (nome_frase, id_token, id_titulo, ordem, id_arquivo_fonte) VALUES ("técnico_em_eletromecânica_1",(SELECT id_chave_token FROM tokens WHERE BINARY  acentuada= "técnico" and id_tipo_token_spaCy = (SELECT id_chave_tipo_token FROM tipos_tokens WHERE  nome_tipo_token="adjetivo" UNION (SELECT id_chave_tipo_token FROM tipos_tokens WHERE nome_tipo_token = 'indeterminado') LIMIT 1)), (select id_chave_titulo from titulos where nome_titulo="técnico_em_eletromecânica"), "1", @id_arquivo_var);
 INSERT IGNORE INTO frases (nome_frase, id_token, id_titulo, ordem, id_arquivo_fonte) VALUES ("técnico_em_eletromecânica_2",(SELECT id_chave_token FROM tokens WHERE BINARY  acentuada= "em" and id_tipo_token_spaCy = (SELECT id_chave_tipo_token FROM tipos_tokens WHERE  nome_tipo_token="preposicao" UNION (SELECT id_chave_tipo_token FROM tipos_tokens WHERE nome_tipo_token = 'indeterminado') LIMIT 1)), (select id_chave_titulo from titulos where nome_titulo="técnico_em_eletromecânica"), "2", @id_arquivo_var);
 INSERT IGNORE INTO frases (nome_frase, id_token, id_titulo, ordem, id_arquivo_fonte) VALUES ("técnico_em_eletromecânica_3",(SELECT id_chave_token FROM tokens WHERE BINARY  acentuada= "eletromecânica" and id_tipo_token_spaCy = (SELECT id_chave_tipo_token FROM tipos_tokens WHERE  nome_tipo_token="substantivo" UNION (SELECT id_chave_tipo_token FROM tipos_tokens WHERE nome_tipo_token = 'indeterminado') LIMIT 1)), (select id_chave_titulo from titulos where nome_titulo="técnico_em_eletromecânica"), "3", @id_arquivo_var);
 INSERT IGNORE INTO frases (nome_frase, id_token, id_titulo, ordem, id_arquivo_fonte) VALUES ("técnico_em_eletromecânica_/_agente_fiscal_de_qualidade_1",(SELECT id_chave_token FROM tokens WHERE BINARY  acentuada= "técnico" and id_tipo_token_spaCy = (SELECT id_chave_tipo_token FROM tipos_tokens WHERE  nome_tipo_token="adjetivo" UNION (SELECT id_chave_tipo_token FROM tipos_tokens WHERE nome_tipo_token = 'indeterminado') LIMIT 1)), (select id_chave_titulo from titulos where nome_titulo="técnico_em_eletromecânica_/_agente_fiscal_de_qualidade"), "1", @id_arquivo_var);
 INSERT IGNORE INTO frases (nome_frase, id_token, id_titulo, ordem, id_arquivo_fonte) VALUES ("técnico_em_eletromecânica_/_agente_fiscal_de_qualidade_2",(SELECT id_chave_token FROM tokens WHERE BINARY  acentuada= "em" and id_tipo_token_spaCy = (SELECT id_chave_tipo_token FROM tipos_tokens WHERE  nome_tipo_token="preposicao" UNION (SELECT id_chave_tipo_token FROM tipos_tokens WHERE nome_tipo_token = 'indeterminado') LIMIT 1)), (select id_chave_titulo from titulos where nome_titulo="técnico_em_eletromecânica_/_agente_fiscal_de_qualidade"), "2", @id_arquivo_var);
 INSERT IGNORE INTO frases (nome_frase, id_token, id_titulo, ordem, id_arquivo_fonte) VALUES ("técnico_em_eletromecânica_/_agente_fiscal_de_qualidade_3",(SELECT id_chave_token FROM tokens WHERE BINARY  acentuada= "eletromecânica" and id_tipo_token_spaCy = (SELECT id_chave_tipo_token FROM tipos_tokens WHERE  nome_tipo_token="substantivo" UNION (SELECT id_chave_tipo_token FROM tipos_tokens WHERE nome_tipo_token = 'indeterminado') LIMIT 1)), (select id_chave_titulo from titulos where nome_titulo="técnico_em_eletromecânica_/_agente_fiscal_de_qualidade"), "3", @id_arquivo_var);
 INSERT IGNORE INTO frases (nome_frase, id_token, id_titulo, ordem, id_arquivo_fonte) VALUES ("técnico_em_eletromecânica_/_agente_fiscal_de_qualidade_4",(SELECT id_chave_token FROM tokens WHERE BINARY  acentuada= "/" and id_tipo_token_spaCy = (SELECT id_chave_tipo_token FROM tipos_tokens WHERE  nome_tipo_token="pontuacao" UNION (SELECT id_chave_tipo_token FROM tipos_tokens WHERE nome_tipo_token = 'indeterminado') LIMIT 1)), (select id_chave_titulo from titulos where nome_titulo="técnico_em_eletromecânica_/_agente_fiscal_de_qualidade"), "4", @id_arquivo_var);
 INSERT IGNORE INTO frases (nome_frase, id_token, id_titulo, ordem, id_arquivo_fonte) VALUES ("técnico_em_eletromecânica_/_agente_fiscal_de_qualidade_5",(SELECT id_chave_token FROM tokens WHERE BINARY  acentuada= "agente" and id_tipo_token_spaCy = (SELECT id_chave_tipo_token FROM tipos_tokens WHERE  nome_tipo_token="substantivo" UNION (SELECT id_chave_tipo_token FROM tipos_tokens WHERE nome_tipo_token = 'indeterminado') LIMIT 1)), (select id_chave_titulo from titulos where nome_titulo="técnico_em_eletromecânica_/_agente_fiscal_de_qualidade"), "5", @id_arquivo_var);
 INSERT IGNORE INTO frases (nome_frase, id_token, id_titulo, ordem, id_arquivo_fonte) VALUES ("técnico_em_eletromecânica_/_agente_fiscal_de_qualidade_6",(SELECT id_chave_token FROM tokens WHERE BINARY  acentuada= "fiscal" and id_tipo_token_spaCy = (SELECT id_chave_tipo_token FROM tipos_tokens WHERE  nome_tipo_token="adjetivo" UNION (SELECT id_chave_tipo_token FROM tipos_tokens WHERE nome_tipo_token = 'indeterminado') LIMIT 1)), (select id_chave_titulo from titulos where nome_titulo="técnico_em_eletromecânica_/_agente_fiscal_de_qualidade"), "6", @id_arquivo_var);
 INSERT IGNORE INTO frases (nome_frase, id_token, id_titulo, ordem, id_arquivo_fonte) VALUES ("técnico_em_eletromecânica_/_agente_fiscal_de_qualidade_7",(SELECT id_chave_token FROM tokens WHERE BINARY  acentuada= "de" and id_tipo_token_spaCy = (SELECT id_chave_tipo_token FROM tipos_tokens WHERE  nome_tipo_token="preposicao" UNION (SELECT id_chave_tipo_token FROM tipos_tokens WHERE nome_tipo_token = 'indeterminado') LIMIT 1)), (select id_chave_titulo from titulos where nome_titulo="técnico_em_eletromecânica_/_agente_fiscal_de_qualidade"), "7", @id_arquivo_var);
 INSERT IGNORE INTO frases (nome_frase, id_token, id_titulo, ordem, id_arquivo_fonte) VALUES ("técnico_em_eletromecânica_/_agente_fiscal_de_qualidade_8",(SELECT id_chave_token FROM tokens WHERE BINARY  acentuada= "qualidade" and id_tipo_token_spaCy = (SELECT id_chave_tipo_token FROM tipos_tokens WHERE  nome_tipo_token="substantivo" UNION (SELECT id_chave_tipo_token FROM tipos_tokens WHERE nome_tipo_token = 'indeterminado') LIMIT 1)), (select id_chave_titulo from titulos where nome_titulo="técnico_em_eletromecânica_/_agente_fiscal_de_qualidade"), "8", @id_arquivo_var);
 INSERT IGNORE INTO frases (nome_frase, id_token, id_titulo, ordem, id_arquivo_fonte) VALUES ("3500_1",(SELECT id_chave_token FROM tokens WHERE BINARY  acentuada= "3500" and id_tipo_token_spaCy = (SELECT id_chave_tipo_token FROM tipos_tokens WHERE  nome_tipo_token="numeral" UNION (SELECT id_chave_tipo_token FROM tipos_tokens WHERE nome_tipo_token = 'indeterminado') LIMIT 1)), (select id_chave_titulo from titulos where nome_titulo="3500"), "1", @id_arquivo_var);
 INSERT INTO campos_cursos (nome_campo_curso, id_curso, id_titulo, id_tipo_classificacao, id_arquivo_fonte) VALUES ("ifb_1_1_estado", (select id_chave_curso from cursos where nome_curso = "ifb_1_1"), (select id_chave_titulo from titulos where nome_titulo = "df"),(SELECT id_chave_tipo_classificacao FROM tipos_classificacoes WHERE nome_tipo_classificacao = "estado" AND id_arquivo_fonte = @id_arquivo_var), @id_arquivo_var);
INSERT INTO campos_cursos (nome_campo_curso, id_curso, id_titulo, id_tipo_classificacao, id_arquivo_fonte) VALUES ("ifb_1_1_cidade", (select id_chave_curso from cursos where nome_curso = "ifb_1_1"), (select id_chave_titulo from titulos where nome_titulo = "brasília"),(SELECT id_chave_tipo_classificacao FROM tipos_classificacoes WHERE nome_tipo_classificacao = "cidade" AND id_arquivo_fonte = @id_arquivo_var), @id_arquivo_var);
INSERT INTO campos_cursos (nome_campo_curso, id_curso, id_titulo, id_tipo_classificacao, id_arquivo_fonte) VALUES ("ifb_1_1_tipo_de_curso", (select id_chave_curso from cursos where nome_curso = "ifb_1_1"), (select id_chave_titulo from titulos where nome_titulo = "curso_técnico"),(SELECT id_chave_tipo_classificacao FROM tipos_classificacoes WHERE nome_tipo_classificacao = "tipo_de_curso" AND id_arquivo_fonte = @id_arquivo_var), @id_arquivo_var);
INSERT INTO campos_cursos (nome_campo_curso, id_curso, id_titulo, id_tipo_classificacao, id_arquivo_fonte) VALUES ("ifb_1_1_campus", (select id_chave_curso from cursos where nome_curso = "ifb_1_1"), (select id_chave_titulo from titulos where nome_titulo = "brasília"),(SELECT id_chave_tipo_classificacao FROM tipos_classificacoes WHERE nome_tipo_classificacao = "campus" AND id_arquivo_fonte = @id_arquivo_var), @id_arquivo_var);
INSERT INTO campos_cursos (nome_campo_curso, id_curso, id_titulo, id_tipo_classificacao, id_arquivo_fonte) VALUES ("ifb_1_1_titulo_do_curso", (select id_chave_curso from cursos where nome_curso = "ifb_1_1"), (select id_chave_titulo from titulos where nome_titulo = "técnico_em_eventos"),(SELECT id_chave_tipo_classificacao FROM tipos_classificacoes WHERE nome_tipo_classificacao = "titulo_do_curso" AND id_arquivo_fonte = @id_arquivo_var), @id_arquivo_var);
INSERT INTO campos_cursos (nome_campo_curso, id_curso, id_titulo, id_tipo_classificacao, id_arquivo_fonte) VALUES ("ifb_1_1_tipo_de_tecnico", (select id_chave_curso from cursos where nome_curso = "ifb_1_1"), (select id_chave_titulo from titulos where nome_titulo = "integrado_ao_ensino_médio"),(SELECT id_chave_tipo_classificacao FROM tipos_classificacoes WHERE nome_tipo_classificacao = "tipo_de_tecnico" AND id_arquivo_fonte = @id_arquivo_var), @id_arquivo_var);
INSERT INTO campos_cursos (nome_campo_curso, id_curso, id_titulo, id_tipo_classificacao, id_arquivo_fonte) VALUES ("ifb_1_1_quantidade_de_vagas", (select id_chave_curso from cursos where nome_curso = "ifb_1_1"), (select id_chave_titulo from titulos where nome_titulo = "60"),(SELECT id_chave_tipo_classificacao FROM tipos_classificacoes WHERE nome_tipo_classificacao = "quantidade_de_vagas" AND id_arquivo_fonte = @id_arquivo_var), @id_arquivo_var);
INSERT INTO campos_cursos (nome_campo_curso, id_curso, id_titulo, id_tipo_classificacao, id_arquivo_fonte) VALUES ("ifb_1_1_turno", (select id_chave_curso from cursos where nome_curso = "ifb_1_1"), (select id_chave_titulo from titulos where nome_titulo = "vespertino"),(SELECT id_chave_tipo_classificacao FROM tipos_classificacoes WHERE nome_tipo_classificacao = "turno" AND id_arquivo_fonte = @id_arquivo_var), @id_arquivo_var);
INSERT INTO campos_cursos (nome_campo_curso, id_curso, id_titulo, id_tipo_classificacao, id_arquivo_fonte) VALUES ("ifb_1_1_modalidade_de_oferta", (select id_chave_curso from cursos where nome_curso = "ifb_1_1"), (select id_chave_titulo from titulos where nome_titulo = "presencial"),(SELECT id_chave_tipo_classificacao FROM tipos_classificacoes WHERE nome_tipo_classificacao = "modalidade_de_oferta" AND id_arquivo_fonte = @id_arquivo_var), @id_arquivo_var);
INSERT INTO campos_cursos (nome_campo_curso, id_curso, id_titulo, id_tipo_classificacao, id_arquivo_fonte) VALUES ("ifb_1_1_cbo", (select id_chave_curso from cursos where nome_curso = "ifb_1_1"), (select id_chave_titulo from titulos where nome_titulo = "recepcionista_de_evento_/_organizador_de_eventos"),(SELECT id_chave_tipo_classificacao FROM tipos_classificacoes WHERE nome_tipo_classificacao = "cbo" AND id_arquivo_fonte = @id_arquivo_var), @id_arquivo_var);
INSERT INTO campos_cursos (nome_campo_curso, id_curso, id_titulo, id_tipo_classificacao, id_arquivo_fonte) VALUES ("ifb_1_1_eixo_tecnologico", (select id_chave_curso from cursos where nome_curso = "ifb_1_1"), (select id_chave_titulo from titulos where nome_titulo = "turismo_,_hospitalidade_e_lazer"),(SELECT id_chave_tipo_classificacao FROM tipos_classificacoes WHERE nome_tipo_classificacao = "eixo_tecnologico" AND id_arquivo_fonte = @id_arquivo_var), @id_arquivo_var);
INSERT INTO campos_cursos (nome_campo_curso, id_curso, id_titulo, id_tipo_classificacao, id_arquivo_fonte) VALUES ("ifb_1_1_regime_de_matricula", (select id_chave_curso from cursos where nome_curso = "ifb_1_1"), (select id_chave_titulo from titulos where nome_titulo = "anual"),(SELECT id_chave_tipo_classificacao FROM tipos_classificacoes WHERE nome_tipo_classificacao = "regime_de_matricula" AND id_arquivo_fonte = @id_arquivo_var), @id_arquivo_var);
INSERT INTO campos_cursos (nome_campo_curso, id_curso, id_titulo, id_tipo_classificacao, id_arquivo_fonte) VALUES ("ifb_1_1_carga_horaria", (select id_chave_curso from cursos where nome_curso = "ifb_1_1"), (select id_chave_titulo from titulos where nome_titulo = "3120"),(SELECT id_chave_tipo_classificacao FROM tipos_classificacoes WHERE nome_tipo_classificacao = "carga_horaria" AND id_arquivo_fonte = @id_arquivo_var), @id_arquivo_var);
INSERT INTO campos_cursos (nome_campo_curso, id_curso, id_titulo, id_tipo_classificacao, id_arquivo_fonte) VALUES ("ifb_1_2_tipo_de_curso", (select id_chave_curso from cursos where nome_curso = "ifb_1_2"), (select id_chave_titulo from titulos where nome_titulo = "curso_técnico"),(SELECT id_chave_tipo_classificacao FROM tipos_classificacoes WHERE nome_tipo_classificacao = "tipo_de_curso" AND id_arquivo_fonte = @id_arquivo_var), @id_arquivo_var);
INSERT INTO campos_cursos (nome_campo_curso, id_curso, id_titulo, id_tipo_classificacao, id_arquivo_fonte) VALUES ("ifb_1_2_campus", (select id_chave_curso from cursos where nome_curso = "ifb_1_2"), (select id_chave_titulo from titulos where nome_titulo = "brasília"),(SELECT id_chave_tipo_classificacao FROM tipos_classificacoes WHERE nome_tipo_classificacao = "campus" AND id_arquivo_fonte = @id_arquivo_var), @id_arquivo_var);
INSERT INTO campos_cursos (nome_campo_curso, id_curso, id_titulo, id_tipo_classificacao, id_arquivo_fonte) VALUES ("ifb_1_2_estado", (select id_chave_curso from cursos where nome_curso = "ifb_1_2"), (select id_chave_titulo from titulos where nome_titulo = "df"),(SELECT id_chave_tipo_classificacao FROM tipos_classificacoes WHERE nome_tipo_classificacao = "estado" AND id_arquivo_fonte = @id_arquivo_var), @id_arquivo_var);
INSERT INTO campos_cursos (nome_campo_curso, id_curso, id_titulo, id_tipo_classificacao, id_arquivo_fonte) VALUES ("ifb_1_2_titulo_do_curso", (select id_chave_curso from cursos where nome_curso = "ifb_1_2"), (select id_chave_titulo from titulos where nome_titulo = "técnico_em_informática"),(SELECT id_chave_tipo_classificacao FROM tipos_classificacoes WHERE nome_tipo_classificacao = "titulo_do_curso" AND id_arquivo_fonte = @id_arquivo_var), @id_arquivo_var);
INSERT INTO campos_cursos (nome_campo_curso, id_curso, id_titulo, id_tipo_classificacao, id_arquivo_fonte) VALUES ("ifb_1_2_cidade", (select id_chave_curso from cursos where nome_curso = "ifb_1_2"), (select id_chave_titulo from titulos where nome_titulo = "brasília"),(SELECT id_chave_tipo_classificacao FROM tipos_classificacoes WHERE nome_tipo_classificacao = "cidade" AND id_arquivo_fonte = @id_arquivo_var), @id_arquivo_var);
INSERT INTO campos_cursos (nome_campo_curso, id_curso, id_titulo, id_tipo_classificacao, id_arquivo_fonte) VALUES ("ifb_1_2_tipo_de_tecnico", (select id_chave_curso from cursos where nome_curso = "ifb_1_2"), (select id_chave_titulo from titulos where nome_titulo = "integrado_ao_ensino_médio"),(SELECT id_chave_tipo_classificacao FROM tipos_classificacoes WHERE nome_tipo_classificacao = "tipo_de_tecnico" AND id_arquivo_fonte = @id_arquivo_var), @id_arquivo_var);
INSERT INTO campos_cursos (nome_campo_curso, id_curso, id_titulo, id_tipo_classificacao, id_arquivo_fonte) VALUES ("ifb_1_2_quantidade_de_vagas", (select id_chave_curso from cursos where nome_curso = "ifb_1_2"), (select id_chave_titulo from titulos where nome_titulo = "60"),(SELECT id_chave_tipo_classificacao FROM tipos_classificacoes WHERE nome_tipo_classificacao = "quantidade_de_vagas" AND id_arquivo_fonte = @id_arquivo_var), @id_arquivo_var);
INSERT INTO campos_cursos (nome_campo_curso, id_curso, id_titulo, id_tipo_classificacao, id_arquivo_fonte) VALUES ("ifb_1_2_turno", (select id_chave_curso from cursos where nome_curso = "ifb_1_2"), (select id_chave_titulo from titulos where nome_titulo = "integral"),(SELECT id_chave_tipo_classificacao FROM tipos_classificacoes WHERE nome_tipo_classificacao = "turno" AND id_arquivo_fonte = @id_arquivo_var), @id_arquivo_var);
INSERT INTO campos_cursos (nome_campo_curso, id_curso, id_titulo, id_tipo_classificacao, id_arquivo_fonte) VALUES ("ifb_1_2_modalidade_de_oferta", (select id_chave_curso from cursos where nome_curso = "ifb_1_2"), (select id_chave_titulo from titulos where nome_titulo = "presencial"),(SELECT id_chave_tipo_classificacao FROM tipos_classificacoes WHERE nome_tipo_classificacao = "modalidade_de_oferta" AND id_arquivo_fonte = @id_arquivo_var), @id_arquivo_var);
INSERT INTO campos_cursos (nome_campo_curso, id_curso, id_titulo, id_tipo_classificacao, id_arquivo_fonte) VALUES ("ifb_1_2_cbo", (select id_chave_curso from cursos where nome_curso = "ifb_1_2"), (select id_chave_titulo from titulos where nome_titulo = "técnico_em_informática_/_tdsa_/_tomc"),(SELECT id_chave_tipo_classificacao FROM tipos_classificacoes WHERE nome_tipo_classificacao = "cbo" AND id_arquivo_fonte = @id_arquivo_var), @id_arquivo_var);
INSERT INTO campos_cursos (nome_campo_curso, id_curso, id_titulo, id_tipo_classificacao, id_arquivo_fonte) VALUES ("ifb_1_2_regime_de_matricula", (select id_chave_curso from cursos where nome_curso = "ifb_1_2"), (select id_chave_titulo from titulos where nome_titulo = "anual"),(SELECT id_chave_tipo_classificacao FROM tipos_classificacoes WHERE nome_tipo_classificacao = "regime_de_matricula" AND id_arquivo_fonte = @id_arquivo_var), @id_arquivo_var);
INSERT INTO campos_cursos (nome_campo_curso, id_curso, id_titulo, id_tipo_classificacao, id_arquivo_fonte) VALUES ("ifb_1_2_eixo_tecnologico", (select id_chave_curso from cursos where nome_curso = "ifb_1_2"), (select id_chave_titulo from titulos where nome_titulo = "informação_e_comunicação"),(SELECT id_chave_tipo_classificacao FROM tipos_classificacoes WHERE nome_tipo_classificacao = "eixo_tecnologico" AND id_arquivo_fonte = @id_arquivo_var), @id_arquivo_var);
INSERT INTO campos_cursos (nome_campo_curso, id_curso, id_titulo, id_tipo_classificacao, id_arquivo_fonte) VALUES ("ifb_1_2_carga_horaria", (select id_chave_curso from cursos where nome_curso = "ifb_1_2"), (select id_chave_titulo from titulos where nome_titulo = "3670"),(SELECT id_chave_tipo_classificacao FROM tipos_classificacoes WHERE nome_tipo_classificacao = "carga_horaria" AND id_arquivo_fonte = @id_arquivo_var), @id_arquivo_var);
INSERT INTO campos_cursos (nome_campo_curso, id_curso, id_titulo, id_tipo_classificacao, id_arquivo_fonte) VALUES ("ifb_1_3_tipo_de_curso", (select id_chave_curso from cursos where nome_curso = "ifb_1_3"), (select id_chave_titulo from titulos where nome_titulo = "curso_técnico"),(SELECT id_chave_tipo_classificacao FROM tipos_classificacoes WHERE nome_tipo_classificacao = "tipo_de_curso" AND id_arquivo_fonte = @id_arquivo_var), @id_arquivo_var);
INSERT INTO campos_cursos (nome_campo_curso, id_curso, id_titulo, id_tipo_classificacao, id_arquivo_fonte) VALUES ("ifb_1_3_campus", (select id_chave_curso from cursos where nome_curso = "ifb_1_3"), (select id_chave_titulo from titulos where nome_titulo = "ceilândia"),(SELECT id_chave_tipo_classificacao FROM tipos_classificacoes WHERE nome_tipo_classificacao = "campus" AND id_arquivo_fonte = @id_arquivo_var), @id_arquivo_var);
INSERT INTO campos_cursos (nome_campo_curso, id_curso, id_titulo, id_tipo_classificacao, id_arquivo_fonte) VALUES ("ifb_1_3_estado", (select id_chave_curso from cursos where nome_curso = "ifb_1_3"), (select id_chave_titulo from titulos where nome_titulo = "df"),(SELECT id_chave_tipo_classificacao FROM tipos_classificacoes WHERE nome_tipo_classificacao = "estado" AND id_arquivo_fonte = @id_arquivo_var), @id_arquivo_var);
INSERT INTO campos_cursos (nome_campo_curso, id_curso, id_titulo, id_tipo_classificacao, id_arquivo_fonte) VALUES ("ifb_1_3_cidade", (select id_chave_curso from cursos where nome_curso = "ifb_1_3"), (select id_chave_titulo from titulos where nome_titulo = "ceilândia"),(SELECT id_chave_tipo_classificacao FROM tipos_classificacoes WHERE nome_tipo_classificacao = "cidade" AND id_arquivo_fonte = @id_arquivo_var), @id_arquivo_var);
INSERT INTO campos_cursos (nome_campo_curso, id_curso, id_titulo, id_tipo_classificacao, id_arquivo_fonte) VALUES ("ifb_1_3_titulo_do_curso", (select id_chave_curso from cursos where nome_curso = "ifb_1_3"), (select id_chave_titulo from titulos where nome_titulo = "técnico_em_informática"),(SELECT id_chave_tipo_classificacao FROM tipos_classificacoes WHERE nome_tipo_classificacao = "titulo_do_curso" AND id_arquivo_fonte = @id_arquivo_var), @id_arquivo_var);
INSERT INTO campos_cursos (nome_campo_curso, id_curso, id_titulo, id_tipo_classificacao, id_arquivo_fonte) VALUES ("ifb_1_3_tipo_de_tecnico", (select id_chave_curso from cursos where nome_curso = "ifb_1_3"), (select id_chave_titulo from titulos where nome_titulo = "integrado_ao_ensino_médio"),(SELECT id_chave_tipo_classificacao FROM tipos_classificacoes WHERE nome_tipo_classificacao = "tipo_de_tecnico" AND id_arquivo_fonte = @id_arquivo_var), @id_arquivo_var);
INSERT INTO campos_cursos (nome_campo_curso, id_curso, id_titulo, id_tipo_classificacao, id_arquivo_fonte) VALUES ("ifb_1_3_quantidade_de_vagas", (select id_chave_curso from cursos where nome_curso = "ifb_1_3"), (select id_chave_titulo from titulos where nome_titulo = "60"),(SELECT id_chave_tipo_classificacao FROM tipos_classificacoes WHERE nome_tipo_classificacao = "quantidade_de_vagas" AND id_arquivo_fonte = @id_arquivo_var), @id_arquivo_var);
INSERT INTO campos_cursos (nome_campo_curso, id_curso, id_titulo, id_tipo_classificacao, id_arquivo_fonte) VALUES ("ifb_1_3_turno", (select id_chave_curso from cursos where nome_curso = "ifb_1_3"), (select id_chave_titulo from titulos where nome_titulo = "vespertino"),(SELECT id_chave_tipo_classificacao FROM tipos_classificacoes WHERE nome_tipo_classificacao = "turno" AND id_arquivo_fonte = @id_arquivo_var), @id_arquivo_var);
INSERT INTO campos_cursos (nome_campo_curso, id_curso, id_titulo, id_tipo_classificacao, id_arquivo_fonte) VALUES ("ifb_1_3_modalidade_de_oferta", (select id_chave_curso from cursos where nome_curso = "ifb_1_3"), (select id_chave_titulo from titulos where nome_titulo = "presencial"),(SELECT id_chave_tipo_classificacao FROM tipos_classificacoes WHERE nome_tipo_classificacao = "modalidade_de_oferta" AND id_arquivo_fonte = @id_arquivo_var), @id_arquivo_var);
INSERT INTO campos_cursos (nome_campo_curso, id_curso, id_titulo, id_tipo_classificacao, id_arquivo_fonte) VALUES ("ifb_1_3_cbo", (select id_chave_curso from cursos where nome_curso = "ifb_1_3"), (select id_chave_titulo from titulos where nome_titulo = "técnico_em_eletrônica"),(SELECT id_chave_tipo_classificacao FROM tipos_classificacoes WHERE nome_tipo_classificacao = "cbo" AND id_arquivo_fonte = @id_arquivo_var), @id_arquivo_var);
INSERT INTO campos_cursos (nome_campo_curso, id_curso, id_titulo, id_tipo_classificacao, id_arquivo_fonte) VALUES ("ifb_1_3_regime_de_matricula", (select id_chave_curso from cursos where nome_curso = "ifb_1_3"), (select id_chave_titulo from titulos where nome_titulo = "anual"),(SELECT id_chave_tipo_classificacao FROM tipos_classificacoes WHERE nome_tipo_classificacao = "regime_de_matricula" AND id_arquivo_fonte = @id_arquivo_var), @id_arquivo_var);
INSERT INTO campos_cursos (nome_campo_curso, id_curso, id_titulo, id_tipo_classificacao, id_arquivo_fonte) VALUES ("ifb_1_3_eixo_tecnologico", (select id_chave_curso from cursos where nome_curso = "ifb_1_3"), (select id_chave_titulo from titulos where nome_titulo = "eletrônica"),(SELECT id_chave_tipo_classificacao FROM tipos_classificacoes WHERE nome_tipo_classificacao = "eixo_tecnologico" AND id_arquivo_fonte = @id_arquivo_var), @id_arquivo_var);
INSERT INTO campos_cursos (nome_campo_curso, id_curso, id_titulo, id_tipo_classificacao, id_arquivo_fonte) VALUES ("ifb_1_3_carga_horaria", (select id_chave_curso from cursos where nome_curso = "ifb_1_3"), (select id_chave_titulo from titulos where nome_titulo = "3200"),(SELECT id_chave_tipo_classificacao FROM tipos_classificacoes WHERE nome_tipo_classificacao = "carga_horaria" AND id_arquivo_fonte = @id_arquivo_var), @id_arquivo_var);
INSERT INTO campos_cursos (nome_campo_curso, id_curso, id_titulo, id_tipo_classificacao, id_arquivo_fonte) VALUES ("ifb_1_4_tipo_de_curso", (select id_chave_curso from cursos where nome_curso = "ifb_1_4"), (select id_chave_titulo from titulos where nome_titulo = "curso_técnico"),(SELECT id_chave_tipo_classificacao FROM tipos_classificacoes WHERE nome_tipo_classificacao = "tipo_de_curso" AND id_arquivo_fonte = @id_arquivo_var), @id_arquivo_var);
INSERT INTO campos_cursos (nome_campo_curso, id_curso, id_titulo, id_tipo_classificacao, id_arquivo_fonte) VALUES ("ifb_1_4_campus", (select id_chave_curso from cursos where nome_curso = "ifb_1_4"), (select id_chave_titulo from titulos where nome_titulo = "ceilândia"),(SELECT id_chave_tipo_classificacao FROM tipos_classificacoes WHERE nome_tipo_classificacao = "campus" AND id_arquivo_fonte = @id_arquivo_var), @id_arquivo_var);
INSERT INTO campos_cursos (nome_campo_curso, id_curso, id_titulo, id_tipo_classificacao, id_arquivo_fonte) VALUES ("ifb_1_4_estado", (select id_chave_curso from cursos where nome_curso = "ifb_1_4"), (select id_chave_titulo from titulos where nome_titulo = "df"),(SELECT id_chave_tipo_classificacao FROM tipos_classificacoes WHERE nome_tipo_classificacao = "estado" AND id_arquivo_fonte = @id_arquivo_var), @id_arquivo_var);
INSERT INTO campos_cursos (nome_campo_curso, id_curso, id_titulo, id_tipo_classificacao, id_arquivo_fonte) VALUES ("ifb_1_4_cidade", (select id_chave_curso from cursos where nome_curso = "ifb_1_4"), (select id_chave_titulo from titulos where nome_titulo = "ceilândia"),(SELECT id_chave_tipo_classificacao FROM tipos_classificacoes WHERE nome_tipo_classificacao = "cidade" AND id_arquivo_fonte = @id_arquivo_var), @id_arquivo_var);
INSERT INTO campos_cursos (nome_campo_curso, id_curso, id_titulo, id_tipo_classificacao, id_arquivo_fonte) VALUES ("ifb_1_4_titulo_do_curso", (select id_chave_curso from cursos where nome_curso = "ifb_1_4"), (select id_chave_titulo from titulos where nome_titulo = "técnico_em_segurança_do_trabalho"),(SELECT id_chave_tipo_classificacao FROM tipos_classificacoes WHERE nome_tipo_classificacao = "titulo_do_curso" AND id_arquivo_fonte = @id_arquivo_var), @id_arquivo_var);
INSERT INTO campos_cursos (nome_campo_curso, id_curso, id_titulo, id_tipo_classificacao, id_arquivo_fonte) VALUES ("ifb_1_4_tipo_de_tecnico", (select id_chave_curso from cursos where nome_curso = "ifb_1_4"), (select id_chave_titulo from titulos where nome_titulo = "subsequente"),(SELECT id_chave_tipo_classificacao FROM tipos_classificacoes WHERE nome_tipo_classificacao = "tipo_de_tecnico" AND id_arquivo_fonte = @id_arquivo_var), @id_arquivo_var);
INSERT INTO campos_cursos (nome_campo_curso, id_curso, id_titulo, id_tipo_classificacao, id_arquivo_fonte) VALUES ("ifb_1_4_quantidade_de_vagas", (select id_chave_curso from cursos where nome_curso = "ifb_1_4"), (select id_chave_titulo from titulos where nome_titulo = "80"),(SELECT id_chave_tipo_classificacao FROM tipos_classificacoes WHERE nome_tipo_classificacao = "quantidade_de_vagas" AND id_arquivo_fonte = @id_arquivo_var), @id_arquivo_var);
INSERT INTO campos_cursos (nome_campo_curso, id_curso, id_titulo, id_tipo_classificacao, id_arquivo_fonte) VALUES ("ifb_1_4_turno", (select id_chave_curso from cursos where nome_curso = "ifb_1_4"), (select id_chave_titulo from titulos where nome_titulo = "noturno"),(SELECT id_chave_tipo_classificacao FROM tipos_classificacoes WHERE nome_tipo_classificacao = "turno" AND id_arquivo_fonte = @id_arquivo_var), @id_arquivo_var);
INSERT INTO campos_cursos (nome_campo_curso, id_curso, id_titulo, id_tipo_classificacao, id_arquivo_fonte) VALUES ("ifb_1_4_modalidade_de_oferta", (select id_chave_curso from cursos where nome_curso = "ifb_1_4"), (select id_chave_titulo from titulos where nome_titulo = "ead"),(SELECT id_chave_tipo_classificacao FROM tipos_classificacoes WHERE nome_tipo_classificacao = "modalidade_de_oferta" AND id_arquivo_fonte = @id_arquivo_var), @id_arquivo_var);
INSERT INTO campos_cursos (nome_campo_curso, id_curso, id_titulo, id_tipo_classificacao, id_arquivo_fonte) VALUES ("ifb_1_4_cbo", (select id_chave_curso from cursos where nome_curso = "ifb_1_4"), (select id_chave_titulo from titulos where nome_titulo = "3516_-_05"),(SELECT id_chave_tipo_classificacao FROM tipos_classificacoes WHERE nome_tipo_classificacao = "cbo" AND id_arquivo_fonte = @id_arquivo_var), @id_arquivo_var);
INSERT INTO campos_cursos (nome_campo_curso, id_curso, id_titulo, id_tipo_classificacao, id_arquivo_fonte) VALUES ("ifb_1_4_regime_de_matricula", (select id_chave_curso from cursos where nome_curso = "ifb_1_4"), (select id_chave_titulo from titulos where nome_titulo = "máx_._8_semestres"),(SELECT id_chave_tipo_classificacao FROM tipos_classificacoes WHERE nome_tipo_classificacao = "regime_de_matricula" AND id_arquivo_fonte = @id_arquivo_var), @id_arquivo_var);
INSERT INTO campos_cursos (nome_campo_curso, id_curso, id_titulo, id_tipo_classificacao, id_arquivo_fonte) VALUES ("ifb_1_4_eixo_tecnologico", (select id_chave_curso from cursos where nome_curso = "ifb_1_4"), (select id_chave_titulo from titulos where nome_titulo = "segurança"),(SELECT id_chave_tipo_classificacao FROM tipos_classificacoes WHERE nome_tipo_classificacao = "eixo_tecnologico" AND id_arquivo_fonte = @id_arquivo_var), @id_arquivo_var);
INSERT INTO campos_cursos (nome_campo_curso, id_curso, id_titulo, id_tipo_classificacao, id_arquivo_fonte) VALUES ("ifb_1_4_carga_horaria", (select id_chave_curso from cursos where nome_curso = "ifb_1_4"), (select id_chave_titulo from titulos where nome_titulo = "1200"),(SELECT id_chave_tipo_classificacao FROM tipos_classificacoes WHERE nome_tipo_classificacao = "carga_horaria" AND id_arquivo_fonte = @id_arquivo_var), @id_arquivo_var);
INSERT INTO campos_cursos (nome_campo_curso, id_curso, id_titulo, id_tipo_classificacao, id_arquivo_fonte) VALUES ("ifb_1_5_tipo_de_curso", (select id_chave_curso from cursos where nome_curso = "ifb_1_5"), (select id_chave_titulo from titulos where nome_titulo = "curso_técnico"),(SELECT id_chave_tipo_classificacao FROM tipos_classificacoes WHERE nome_tipo_classificacao = "tipo_de_curso" AND id_arquivo_fonte = @id_arquivo_var), @id_arquivo_var);
INSERT INTO campos_cursos (nome_campo_curso, id_curso, id_titulo, id_tipo_classificacao, id_arquivo_fonte) VALUES ("ifb_1_5_campus", (select id_chave_curso from cursos where nome_curso = "ifb_1_5"), (select id_chave_titulo from titulos where nome_titulo = "estrutural"),(SELECT id_chave_tipo_classificacao FROM tipos_classificacoes WHERE nome_tipo_classificacao = "campus" AND id_arquivo_fonte = @id_arquivo_var), @id_arquivo_var);
INSERT INTO campos_cursos (nome_campo_curso, id_curso, id_titulo, id_tipo_classificacao, id_arquivo_fonte) VALUES ("ifb_1_5_estado", (select id_chave_curso from cursos where nome_curso = "ifb_1_5"), (select id_chave_titulo from titulos where nome_titulo = "df"),(SELECT id_chave_tipo_classificacao FROM tipos_classificacoes WHERE nome_tipo_classificacao = "estado" AND id_arquivo_fonte = @id_arquivo_var), @id_arquivo_var);
INSERT INTO campos_cursos (nome_campo_curso, id_curso, id_titulo, id_tipo_classificacao, id_arquivo_fonte) VALUES ("ifb_1_5_cidade", (select id_chave_curso from cursos where nome_curso = "ifb_1_5"), (select id_chave_titulo from titulos where nome_titulo = "estrutural"),(SELECT id_chave_tipo_classificacao FROM tipos_classificacoes WHERE nome_tipo_classificacao = "cidade" AND id_arquivo_fonte = @id_arquivo_var), @id_arquivo_var);
INSERT INTO campos_cursos (nome_campo_curso, id_curso, id_titulo, id_tipo_classificacao, id_arquivo_fonte) VALUES ("ifb_1_5_titulo_do_curso", (select id_chave_curso from cursos where nome_curso = "ifb_1_5"), (select id_chave_titulo from titulos where nome_titulo = "técnico_em_manutenção_automotiva"),(SELECT id_chave_tipo_classificacao FROM tipos_classificacoes WHERE nome_tipo_classificacao = "titulo_do_curso" AND id_arquivo_fonte = @id_arquivo_var), @id_arquivo_var);
INSERT INTO campos_cursos (nome_campo_curso, id_curso, id_titulo, id_tipo_classificacao, id_arquivo_fonte) VALUES ("ifb_1_5_quantidade_de_vagas", (select id_chave_curso from cursos where nome_curso = "ifb_1_5"), (select id_chave_titulo from titulos where nome_titulo = "80"),(SELECT id_chave_tipo_classificacao FROM tipos_classificacoes WHERE nome_tipo_classificacao = "quantidade_de_vagas" AND id_arquivo_fonte = @id_arquivo_var), @id_arquivo_var);
INSERT INTO campos_cursos (nome_campo_curso, id_curso, id_titulo, id_tipo_classificacao, id_arquivo_fonte) VALUES ("ifb_1_5_tipo_de_tecnico", (select id_chave_curso from cursos where nome_curso = "ifb_1_5"), (select id_chave_titulo from titulos where nome_titulo = "integrado_ao_ensino_médio"),(SELECT id_chave_tipo_classificacao FROM tipos_classificacoes WHERE nome_tipo_classificacao = "tipo_de_tecnico" AND id_arquivo_fonte = @id_arquivo_var), @id_arquivo_var);
INSERT INTO campos_cursos (nome_campo_curso, id_curso, id_titulo, id_tipo_classificacao, id_arquivo_fonte) VALUES ("ifb_1_5_turno", (select id_chave_curso from cursos where nome_curso = "ifb_1_5"), (select id_chave_titulo from titulos where nome_titulo = "integral"),(SELECT id_chave_tipo_classificacao FROM tipos_classificacoes WHERE nome_tipo_classificacao = "turno" AND id_arquivo_fonte = @id_arquivo_var), @id_arquivo_var);
INSERT INTO campos_cursos (nome_campo_curso, id_curso, id_titulo, id_tipo_classificacao, id_arquivo_fonte) VALUES ("ifb_1_5_modalidade_de_oferta", (select id_chave_curso from cursos where nome_curso = "ifb_1_5"), (select id_chave_titulo from titulos where nome_titulo = "presencial"),(SELECT id_chave_tipo_classificacao FROM tipos_classificacoes WHERE nome_tipo_classificacao = "modalidade_de_oferta" AND id_arquivo_fonte = @id_arquivo_var), @id_arquivo_var);
INSERT INTO campos_cursos (nome_campo_curso, id_curso, id_titulo, id_tipo_classificacao, id_arquivo_fonte) VALUES ("ifb_1_5_cbo", (select id_chave_curso from cursos where nome_curso = "ifb_1_5"), (select id_chave_titulo from titulos where nome_titulo = "3143_-_05_/_9144_-_05_/_7254_-_15_/_9531_-_15"),(SELECT id_chave_tipo_classificacao FROM tipos_classificacoes WHERE nome_tipo_classificacao = "cbo" AND id_arquivo_fonte = @id_arquivo_var), @id_arquivo_var);
INSERT INTO campos_cursos (nome_campo_curso, id_curso, id_titulo, id_tipo_classificacao, id_arquivo_fonte) VALUES ("ifb_1_5_regime_de_matricula", (select id_chave_curso from cursos where nome_curso = "ifb_1_5"), (select id_chave_titulo from titulos where nome_titulo = "anual"),(SELECT id_chave_tipo_classificacao FROM tipos_classificacoes WHERE nome_tipo_classificacao = "regime_de_matricula" AND id_arquivo_fonte = @id_arquivo_var), @id_arquivo_var);
INSERT INTO campos_cursos (nome_campo_curso, id_curso, id_titulo, id_tipo_classificacao, id_arquivo_fonte) VALUES ("ifb_1_5_eixo_tecnologico", (select id_chave_curso from cursos where nome_curso = "ifb_1_5"), (select id_chave_titulo from titulos where nome_titulo = "controle_e_processos_industriais"),(SELECT id_chave_tipo_classificacao FROM tipos_classificacoes WHERE nome_tipo_classificacao = "eixo_tecnologico" AND id_arquivo_fonte = @id_arquivo_var), @id_arquivo_var);
INSERT INTO campos_cursos (nome_campo_curso, id_curso, id_titulo, id_tipo_classificacao, id_arquivo_fonte) VALUES ("ifb_1_5_carga_horaria", (select id_chave_curso from cursos where nome_curso = "ifb_1_5"), (select id_chave_titulo from titulos where nome_titulo = "4232"),(SELECT id_chave_tipo_classificacao FROM tipos_classificacoes WHERE nome_tipo_classificacao = "carga_horaria" AND id_arquivo_fonte = @id_arquivo_var), @id_arquivo_var);
INSERT INTO campos_cursos (nome_campo_curso, id_curso, id_titulo, id_tipo_classificacao, id_arquivo_fonte) VALUES ("ifb_1_6_tipo_de_curso", (select id_chave_curso from cursos where nome_curso = "ifb_1_6"), (select id_chave_titulo from titulos where nome_titulo = "curso_técnico"),(SELECT id_chave_tipo_classificacao FROM tipos_classificacoes WHERE nome_tipo_classificacao = "tipo_de_curso" AND id_arquivo_fonte = @id_arquivo_var), @id_arquivo_var);
INSERT INTO campos_cursos (nome_campo_curso, id_curso, id_titulo, id_tipo_classificacao, id_arquivo_fonte) VALUES ("ifb_1_6_campus", (select id_chave_curso from cursos where nome_curso = "ifb_1_6"), (select id_chave_titulo from titulos where nome_titulo = "estrutural"),(SELECT id_chave_tipo_classificacao FROM tipos_classificacoes WHERE nome_tipo_classificacao = "campus" AND id_arquivo_fonte = @id_arquivo_var), @id_arquivo_var);
INSERT INTO campos_cursos (nome_campo_curso, id_curso, id_titulo, id_tipo_classificacao, id_arquivo_fonte) VALUES ("ifb_1_6_estado", (select id_chave_curso from cursos where nome_curso = "ifb_1_6"), (select id_chave_titulo from titulos where nome_titulo = "df"),(SELECT id_chave_tipo_classificacao FROM tipos_classificacoes WHERE nome_tipo_classificacao = "estado" AND id_arquivo_fonte = @id_arquivo_var), @id_arquivo_var);
INSERT INTO campos_cursos (nome_campo_curso, id_curso, id_titulo, id_tipo_classificacao, id_arquivo_fonte) VALUES ("ifb_1_6_cidade", (select id_chave_curso from cursos where nome_curso = "ifb_1_6"), (select id_chave_titulo from titulos where nome_titulo = "estrutural"),(SELECT id_chave_tipo_classificacao FROM tipos_classificacoes WHERE nome_tipo_classificacao = "cidade" AND id_arquivo_fonte = @id_arquivo_var), @id_arquivo_var);
INSERT INTO campos_cursos (nome_campo_curso, id_curso, id_titulo, id_tipo_classificacao, id_arquivo_fonte) VALUES ("ifb_1_6_titulo_do_curso", (select id_chave_curso from cursos where nome_curso = "ifb_1_6"), (select id_chave_titulo from titulos where nome_titulo = "técnico_em_meio_ambiente"),(SELECT id_chave_tipo_classificacao FROM tipos_classificacoes WHERE nome_tipo_classificacao = "titulo_do_curso" AND id_arquivo_fonte = @id_arquivo_var), @id_arquivo_var);
INSERT INTO campos_cursos (nome_campo_curso, id_curso, id_titulo, id_tipo_classificacao, id_arquivo_fonte) VALUES ("ifb_1_6_tipo_de_tecnico", (select id_chave_curso from cursos where nome_curso = "ifb_1_6"), (select id_chave_titulo from titulos where nome_titulo = "integrado_ao_ensino_médio"),(SELECT id_chave_tipo_classificacao FROM tipos_classificacoes WHERE nome_tipo_classificacao = "tipo_de_tecnico" AND id_arquivo_fonte = @id_arquivo_var), @id_arquivo_var);
INSERT INTO campos_cursos (nome_campo_curso, id_curso, id_titulo, id_tipo_classificacao, id_arquivo_fonte) VALUES ("ifb_1_6_quantidade_de_vagas", (select id_chave_curso from cursos where nome_curso = "ifb_1_6"), (select id_chave_titulo from titulos where nome_titulo = "40"),(SELECT id_chave_tipo_classificacao FROM tipos_classificacoes WHERE nome_tipo_classificacao = "quantidade_de_vagas" AND id_arquivo_fonte = @id_arquivo_var), @id_arquivo_var);
INSERT INTO campos_cursos (nome_campo_curso, id_curso, id_titulo, id_tipo_classificacao, id_arquivo_fonte) VALUES ("ifb_1_6_turno", (select id_chave_curso from cursos where nome_curso = "ifb_1_6"), (select id_chave_titulo from titulos where nome_titulo = "integral"),(SELECT id_chave_tipo_classificacao FROM tipos_classificacoes WHERE nome_tipo_classificacao = "turno" AND id_arquivo_fonte = @id_arquivo_var), @id_arquivo_var);
INSERT INTO campos_cursos (nome_campo_curso, id_curso, id_titulo, id_tipo_classificacao, id_arquivo_fonte) VALUES ("ifb_1_6_modalidade_de_oferta", (select id_chave_curso from cursos where nome_curso = "ifb_1_6"), (select id_chave_titulo from titulos where nome_titulo = "presencial"),(SELECT id_chave_tipo_classificacao FROM tipos_classificacoes WHERE nome_tipo_classificacao = "modalidade_de_oferta" AND id_arquivo_fonte = @id_arquivo_var), @id_arquivo_var);
INSERT INTO campos_cursos (nome_campo_curso, id_curso, id_titulo, id_tipo_classificacao, id_arquivo_fonte) VALUES ("ifb_1_6_regime_de_matricula", (select id_chave_curso from cursos where nome_curso = "ifb_1_6"), (select id_chave_titulo from titulos where nome_titulo = "anual"),(SELECT id_chave_tipo_classificacao FROM tipos_classificacoes WHERE nome_tipo_classificacao = "regime_de_matricula" AND id_arquivo_fonte = @id_arquivo_var), @id_arquivo_var);
INSERT INTO campos_cursos (nome_campo_curso, id_curso, id_titulo, id_tipo_classificacao, id_arquivo_fonte) VALUES ("ifb_1_6_cbo", (select id_chave_curso from cursos where nome_curso = "ifb_1_6"), (select id_chave_titulo from titulos where nome_titulo = "não_declarado"),(SELECT id_chave_tipo_classificacao FROM tipos_classificacoes WHERE nome_tipo_classificacao = "cbo" AND id_arquivo_fonte = @id_arquivo_var), @id_arquivo_var);
INSERT INTO campos_cursos (nome_campo_curso, id_curso, id_titulo, id_tipo_classificacao, id_arquivo_fonte) VALUES ("ifb_1_6_eixo_tecnologico", (select id_chave_curso from cursos where nome_curso = "ifb_1_6"), (select id_chave_titulo from titulos where nome_titulo = "meio_ambiente_e_saúde"),(SELECT id_chave_tipo_classificacao FROM tipos_classificacoes WHERE nome_tipo_classificacao = "eixo_tecnologico" AND id_arquivo_fonte = @id_arquivo_var), @id_arquivo_var);
INSERT INTO campos_cursos (nome_campo_curso, id_curso, id_titulo, id_tipo_classificacao, id_arquivo_fonte) VALUES ("ifb_1_6_carga_horaria", (select id_chave_curso from cursos where nome_curso = "ifb_1_6"), (select id_chave_titulo from titulos where nome_titulo = "3200"),(SELECT id_chave_tipo_classificacao FROM tipos_classificacoes WHERE nome_tipo_classificacao = "carga_horaria" AND id_arquivo_fonte = @id_arquivo_var), @id_arquivo_var);
INSERT INTO campos_cursos (nome_campo_curso, id_curso, id_titulo, id_tipo_classificacao, id_arquivo_fonte) VALUES ("ifb_1_7_tipo_de_curso", (select id_chave_curso from cursos where nome_curso = "ifb_1_7"), (select id_chave_titulo from titulos where nome_titulo = "curso_técnico"),(SELECT id_chave_tipo_classificacao FROM tipos_classificacoes WHERE nome_tipo_classificacao = "tipo_de_curso" AND id_arquivo_fonte = @id_arquivo_var), @id_arquivo_var);
INSERT INTO campos_cursos (nome_campo_curso, id_curso, id_titulo, id_tipo_classificacao, id_arquivo_fonte) VALUES ("ifb_1_7_campus", (select id_chave_curso from cursos where nome_curso = "ifb_1_7"), (select id_chave_titulo from titulos where nome_titulo = "gama"),(SELECT id_chave_tipo_classificacao FROM tipos_classificacoes WHERE nome_tipo_classificacao = "campus" AND id_arquivo_fonte = @id_arquivo_var), @id_arquivo_var);
INSERT INTO campos_cursos (nome_campo_curso, id_curso, id_titulo, id_tipo_classificacao, id_arquivo_fonte) VALUES ("ifb_1_7_estado", (select id_chave_curso from cursos where nome_curso = "ifb_1_7"), (select id_chave_titulo from titulos where nome_titulo = "df"),(SELECT id_chave_tipo_classificacao FROM tipos_classificacoes WHERE nome_tipo_classificacao = "estado" AND id_arquivo_fonte = @id_arquivo_var), @id_arquivo_var);
INSERT INTO campos_cursos (nome_campo_curso, id_curso, id_titulo, id_tipo_classificacao, id_arquivo_fonte) VALUES ("ifb_1_7_cidade", (select id_chave_curso from cursos where nome_curso = "ifb_1_7"), (select id_chave_titulo from titulos where nome_titulo = "gama"),(SELECT id_chave_tipo_classificacao FROM tipos_classificacoes WHERE nome_tipo_classificacao = "cidade" AND id_arquivo_fonte = @id_arquivo_var), @id_arquivo_var);
INSERT INTO campos_cursos (nome_campo_curso, id_curso, id_titulo, id_tipo_classificacao, id_arquivo_fonte) VALUES ("ifb_1_7_titulo_do_curso", (select id_chave_curso from cursos where nome_curso = "ifb_1_7"), (select id_chave_titulo from titulos where nome_titulo = "técnico_em_alimentos"),(SELECT id_chave_tipo_classificacao FROM tipos_classificacoes WHERE nome_tipo_classificacao = "titulo_do_curso" AND id_arquivo_fonte = @id_arquivo_var), @id_arquivo_var);
INSERT INTO campos_cursos (nome_campo_curso, id_curso, id_titulo, id_tipo_classificacao, id_arquivo_fonte) VALUES ("ifb_1_7_tipo_de_tecnico", (select id_chave_curso from cursos where nome_curso = "ifb_1_7"), (select id_chave_titulo from titulos where nome_titulo = "integrado_ao_ensino_médio"),(SELECT id_chave_tipo_classificacao FROM tipos_classificacoes WHERE nome_tipo_classificacao = "tipo_de_tecnico" AND id_arquivo_fonte = @id_arquivo_var), @id_arquivo_var);
INSERT INTO campos_cursos (nome_campo_curso, id_curso, id_titulo, id_tipo_classificacao, id_arquivo_fonte) VALUES ("ifb_1_7_quantidade_de_vagas", (select id_chave_curso from cursos where nome_curso = "ifb_1_7"), (select id_chave_titulo from titulos where nome_titulo = "30"),(SELECT id_chave_tipo_classificacao FROM tipos_classificacoes WHERE nome_tipo_classificacao = "quantidade_de_vagas" AND id_arquivo_fonte = @id_arquivo_var), @id_arquivo_var);
INSERT INTO campos_cursos (nome_campo_curso, id_curso, id_titulo, id_tipo_classificacao, id_arquivo_fonte) VALUES ("ifb_1_7_turno", (select id_chave_curso from cursos where nome_curso = "ifb_1_7"), (select id_chave_titulo from titulos where nome_titulo = "integral"),(SELECT id_chave_tipo_classificacao FROM tipos_classificacoes WHERE nome_tipo_classificacao = "turno" AND id_arquivo_fonte = @id_arquivo_var), @id_arquivo_var);
INSERT INTO campos_cursos (nome_campo_curso, id_curso, id_titulo, id_tipo_classificacao, id_arquivo_fonte) VALUES ("ifb_1_7_modalidade_de_oferta", (select id_chave_curso from cursos where nome_curso = "ifb_1_7"), (select id_chave_titulo from titulos where nome_titulo = "presencial"),(SELECT id_chave_tipo_classificacao FROM tipos_classificacoes WHERE nome_tipo_classificacao = "modalidade_de_oferta" AND id_arquivo_fonte = @id_arquivo_var), @id_arquivo_var);
INSERT INTO campos_cursos (nome_campo_curso, id_curso, id_titulo, id_tipo_classificacao, id_arquivo_fonte) VALUES ("ifb_1_7_cbo", (select id_chave_curso from cursos where nome_curso = "ifb_1_7"), (select id_chave_titulo from titulos where nome_titulo = "não_declarado"),(SELECT id_chave_tipo_classificacao FROM tipos_classificacoes WHERE nome_tipo_classificacao = "cbo" AND id_arquivo_fonte = @id_arquivo_var), @id_arquivo_var);
INSERT INTO campos_cursos (nome_campo_curso, id_curso, id_titulo, id_tipo_classificacao, id_arquivo_fonte) VALUES ("ifb_1_7_regime_de_matricula", (select id_chave_curso from cursos where nome_curso = "ifb_1_7"), (select id_chave_titulo from titulos where nome_titulo = "anual"),(SELECT id_chave_tipo_classificacao FROM tipos_classificacoes WHERE nome_tipo_classificacao = "regime_de_matricula" AND id_arquivo_fonte = @id_arquivo_var), @id_arquivo_var);
INSERT INTO campos_cursos (nome_campo_curso, id_curso, id_titulo, id_tipo_classificacao, id_arquivo_fonte) VALUES ("ifb_1_7_eixo_tecnologico", (select id_chave_curso from cursos where nome_curso = "ifb_1_7"), (select id_chave_titulo from titulos where nome_titulo = "produção_alimentícia"),(SELECT id_chave_tipo_classificacao FROM tipos_classificacoes WHERE nome_tipo_classificacao = "eixo_tecnologico" AND id_arquivo_fonte = @id_arquivo_var), @id_arquivo_var);
INSERT INTO campos_cursos (nome_campo_curso, id_curso, id_titulo, id_tipo_classificacao, id_arquivo_fonte) VALUES ("ifb_1_7_carga_horaria", (select id_chave_curso from cursos where nome_curso = "ifb_1_7"), (select id_chave_titulo from titulos where nome_titulo = "1667"),(SELECT id_chave_tipo_classificacao FROM tipos_classificacoes WHERE nome_tipo_classificacao = "carga_horaria" AND id_arquivo_fonte = @id_arquivo_var), @id_arquivo_var);
INSERT INTO campos_cursos (nome_campo_curso, id_curso, id_titulo, id_tipo_classificacao, id_arquivo_fonte) VALUES ("ifb_1_8_campus", (select id_chave_curso from cursos where nome_curso = "ifb_1_8"), (select id_chave_titulo from titulos where nome_titulo = "gama"),(SELECT id_chave_tipo_classificacao FROM tipos_classificacoes WHERE nome_tipo_classificacao = "campus" AND id_arquivo_fonte = @id_arquivo_var), @id_arquivo_var);
INSERT INTO campos_cursos (nome_campo_curso, id_curso, id_titulo, id_tipo_classificacao, id_arquivo_fonte) VALUES ("ifb_1_8_estado", (select id_chave_curso from cursos where nome_curso = "ifb_1_8"), (select id_chave_titulo from titulos where nome_titulo = "df"),(SELECT id_chave_tipo_classificacao FROM tipos_classificacoes WHERE nome_tipo_classificacao = "estado" AND id_arquivo_fonte = @id_arquivo_var), @id_arquivo_var);
INSERT INTO campos_cursos (nome_campo_curso, id_curso, id_titulo, id_tipo_classificacao, id_arquivo_fonte) VALUES ("ifb_1_8_tipo_de_curso", (select id_chave_curso from cursos where nome_curso = "ifb_1_8"), (select id_chave_titulo from titulos where nome_titulo = "curso_técnico"),(SELECT id_chave_tipo_classificacao FROM tipos_classificacoes WHERE nome_tipo_classificacao = "tipo_de_curso" AND id_arquivo_fonte = @id_arquivo_var), @id_arquivo_var);
INSERT INTO campos_cursos (nome_campo_curso, id_curso, id_titulo, id_tipo_classificacao, id_arquivo_fonte) VALUES ("ifb_1_8_cidade", (select id_chave_curso from cursos where nome_curso = "ifb_1_8"), (select id_chave_titulo from titulos where nome_titulo = "gama"),(SELECT id_chave_tipo_classificacao FROM tipos_classificacoes WHERE nome_tipo_classificacao = "cidade" AND id_arquivo_fonte = @id_arquivo_var), @id_arquivo_var);
INSERT INTO campos_cursos (nome_campo_curso, id_curso, id_titulo, id_tipo_classificacao, id_arquivo_fonte) VALUES ("ifb_1_8_titulo_do_curso", (select id_chave_curso from cursos where nome_curso = "ifb_1_8"), (select id_chave_titulo from titulos where nome_titulo = "técnico_em_química"),(SELECT id_chave_tipo_classificacao FROM tipos_classificacoes WHERE nome_tipo_classificacao = "titulo_do_curso" AND id_arquivo_fonte = @id_arquivo_var), @id_arquivo_var);
INSERT INTO campos_cursos (nome_campo_curso, id_curso, id_titulo, id_tipo_classificacao, id_arquivo_fonte) VALUES ("ifb_1_8_tipo_de_tecnico", (select id_chave_curso from cursos where nome_curso = "ifb_1_8"), (select id_chave_titulo from titulos where nome_titulo = "integrado_ao_ensino_médio"),(SELECT id_chave_tipo_classificacao FROM tipos_classificacoes WHERE nome_tipo_classificacao = "tipo_de_tecnico" AND id_arquivo_fonte = @id_arquivo_var), @id_arquivo_var);
INSERT INTO campos_cursos (nome_campo_curso, id_curso, id_titulo, id_tipo_classificacao, id_arquivo_fonte) VALUES ("ifb_1_8_quantidade_de_vagas", (select id_chave_curso from cursos where nome_curso = "ifb_1_8"), (select id_chave_titulo from titulos where nome_titulo = "30"),(SELECT id_chave_tipo_classificacao FROM tipos_classificacoes WHERE nome_tipo_classificacao = "quantidade_de_vagas" AND id_arquivo_fonte = @id_arquivo_var), @id_arquivo_var);
INSERT INTO campos_cursos (nome_campo_curso, id_curso, id_titulo, id_tipo_classificacao, id_arquivo_fonte) VALUES ("ifb_1_8_turno", (select id_chave_curso from cursos where nome_curso = "ifb_1_8"), (select id_chave_titulo from titulos where nome_titulo = "integral"),(SELECT id_chave_tipo_classificacao FROM tipos_classificacoes WHERE nome_tipo_classificacao = "turno" AND id_arquivo_fonte = @id_arquivo_var), @id_arquivo_var);
INSERT INTO campos_cursos (nome_campo_curso, id_curso, id_titulo, id_tipo_classificacao, id_arquivo_fonte) VALUES ("ifb_1_8_regime_de_matricula", (select id_chave_curso from cursos where nome_curso = "ifb_1_8"), (select id_chave_titulo from titulos where nome_titulo = "anual"),(SELECT id_chave_tipo_classificacao FROM tipos_classificacoes WHERE nome_tipo_classificacao = "regime_de_matricula" AND id_arquivo_fonte = @id_arquivo_var), @id_arquivo_var);
INSERT INTO campos_cursos (nome_campo_curso, id_curso, id_titulo, id_tipo_classificacao, id_arquivo_fonte) VALUES ("ifb_1_8_modalidade_de_oferta", (select id_chave_curso from cursos where nome_curso = "ifb_1_8"), (select id_chave_titulo from titulos where nome_titulo = "presencial"),(SELECT id_chave_tipo_classificacao FROM tipos_classificacoes WHERE nome_tipo_classificacao = "modalidade_de_oferta" AND id_arquivo_fonte = @id_arquivo_var), @id_arquivo_var);
INSERT INTO campos_cursos (nome_campo_curso, id_curso, id_titulo, id_tipo_classificacao, id_arquivo_fonte) VALUES ("ifb_1_8_cbo", (select id_chave_curso from cursos where nome_curso = "ifb_1_8"), (select id_chave_titulo from titulos where nome_titulo = "não_declarado"),(SELECT id_chave_tipo_classificacao FROM tipos_classificacoes WHERE nome_tipo_classificacao = "cbo" AND id_arquivo_fonte = @id_arquivo_var), @id_arquivo_var);
INSERT INTO campos_cursos (nome_campo_curso, id_curso, id_titulo, id_tipo_classificacao, id_arquivo_fonte) VALUES ("ifb_1_8_eixo_tecnologico", (select id_chave_curso from cursos where nome_curso = "ifb_1_8"), (select id_chave_titulo from titulos where nome_titulo = "produção_industrial"),(SELECT id_chave_tipo_classificacao FROM tipos_classificacoes WHERE nome_tipo_classificacao = "eixo_tecnologico" AND id_arquivo_fonte = @id_arquivo_var), @id_arquivo_var);
INSERT INTO campos_cursos (nome_campo_curso, id_curso, id_titulo, id_tipo_classificacao, id_arquivo_fonte) VALUES ("ifb_1_8_carga_horaria", (select id_chave_curso from cursos where nome_curso = "ifb_1_8"), (select id_chave_titulo from titulos where nome_titulo = "3633"),(SELECT id_chave_tipo_classificacao FROM tipos_classificacoes WHERE nome_tipo_classificacao = "carga_horaria" AND id_arquivo_fonte = @id_arquivo_var), @id_arquivo_var);
INSERT INTO campos_cursos (nome_campo_curso, id_curso, id_titulo, id_tipo_classificacao, id_arquivo_fonte) VALUES ("ifb_1_9_tipo_de_curso", (select id_chave_curso from cursos where nome_curso = "ifb_1_9"), (select id_chave_titulo from titulos where nome_titulo = "curso_técnico"),(SELECT id_chave_tipo_classificacao FROM tipos_classificacoes WHERE nome_tipo_classificacao = "tipo_de_curso" AND id_arquivo_fonte = @id_arquivo_var), @id_arquivo_var);
INSERT INTO campos_cursos (nome_campo_curso, id_curso, id_titulo, id_tipo_classificacao, id_arquivo_fonte) VALUES ("ifb_1_9_campus", (select id_chave_curso from cursos where nome_curso = "ifb_1_9"), (select id_chave_titulo from titulos where nome_titulo = "planaltina"),(SELECT id_chave_tipo_classificacao FROM tipos_classificacoes WHERE nome_tipo_classificacao = "campus" AND id_arquivo_fonte = @id_arquivo_var), @id_arquivo_var);
INSERT INTO campos_cursos (nome_campo_curso, id_curso, id_titulo, id_tipo_classificacao, id_arquivo_fonte) VALUES ("ifb_1_9_estado", (select id_chave_curso from cursos where nome_curso = "ifb_1_9"), (select id_chave_titulo from titulos where nome_titulo = "df"),(SELECT id_chave_tipo_classificacao FROM tipos_classificacoes WHERE nome_tipo_classificacao = "estado" AND id_arquivo_fonte = @id_arquivo_var), @id_arquivo_var);
INSERT INTO campos_cursos (nome_campo_curso, id_curso, id_titulo, id_tipo_classificacao, id_arquivo_fonte) VALUES ("ifb_1_9_cidade", (select id_chave_curso from cursos where nome_curso = "ifb_1_9"), (select id_chave_titulo from titulos where nome_titulo = "planaltina"),(SELECT id_chave_tipo_classificacao FROM tipos_classificacoes WHERE nome_tipo_classificacao = "cidade" AND id_arquivo_fonte = @id_arquivo_var), @id_arquivo_var);
INSERT INTO campos_cursos (nome_campo_curso, id_curso, id_titulo, id_tipo_classificacao, id_arquivo_fonte) VALUES ("ifb_1_9_tipo_de_tecnico", (select id_chave_curso from cursos where nome_curso = "ifb_1_9"), (select id_chave_titulo from titulos where nome_titulo = "integrado_ao_ensino_médio"),(SELECT id_chave_tipo_classificacao FROM tipos_classificacoes WHERE nome_tipo_classificacao = "tipo_de_tecnico" AND id_arquivo_fonte = @id_arquivo_var), @id_arquivo_var);
INSERT INTO campos_cursos (nome_campo_curso, id_curso, id_titulo, id_tipo_classificacao, id_arquivo_fonte) VALUES ("ifb_1_9_titulo_do_curso", (select id_chave_curso from cursos where nome_curso = "ifb_1_9"), (select id_chave_titulo from titulos where nome_titulo = "técnico_em_agropecuária"),(SELECT id_chave_tipo_classificacao FROM tipos_classificacoes WHERE nome_tipo_classificacao = "titulo_do_curso" AND id_arquivo_fonte = @id_arquivo_var), @id_arquivo_var);
INSERT INTO campos_cursos (nome_campo_curso, id_curso, id_titulo, id_tipo_classificacao, id_arquivo_fonte) VALUES ("ifb_1_9_quantidade_de_vagas", (select id_chave_curso from cursos where nome_curso = "ifb_1_9"), (select id_chave_titulo from titulos where nome_titulo = "80"),(SELECT id_chave_tipo_classificacao FROM tipos_classificacoes WHERE nome_tipo_classificacao = "quantidade_de_vagas" AND id_arquivo_fonte = @id_arquivo_var), @id_arquivo_var);
INSERT INTO campos_cursos (nome_campo_curso, id_curso, id_titulo, id_tipo_classificacao, id_arquivo_fonte) VALUES ("ifb_1_9_turno", (select id_chave_curso from cursos where nome_curso = "ifb_1_9"), (select id_chave_titulo from titulos where nome_titulo = "integral"),(SELECT id_chave_tipo_classificacao FROM tipos_classificacoes WHERE nome_tipo_classificacao = "turno" AND id_arquivo_fonte = @id_arquivo_var), @id_arquivo_var);
INSERT INTO campos_cursos (nome_campo_curso, id_curso, id_titulo, id_tipo_classificacao, id_arquivo_fonte) VALUES ("ifb_1_9_modalidade_de_oferta", (select id_chave_curso from cursos where nome_curso = "ifb_1_9"), (select id_chave_titulo from titulos where nome_titulo = "presencial"),(SELECT id_chave_tipo_classificacao FROM tipos_classificacoes WHERE nome_tipo_classificacao = "modalidade_de_oferta" AND id_arquivo_fonte = @id_arquivo_var), @id_arquivo_var);
INSERT INTO campos_cursos (nome_campo_curso, id_curso, id_titulo, id_tipo_classificacao, id_arquivo_fonte) VALUES ("ifb_1_9_cbo", (select id_chave_curso from cursos where nome_curso = "ifb_1_9"), (select id_chave_titulo from titulos where nome_titulo = "não_declarado"),(SELECT id_chave_tipo_classificacao FROM tipos_classificacoes WHERE nome_tipo_classificacao = "cbo" AND id_arquivo_fonte = @id_arquivo_var), @id_arquivo_var);
INSERT INTO campos_cursos (nome_campo_curso, id_curso, id_titulo, id_tipo_classificacao, id_arquivo_fonte) VALUES ("ifb_1_9_regime_de_matricula", (select id_chave_curso from cursos where nome_curso = "ifb_1_9"), (select id_chave_titulo from titulos where nome_titulo = "anual"),(SELECT id_chave_tipo_classificacao FROM tipos_classificacoes WHERE nome_tipo_classificacao = "regime_de_matricula" AND id_arquivo_fonte = @id_arquivo_var), @id_arquivo_var);
INSERT INTO campos_cursos (nome_campo_curso, id_curso, id_titulo, id_tipo_classificacao, id_arquivo_fonte) VALUES ("ifb_1_9_eixo_tecnologico", (select id_chave_curso from cursos where nome_curso = "ifb_1_9"), (select id_chave_titulo from titulos where nome_titulo = "agropecuária"),(SELECT id_chave_tipo_classificacao FROM tipos_classificacoes WHERE nome_tipo_classificacao = "eixo_tecnologico" AND id_arquivo_fonte = @id_arquivo_var), @id_arquivo_var);
INSERT INTO campos_cursos (nome_campo_curso, id_curso, id_titulo, id_tipo_classificacao, id_arquivo_fonte) VALUES ("ifb_1_9_carga_horaria", (select id_chave_curso from cursos where nome_curso = "ifb_1_9"), (select id_chave_titulo from titulos where nome_titulo = "3600"),(SELECT id_chave_tipo_classificacao FROM tipos_classificacoes WHERE nome_tipo_classificacao = "carga_horaria" AND id_arquivo_fonte = @id_arquivo_var), @id_arquivo_var);
INSERT INTO campos_cursos (nome_campo_curso, id_curso, id_titulo, id_tipo_classificacao, id_arquivo_fonte) VALUES ("ifb_1_10_tipo_de_curso", (select id_chave_curso from cursos where nome_curso = "ifb_1_10"), (select id_chave_titulo from titulos where nome_titulo = "curso_técnico"),(SELECT id_chave_tipo_classificacao FROM tipos_classificacoes WHERE nome_tipo_classificacao = "tipo_de_curso" AND id_arquivo_fonte = @id_arquivo_var), @id_arquivo_var);
INSERT INTO campos_cursos (nome_campo_curso, id_curso, id_titulo, id_tipo_classificacao, id_arquivo_fonte) VALUES ("ifb_1_10_campus", (select id_chave_curso from cursos where nome_curso = "ifb_1_10"), (select id_chave_titulo from titulos where nome_titulo = "recanto_das_emas"),(SELECT id_chave_tipo_classificacao FROM tipos_classificacoes WHERE nome_tipo_classificacao = "campus" AND id_arquivo_fonte = @id_arquivo_var), @id_arquivo_var);
INSERT INTO campos_cursos (nome_campo_curso, id_curso, id_titulo, id_tipo_classificacao, id_arquivo_fonte) VALUES ("ifb_1_10_estado", (select id_chave_curso from cursos where nome_curso = "ifb_1_10"), (select id_chave_titulo from titulos where nome_titulo = "df"),(SELECT id_chave_tipo_classificacao FROM tipos_classificacoes WHERE nome_tipo_classificacao = "estado" AND id_arquivo_fonte = @id_arquivo_var), @id_arquivo_var);
INSERT INTO campos_cursos (nome_campo_curso, id_curso, id_titulo, id_tipo_classificacao, id_arquivo_fonte) VALUES ("ifb_1_10_cidade", (select id_chave_curso from cursos where nome_curso = "ifb_1_10"), (select id_chave_titulo from titulos where nome_titulo = "recanto_das_emas"),(SELECT id_chave_tipo_classificacao FROM tipos_classificacoes WHERE nome_tipo_classificacao = "cidade" AND id_arquivo_fonte = @id_arquivo_var), @id_arquivo_var);
INSERT INTO campos_cursos (nome_campo_curso, id_curso, id_titulo, id_tipo_classificacao, id_arquivo_fonte) VALUES ("ifb_1_10_titulo_do_curso", (select id_chave_curso from cursos where nome_curso = "ifb_1_10"), (select id_chave_titulo from titulos where nome_titulo = "técnico_em_produção_de_Áudio_e_vídeo"),(SELECT id_chave_tipo_classificacao FROM tipos_classificacoes WHERE nome_tipo_classificacao = "titulo_do_curso" AND id_arquivo_fonte = @id_arquivo_var), @id_arquivo_var);
INSERT INTO campos_cursos (nome_campo_curso, id_curso, id_titulo, id_tipo_classificacao, id_arquivo_fonte) VALUES ("ifb_1_10_tipo_de_tecnico", (select id_chave_curso from cursos where nome_curso = "ifb_1_10"), (select id_chave_titulo from titulos where nome_titulo = "integrado_ao_ensino_médio"),(SELECT id_chave_tipo_classificacao FROM tipos_classificacoes WHERE nome_tipo_classificacao = "tipo_de_tecnico" AND id_arquivo_fonte = @id_arquivo_var), @id_arquivo_var);
INSERT INTO campos_cursos (nome_campo_curso, id_curso, id_titulo, id_tipo_classificacao, id_arquivo_fonte) VALUES ("ifb_1_10_turno", (select id_chave_curso from cursos where nome_curso = "ifb_1_10"), (select id_chave_titulo from titulos where nome_titulo = "integral"),(SELECT id_chave_tipo_classificacao FROM tipos_classificacoes WHERE nome_tipo_classificacao = "turno" AND id_arquivo_fonte = @id_arquivo_var), @id_arquivo_var);
INSERT INTO campos_cursos (nome_campo_curso, id_curso, id_titulo, id_tipo_classificacao, id_arquivo_fonte) VALUES ("ifb_1_10_modalidade_de_oferta", (select id_chave_curso from cursos where nome_curso = "ifb_1_10"), (select id_chave_titulo from titulos where nome_titulo = "presencial"),(SELECT id_chave_tipo_classificacao FROM tipos_classificacoes WHERE nome_tipo_classificacao = "modalidade_de_oferta" AND id_arquivo_fonte = @id_arquivo_var), @id_arquivo_var);
INSERT INTO campos_cursos (nome_campo_curso, id_curso, id_titulo, id_tipo_classificacao, id_arquivo_fonte) VALUES ("ifb_1_10_quantidade_de_vagas", (select id_chave_curso from cursos where nome_curso = "ifb_1_10"), (select id_chave_titulo from titulos where nome_titulo = "40"),(SELECT id_chave_tipo_classificacao FROM tipos_classificacoes WHERE nome_tipo_classificacao = "quantidade_de_vagas" AND id_arquivo_fonte = @id_arquivo_var), @id_arquivo_var);
INSERT INTO campos_cursos (nome_campo_curso, id_curso, id_titulo, id_tipo_classificacao, id_arquivo_fonte) VALUES ("ifb_1_10_cbo", (select id_chave_curso from cursos where nome_curso = "ifb_1_10"), (select id_chave_titulo from titulos where nome_titulo = "não_declarado"),(SELECT id_chave_tipo_classificacao FROM tipos_classificacoes WHERE nome_tipo_classificacao = "cbo" AND id_arquivo_fonte = @id_arquivo_var), @id_arquivo_var);
INSERT INTO campos_cursos (nome_campo_curso, id_curso, id_titulo, id_tipo_classificacao, id_arquivo_fonte) VALUES ("ifb_1_10_regime_de_matricula", (select id_chave_curso from cursos where nome_curso = "ifb_1_10"), (select id_chave_titulo from titulos where nome_titulo = "anual"),(SELECT id_chave_tipo_classificacao FROM tipos_classificacoes WHERE nome_tipo_classificacao = "regime_de_matricula" AND id_arquivo_fonte = @id_arquivo_var), @id_arquivo_var);
INSERT INTO campos_cursos (nome_campo_curso, id_curso, id_titulo, id_tipo_classificacao, id_arquivo_fonte) VALUES ("ifb_1_10_eixo_tecnologico", (select id_chave_curso from cursos where nome_curso = "ifb_1_10"), (select id_chave_titulo from titulos where nome_titulo = "produção_cultural_e_design"),(SELECT id_chave_tipo_classificacao FROM tipos_classificacoes WHERE nome_tipo_classificacao = "eixo_tecnologico" AND id_arquivo_fonte = @id_arquivo_var), @id_arquivo_var);
INSERT INTO campos_cursos (nome_campo_curso, id_curso, id_titulo, id_tipo_classificacao, id_arquivo_fonte) VALUES ("ifb_1_10_carga_horaria", (select id_chave_curso from cursos where nome_curso = "ifb_1_10"), (select id_chave_titulo from titulos where nome_titulo = "4240"),(SELECT id_chave_tipo_classificacao FROM tipos_classificacoes WHERE nome_tipo_classificacao = "carga_horaria" AND id_arquivo_fonte = @id_arquivo_var), @id_arquivo_var);
INSERT INTO campos_cursos (nome_campo_curso, id_curso, id_titulo, id_tipo_classificacao, id_arquivo_fonte) VALUES ("ifb_1_11_tipo_de_curso", (select id_chave_curso from cursos where nome_curso = "ifb_1_11"), (select id_chave_titulo from titulos where nome_titulo = "curso_técnico"),(SELECT id_chave_tipo_classificacao FROM tipos_classificacoes WHERE nome_tipo_classificacao = "tipo_de_curso" AND id_arquivo_fonte = @id_arquivo_var), @id_arquivo_var);
INSERT INTO campos_cursos (nome_campo_curso, id_curso, id_titulo, id_tipo_classificacao, id_arquivo_fonte) VALUES ("ifb_1_11_campus", (select id_chave_curso from cursos where nome_curso = "ifb_1_11"), (select id_chave_titulo from titulos where nome_titulo = "riacho_fundo"),(SELECT id_chave_tipo_classificacao FROM tipos_classificacoes WHERE nome_tipo_classificacao = "campus" AND id_arquivo_fonte = @id_arquivo_var), @id_arquivo_var);
INSERT INTO campos_cursos (nome_campo_curso, id_curso, id_titulo, id_tipo_classificacao, id_arquivo_fonte) VALUES ("ifb_1_11_cidade", (select id_chave_curso from cursos where nome_curso = "ifb_1_11"), (select id_chave_titulo from titulos where nome_titulo = "riacho_fundo"),(SELECT id_chave_tipo_classificacao FROM tipos_classificacoes WHERE nome_tipo_classificacao = "cidade" AND id_arquivo_fonte = @id_arquivo_var), @id_arquivo_var);
INSERT INTO campos_cursos (nome_campo_curso, id_curso, id_titulo, id_tipo_classificacao, id_arquivo_fonte) VALUES ("ifb_1_11_estado", (select id_chave_curso from cursos where nome_curso = "ifb_1_11"), (select id_chave_titulo from titulos where nome_titulo = "df"),(SELECT id_chave_tipo_classificacao FROM tipos_classificacoes WHERE nome_tipo_classificacao = "estado" AND id_arquivo_fonte = @id_arquivo_var), @id_arquivo_var);
INSERT INTO campos_cursos (nome_campo_curso, id_curso, id_titulo, id_tipo_classificacao, id_arquivo_fonte) VALUES ("ifb_1_11_titulo_do_curso", (select id_chave_curso from cursos where nome_curso = "ifb_1_11"), (select id_chave_titulo from titulos where nome_titulo = "técnico_em_cozinha"),(SELECT id_chave_tipo_classificacao FROM tipos_classificacoes WHERE nome_tipo_classificacao = "titulo_do_curso" AND id_arquivo_fonte = @id_arquivo_var), @id_arquivo_var);
INSERT INTO campos_cursos (nome_campo_curso, id_curso, id_titulo, id_tipo_classificacao, id_arquivo_fonte) VALUES ("ifb_1_11_tipo_de_tecnico", (select id_chave_curso from cursos where nome_curso = "ifb_1_11"), (select id_chave_titulo from titulos where nome_titulo = "integrado_ao_ensino_médio"),(SELECT id_chave_tipo_classificacao FROM tipos_classificacoes WHERE nome_tipo_classificacao = "tipo_de_tecnico" AND id_arquivo_fonte = @id_arquivo_var), @id_arquivo_var);
INSERT INTO campos_cursos (nome_campo_curso, id_curso, id_titulo, id_tipo_classificacao, id_arquivo_fonte) VALUES ("ifb_1_11_quantidade_de_vagas", (select id_chave_curso from cursos where nome_curso = "ifb_1_11"), (select id_chave_titulo from titulos where nome_titulo = "40"),(SELECT id_chave_tipo_classificacao FROM tipos_classificacoes WHERE nome_tipo_classificacao = "quantidade_de_vagas" AND id_arquivo_fonte = @id_arquivo_var), @id_arquivo_var);
INSERT INTO campos_cursos (nome_campo_curso, id_curso, id_titulo, id_tipo_classificacao, id_arquivo_fonte) VALUES ("ifb_1_11_turno", (select id_chave_curso from cursos where nome_curso = "ifb_1_11"), (select id_chave_titulo from titulos where nome_titulo = "integral"),(SELECT id_chave_tipo_classificacao FROM tipos_classificacoes WHERE nome_tipo_classificacao = "turno" AND id_arquivo_fonte = @id_arquivo_var), @id_arquivo_var);
INSERT INTO campos_cursos (nome_campo_curso, id_curso, id_titulo, id_tipo_classificacao, id_arquivo_fonte) VALUES ("ifb_1_11_modalidade_de_oferta", (select id_chave_curso from cursos where nome_curso = "ifb_1_11"), (select id_chave_titulo from titulos where nome_titulo = "presencial"),(SELECT id_chave_tipo_classificacao FROM tipos_classificacoes WHERE nome_tipo_classificacao = "modalidade_de_oferta" AND id_arquivo_fonte = @id_arquivo_var), @id_arquivo_var);
INSERT INTO campos_cursos (nome_campo_curso, id_curso, id_titulo, id_tipo_classificacao, id_arquivo_fonte) VALUES ("ifb_1_11_cbo", (select id_chave_curso from cursos where nome_curso = "ifb_1_11"), (select id_chave_titulo from titulos where nome_titulo = "não_declarado"),(SELECT id_chave_tipo_classificacao FROM tipos_classificacoes WHERE nome_tipo_classificacao = "cbo" AND id_arquivo_fonte = @id_arquivo_var), @id_arquivo_var);
INSERT INTO campos_cursos (nome_campo_curso, id_curso, id_titulo, id_tipo_classificacao, id_arquivo_fonte) VALUES ("ifb_1_11_eixo_tecnologico", (select id_chave_curso from cursos where nome_curso = "ifb_1_11"), (select id_chave_titulo from titulos where nome_titulo = "hospitalidade_e_lazer"),(SELECT id_chave_tipo_classificacao FROM tipos_classificacoes WHERE nome_tipo_classificacao = "eixo_tecnologico" AND id_arquivo_fonte = @id_arquivo_var), @id_arquivo_var);
INSERT INTO campos_cursos (nome_campo_curso, id_curso, id_titulo, id_tipo_classificacao, id_arquivo_fonte) VALUES ("ifb_1_11_regime_de_matricula", (select id_chave_curso from cursos where nome_curso = "ifb_1_11"), (select id_chave_titulo from titulos where nome_titulo = "anual"),(SELECT id_chave_tipo_classificacao FROM tipos_classificacoes WHERE nome_tipo_classificacao = "regime_de_matricula" AND id_arquivo_fonte = @id_arquivo_var), @id_arquivo_var);
INSERT INTO campos_cursos (nome_campo_curso, id_curso, id_titulo, id_tipo_classificacao, id_arquivo_fonte) VALUES ("ifb_1_11_carga_horaria", (select id_chave_curso from cursos where nome_curso = "ifb_1_11"), (select id_chave_titulo from titulos where nome_titulo = "3632"),(SELECT id_chave_tipo_classificacao FROM tipos_classificacoes WHERE nome_tipo_classificacao = "carga_horaria" AND id_arquivo_fonte = @id_arquivo_var), @id_arquivo_var);
INSERT INTO campos_cursos (nome_campo_curso, id_curso, id_titulo, id_tipo_classificacao, id_arquivo_fonte) VALUES ("ifb_1_12_tipo_de_curso", (select id_chave_curso from cursos where nome_curso = "ifb_1_12"), (select id_chave_titulo from titulos where nome_titulo = "curso_técnico"),(SELECT id_chave_tipo_classificacao FROM tipos_classificacoes WHERE nome_tipo_classificacao = "tipo_de_curso" AND id_arquivo_fonte = @id_arquivo_var), @id_arquivo_var);
INSERT INTO campos_cursos (nome_campo_curso, id_curso, id_titulo, id_tipo_classificacao, id_arquivo_fonte) VALUES ("ifb_1_12_campus", (select id_chave_curso from cursos where nome_curso = "ifb_1_12"), (select id_chave_titulo from titulos where nome_titulo = "riacho_fundo"),(SELECT id_chave_tipo_classificacao FROM tipos_classificacoes WHERE nome_tipo_classificacao = "campus" AND id_arquivo_fonte = @id_arquivo_var), @id_arquivo_var);
INSERT INTO campos_cursos (nome_campo_curso, id_curso, id_titulo, id_tipo_classificacao, id_arquivo_fonte) VALUES ("ifb_1_12_estado", (select id_chave_curso from cursos where nome_curso = "ifb_1_12"), (select id_chave_titulo from titulos where nome_titulo = "df"),(SELECT id_chave_tipo_classificacao FROM tipos_classificacoes WHERE nome_tipo_classificacao = "estado" AND id_arquivo_fonte = @id_arquivo_var), @id_arquivo_var);
INSERT INTO campos_cursos (nome_campo_curso, id_curso, id_titulo, id_tipo_classificacao, id_arquivo_fonte) VALUES ("ifb_1_12_cidade", (select id_chave_curso from cursos where nome_curso = "ifb_1_12"), (select id_chave_titulo from titulos where nome_titulo = "riacho_fundo"),(SELECT id_chave_tipo_classificacao FROM tipos_classificacoes WHERE nome_tipo_classificacao = "cidade" AND id_arquivo_fonte = @id_arquivo_var), @id_arquivo_var);
INSERT INTO campos_cursos (nome_campo_curso, id_curso, id_titulo, id_tipo_classificacao, id_arquivo_fonte) VALUES ("ifb_1_12_titulo_do_curso", (select id_chave_curso from cursos where nome_curso = "ifb_1_12"), (select id_chave_titulo from titulos where nome_titulo = "técnico_em_hospedagem"),(SELECT id_chave_tipo_classificacao FROM tipos_classificacoes WHERE nome_tipo_classificacao = "titulo_do_curso" AND id_arquivo_fonte = @id_arquivo_var), @id_arquivo_var);
INSERT INTO campos_cursos (nome_campo_curso, id_curso, id_titulo, id_tipo_classificacao, id_arquivo_fonte) VALUES ("ifb_1_12_tipo_de_tecnico", (select id_chave_curso from cursos where nome_curso = "ifb_1_12"), (select id_chave_titulo from titulos where nome_titulo = "integrado_ao_ensino_médio"),(SELECT id_chave_tipo_classificacao FROM tipos_classificacoes WHERE nome_tipo_classificacao = "tipo_de_tecnico" AND id_arquivo_fonte = @id_arquivo_var), @id_arquivo_var);
INSERT INTO campos_cursos (nome_campo_curso, id_curso, id_titulo, id_tipo_classificacao, id_arquivo_fonte) VALUES ("ifb_1_12_turno", (select id_chave_curso from cursos where nome_curso = "ifb_1_12"), (select id_chave_titulo from titulos where nome_titulo = "integral"),(SELECT id_chave_tipo_classificacao FROM tipos_classificacoes WHERE nome_tipo_classificacao = "turno" AND id_arquivo_fonte = @id_arquivo_var), @id_arquivo_var);
INSERT INTO campos_cursos (nome_campo_curso, id_curso, id_titulo, id_tipo_classificacao, id_arquivo_fonte) VALUES ("ifb_1_12_quantidade_de_vagas", (select id_chave_curso from cursos where nome_curso = "ifb_1_12"), (select id_chave_titulo from titulos where nome_titulo = "40"),(SELECT id_chave_tipo_classificacao FROM tipos_classificacoes WHERE nome_tipo_classificacao = "quantidade_de_vagas" AND id_arquivo_fonte = @id_arquivo_var), @id_arquivo_var);
INSERT INTO campos_cursos (nome_campo_curso, id_curso, id_titulo, id_tipo_classificacao, id_arquivo_fonte) VALUES ("ifb_1_12_modalidade_de_oferta", (select id_chave_curso from cursos where nome_curso = "ifb_1_12"), (select id_chave_titulo from titulos where nome_titulo = "presencial"),(SELECT id_chave_tipo_classificacao FROM tipos_classificacoes WHERE nome_tipo_classificacao = "modalidade_de_oferta" AND id_arquivo_fonte = @id_arquivo_var), @id_arquivo_var);
INSERT INTO campos_cursos (nome_campo_curso, id_curso, id_titulo, id_tipo_classificacao, id_arquivo_fonte) VALUES ("ifb_1_12_cbo", (select id_chave_curso from cursos where nome_curso = "ifb_1_12"), (select id_chave_titulo from titulos where nome_titulo = "não_declarado"),(SELECT id_chave_tipo_classificacao FROM tipos_classificacoes WHERE nome_tipo_classificacao = "cbo" AND id_arquivo_fonte = @id_arquivo_var), @id_arquivo_var);
INSERT INTO campos_cursos (nome_campo_curso, id_curso, id_titulo, id_tipo_classificacao, id_arquivo_fonte) VALUES ("ifb_1_12_regime_de_matricula", (select id_chave_curso from cursos where nome_curso = "ifb_1_12"), (select id_chave_titulo from titulos where nome_titulo = "anual"),(SELECT id_chave_tipo_classificacao FROM tipos_classificacoes WHERE nome_tipo_classificacao = "regime_de_matricula" AND id_arquivo_fonte = @id_arquivo_var), @id_arquivo_var);
INSERT INTO campos_cursos (nome_campo_curso, id_curso, id_titulo, id_tipo_classificacao, id_arquivo_fonte) VALUES ("ifb_1_12_eixo_tecnologico", (select id_chave_curso from cursos where nome_curso = "ifb_1_12"), (select id_chave_titulo from titulos where nome_titulo = "hospitalidade_e_lazer"),(SELECT id_chave_tipo_classificacao FROM tipos_classificacoes WHERE nome_tipo_classificacao = "eixo_tecnologico" AND id_arquivo_fonte = @id_arquivo_var), @id_arquivo_var);
INSERT INTO campos_cursos (nome_campo_curso, id_curso, id_titulo, id_tipo_classificacao, id_arquivo_fonte) VALUES ("ifb_1_13_tipo_de_curso", (select id_chave_curso from cursos where nome_curso = "ifb_1_13"), (select id_chave_titulo from titulos where nome_titulo = "curso_técnico"),(SELECT id_chave_tipo_classificacao FROM tipos_classificacoes WHERE nome_tipo_classificacao = "tipo_de_curso" AND id_arquivo_fonte = @id_arquivo_var), @id_arquivo_var);
INSERT INTO campos_cursos (nome_campo_curso, id_curso, id_titulo, id_tipo_classificacao, id_arquivo_fonte) VALUES ("ifb_1_12_carga_horaria", (select id_chave_curso from cursos where nome_curso = "ifb_1_12"), (select id_chave_titulo from titulos where nome_titulo = "3066"),(SELECT id_chave_tipo_classificacao FROM tipos_classificacoes WHERE nome_tipo_classificacao = "carga_horaria" AND id_arquivo_fonte = @id_arquivo_var), @id_arquivo_var);
INSERT INTO campos_cursos (nome_campo_curso, id_curso, id_titulo, id_tipo_classificacao, id_arquivo_fonte) VALUES ("ifb_1_13_campus", (select id_chave_curso from cursos where nome_curso = "ifb_1_13"), (select id_chave_titulo from titulos where nome_titulo = "samambaia"),(SELECT id_chave_tipo_classificacao FROM tipos_classificacoes WHERE nome_tipo_classificacao = "campus" AND id_arquivo_fonte = @id_arquivo_var), @id_arquivo_var);
INSERT INTO campos_cursos (nome_campo_curso, id_curso, id_titulo, id_tipo_classificacao, id_arquivo_fonte) VALUES ("ifb_1_13_estado", (select id_chave_curso from cursos where nome_curso = "ifb_1_13"), (select id_chave_titulo from titulos where nome_titulo = "df"),(SELECT id_chave_tipo_classificacao FROM tipos_classificacoes WHERE nome_tipo_classificacao = "estado" AND id_arquivo_fonte = @id_arquivo_var), @id_arquivo_var);
INSERT INTO campos_cursos (nome_campo_curso, id_curso, id_titulo, id_tipo_classificacao, id_arquivo_fonte) VALUES ("ifb_1_13_cidade", (select id_chave_curso from cursos where nome_curso = "ifb_1_13"), (select id_chave_titulo from titulos where nome_titulo = "samambaia"),(SELECT id_chave_tipo_classificacao FROM tipos_classificacoes WHERE nome_tipo_classificacao = "cidade" AND id_arquivo_fonte = @id_arquivo_var), @id_arquivo_var);
INSERT INTO campos_cursos (nome_campo_curso, id_curso, id_titulo, id_tipo_classificacao, id_arquivo_fonte) VALUES ("ifb_1_13_titulo_do_curso", (select id_chave_curso from cursos where nome_curso = "ifb_1_13"), (select id_chave_titulo from titulos where nome_titulo = "técnico_em_controle_ambiental"),(SELECT id_chave_tipo_classificacao FROM tipos_classificacoes WHERE nome_tipo_classificacao = "titulo_do_curso" AND id_arquivo_fonte = @id_arquivo_var), @id_arquivo_var);
INSERT INTO campos_cursos (nome_campo_curso, id_curso, id_titulo, id_tipo_classificacao, id_arquivo_fonte) VALUES ("ifb_1_13_tipo_de_tecnico", (select id_chave_curso from cursos where nome_curso = "ifb_1_13"), (select id_chave_titulo from titulos where nome_titulo = "integrado_ao_ensino_médio"),(SELECT id_chave_tipo_classificacao FROM tipos_classificacoes WHERE nome_tipo_classificacao = "tipo_de_tecnico" AND id_arquivo_fonte = @id_arquivo_var), @id_arquivo_var);
INSERT INTO campos_cursos (nome_campo_curso, id_curso, id_titulo, id_tipo_classificacao, id_arquivo_fonte) VALUES ("ifb_1_13_quantidade_de_vagas", (select id_chave_curso from cursos where nome_curso = "ifb_1_13"), (select id_chave_titulo from titulos where nome_titulo = "40"),(SELECT id_chave_tipo_classificacao FROM tipos_classificacoes WHERE nome_tipo_classificacao = "quantidade_de_vagas" AND id_arquivo_fonte = @id_arquivo_var), @id_arquivo_var);
INSERT INTO campos_cursos (nome_campo_curso, id_curso, id_titulo, id_tipo_classificacao, id_arquivo_fonte) VALUES ("ifb_1_13_turno", (select id_chave_curso from cursos where nome_curso = "ifb_1_13"), (select id_chave_titulo from titulos where nome_titulo = "integral"),(SELECT id_chave_tipo_classificacao FROM tipos_classificacoes WHERE nome_tipo_classificacao = "turno" AND id_arquivo_fonte = @id_arquivo_var), @id_arquivo_var);
INSERT INTO campos_cursos (nome_campo_curso, id_curso, id_titulo, id_tipo_classificacao, id_arquivo_fonte) VALUES ("ifb_1_13_modalidade_de_oferta", (select id_chave_curso from cursos where nome_curso = "ifb_1_13"), (select id_chave_titulo from titulos where nome_titulo = "presencial"),(SELECT id_chave_tipo_classificacao FROM tipos_classificacoes WHERE nome_tipo_classificacao = "modalidade_de_oferta" AND id_arquivo_fonte = @id_arquivo_var), @id_arquivo_var);
INSERT INTO campos_cursos (nome_campo_curso, id_curso, id_titulo, id_tipo_classificacao, id_arquivo_fonte) VALUES ("ifb_1_13_cbo", (select id_chave_curso from cursos where nome_curso = "ifb_1_13"), (select id_chave_titulo from titulos where nome_titulo = "não_declarado"),(SELECT id_chave_tipo_classificacao FROM tipos_classificacoes WHERE nome_tipo_classificacao = "cbo" AND id_arquivo_fonte = @id_arquivo_var), @id_arquivo_var);
INSERT INTO campos_cursos (nome_campo_curso, id_curso, id_titulo, id_tipo_classificacao, id_arquivo_fonte) VALUES ("ifb_1_13_regime_de_matricula", (select id_chave_curso from cursos where nome_curso = "ifb_1_13"), (select id_chave_titulo from titulos where nome_titulo = "anual"),(SELECT id_chave_tipo_classificacao FROM tipos_classificacoes WHERE nome_tipo_classificacao = "regime_de_matricula" AND id_arquivo_fonte = @id_arquivo_var), @id_arquivo_var);
INSERT INTO campos_cursos (nome_campo_curso, id_curso, id_titulo, id_tipo_classificacao, id_arquivo_fonte) VALUES ("ifb_1_13_eixo_tecnologico", (select id_chave_curso from cursos where nome_curso = "ifb_1_13"), (select id_chave_titulo from titulos where nome_titulo = "meio_ambiente_e_saúde"),(SELECT id_chave_tipo_classificacao FROM tipos_classificacoes WHERE nome_tipo_classificacao = "eixo_tecnologico" AND id_arquivo_fonte = @id_arquivo_var), @id_arquivo_var);
INSERT INTO campos_cursos (nome_campo_curso, id_curso, id_titulo, id_tipo_classificacao, id_arquivo_fonte) VALUES ("ifb_1_14_tipo_de_curso", (select id_chave_curso from cursos where nome_curso = "ifb_1_14"), (select id_chave_titulo from titulos where nome_titulo = "curso_técnico"),(SELECT id_chave_tipo_classificacao FROM tipos_classificacoes WHERE nome_tipo_classificacao = "tipo_de_curso" AND id_arquivo_fonte = @id_arquivo_var), @id_arquivo_var);
INSERT INTO campos_cursos (nome_campo_curso, id_curso, id_titulo, id_tipo_classificacao, id_arquivo_fonte) VALUES ("ifb_1_13_carga_horaria", (select id_chave_curso from cursos where nome_curso = "ifb_1_13"), (select id_chave_titulo from titulos where nome_titulo = "3550"),(SELECT id_chave_tipo_classificacao FROM tipos_classificacoes WHERE nome_tipo_classificacao = "carga_horaria" AND id_arquivo_fonte = @id_arquivo_var), @id_arquivo_var);
INSERT INTO campos_cursos (nome_campo_curso, id_curso, id_titulo, id_tipo_classificacao, id_arquivo_fonte) VALUES ("ifb_1_14_campus", (select id_chave_curso from cursos where nome_curso = "ifb_1_14"), (select id_chave_titulo from titulos where nome_titulo = "samambaia"),(SELECT id_chave_tipo_classificacao FROM tipos_classificacoes WHERE nome_tipo_classificacao = "campus" AND id_arquivo_fonte = @id_arquivo_var), @id_arquivo_var);
INSERT INTO campos_cursos (nome_campo_curso, id_curso, id_titulo, id_tipo_classificacao, id_arquivo_fonte) VALUES ("ifb_1_14_estado", (select id_chave_curso from cursos where nome_curso = "ifb_1_14"), (select id_chave_titulo from titulos where nome_titulo = "df"),(SELECT id_chave_tipo_classificacao FROM tipos_classificacoes WHERE nome_tipo_classificacao = "estado" AND id_arquivo_fonte = @id_arquivo_var), @id_arquivo_var);
INSERT INTO campos_cursos (nome_campo_curso, id_curso, id_titulo, id_tipo_classificacao, id_arquivo_fonte) VALUES ("ifb_1_14_cidade", (select id_chave_curso from cursos where nome_curso = "ifb_1_14"), (select id_chave_titulo from titulos where nome_titulo = "samambaia"),(SELECT id_chave_tipo_classificacao FROM tipos_classificacoes WHERE nome_tipo_classificacao = "cidade" AND id_arquivo_fonte = @id_arquivo_var), @id_arquivo_var);
INSERT INTO campos_cursos (nome_campo_curso, id_curso, id_titulo, id_tipo_classificacao, id_arquivo_fonte) VALUES ("ifb_1_14_titulo_do_curso", (select id_chave_curso from cursos where nome_curso = "ifb_1_14"), (select id_chave_titulo from titulos where nome_titulo = "técnico_em_design_de_móveis"),(SELECT id_chave_tipo_classificacao FROM tipos_classificacoes WHERE nome_tipo_classificacao = "titulo_do_curso" AND id_arquivo_fonte = @id_arquivo_var), @id_arquivo_var);
INSERT INTO campos_cursos (nome_campo_curso, id_curso, id_titulo, id_tipo_classificacao, id_arquivo_fonte) VALUES ("ifb_1_14_tipo_de_tecnico", (select id_chave_curso from cursos where nome_curso = "ifb_1_14"), (select id_chave_titulo from titulos where nome_titulo = "integrado_ao_ensino_médio"),(SELECT id_chave_tipo_classificacao FROM tipos_classificacoes WHERE nome_tipo_classificacao = "tipo_de_tecnico" AND id_arquivo_fonte = @id_arquivo_var), @id_arquivo_var);
INSERT INTO campos_cursos (nome_campo_curso, id_curso, id_titulo, id_tipo_classificacao, id_arquivo_fonte) VALUES ("ifb_1_14_quantidade_de_vagas", (select id_chave_curso from cursos where nome_curso = "ifb_1_14"), (select id_chave_titulo from titulos where nome_titulo = "40"),(SELECT id_chave_tipo_classificacao FROM tipos_classificacoes WHERE nome_tipo_classificacao = "quantidade_de_vagas" AND id_arquivo_fonte = @id_arquivo_var), @id_arquivo_var);
INSERT INTO campos_cursos (nome_campo_curso, id_curso, id_titulo, id_tipo_classificacao, id_arquivo_fonte) VALUES ("ifb_1_14_turno", (select id_chave_curso from cursos where nome_curso = "ifb_1_14"), (select id_chave_titulo from titulos where nome_titulo = "integral"),(SELECT id_chave_tipo_classificacao FROM tipos_classificacoes WHERE nome_tipo_classificacao = "turno" AND id_arquivo_fonte = @id_arquivo_var), @id_arquivo_var);
INSERT INTO campos_cursos (nome_campo_curso, id_curso, id_titulo, id_tipo_classificacao, id_arquivo_fonte) VALUES ("ifb_1_14_modalidade_de_oferta", (select id_chave_curso from cursos where nome_curso = "ifb_1_14"), (select id_chave_titulo from titulos where nome_titulo = "presencial"),(SELECT id_chave_tipo_classificacao FROM tipos_classificacoes WHERE nome_tipo_classificacao = "modalidade_de_oferta" AND id_arquivo_fonte = @id_arquivo_var), @id_arquivo_var);
INSERT INTO campos_cursos (nome_campo_curso, id_curso, id_titulo, id_tipo_classificacao, id_arquivo_fonte) VALUES ("ifb_1_14_cbo", (select id_chave_curso from cursos where nome_curso = "ifb_1_14"), (select id_chave_titulo from titulos where nome_titulo = "não_declarado"),(SELECT id_chave_tipo_classificacao FROM tipos_classificacoes WHERE nome_tipo_classificacao = "cbo" AND id_arquivo_fonte = @id_arquivo_var), @id_arquivo_var);
INSERT INTO campos_cursos (nome_campo_curso, id_curso, id_titulo, id_tipo_classificacao, id_arquivo_fonte) VALUES ("ifb_1_14_eixo_tecnologico", (select id_chave_curso from cursos where nome_curso = "ifb_1_14"), (select id_chave_titulo from titulos where nome_titulo = "desenhista_técnico_/_projetista_de_móveis_/_maquetista_na_marcenaria"),(SELECT id_chave_tipo_classificacao FROM tipos_classificacoes WHERE nome_tipo_classificacao = "eixo_tecnologico" AND id_arquivo_fonte = @id_arquivo_var), @id_arquivo_var);
INSERT INTO campos_cursos (nome_campo_curso, id_curso, id_titulo, id_tipo_classificacao, id_arquivo_fonte) VALUES ("ifb_1_14_regime_de_matricula", (select id_chave_curso from cursos where nome_curso = "ifb_1_14"), (select id_chave_titulo from titulos where nome_titulo = "anual"),(SELECT id_chave_tipo_classificacao FROM tipos_classificacoes WHERE nome_tipo_classificacao = "regime_de_matricula" AND id_arquivo_fonte = @id_arquivo_var), @id_arquivo_var);
INSERT INTO campos_cursos (nome_campo_curso, id_curso, id_titulo, id_tipo_classificacao, id_arquivo_fonte) VALUES ("ifb_1_14_carga_horaria", (select id_chave_curso from cursos where nome_curso = "ifb_1_14"), (select id_chave_titulo from titulos where nome_titulo = "3679"),(SELECT id_chave_tipo_classificacao FROM tipos_classificacoes WHERE nome_tipo_classificacao = "carga_horaria" AND id_arquivo_fonte = @id_arquivo_var), @id_arquivo_var);
INSERT INTO campos_cursos (nome_campo_curso, id_curso, id_titulo, id_tipo_classificacao, id_arquivo_fonte) VALUES ("ifb_1_15_tipo_de_curso", (select id_chave_curso from cursos where nome_curso = "ifb_1_15"), (select id_chave_titulo from titulos where nome_titulo = "curso_técnico"),(SELECT id_chave_tipo_classificacao FROM tipos_classificacoes WHERE nome_tipo_classificacao = "tipo_de_curso" AND id_arquivo_fonte = @id_arquivo_var), @id_arquivo_var);
INSERT INTO campos_cursos (nome_campo_curso, id_curso, id_titulo, id_tipo_classificacao, id_arquivo_fonte) VALUES ("ifb_1_15_campus", (select id_chave_curso from cursos where nome_curso = "ifb_1_15"), (select id_chave_titulo from titulos where nome_titulo = "são_sebastião"),(SELECT id_chave_tipo_classificacao FROM tipos_classificacoes WHERE nome_tipo_classificacao = "campus" AND id_arquivo_fonte = @id_arquivo_var), @id_arquivo_var);
INSERT INTO campos_cursos (nome_campo_curso, id_curso, id_titulo, id_tipo_classificacao, id_arquivo_fonte) VALUES ("ifb_1_15_estado", (select id_chave_curso from cursos where nome_curso = "ifb_1_15"), (select id_chave_titulo from titulos where nome_titulo = "df"),(SELECT id_chave_tipo_classificacao FROM tipos_classificacoes WHERE nome_tipo_classificacao = "estado" AND id_arquivo_fonte = @id_arquivo_var), @id_arquivo_var);
INSERT INTO campos_cursos (nome_campo_curso, id_curso, id_titulo, id_tipo_classificacao, id_arquivo_fonte) VALUES ("ifb_1_15_cidade", (select id_chave_curso from cursos where nome_curso = "ifb_1_15"), (select id_chave_titulo from titulos where nome_titulo = "são_sebastião"),(SELECT id_chave_tipo_classificacao FROM tipos_classificacoes WHERE nome_tipo_classificacao = "cidade" AND id_arquivo_fonte = @id_arquivo_var), @id_arquivo_var);
INSERT INTO campos_cursos (nome_campo_curso, id_curso, id_titulo, id_tipo_classificacao, id_arquivo_fonte) VALUES ("ifb_1_15_titulo_do_curso", (select id_chave_curso from cursos where nome_curso = "ifb_1_15"), (select id_chave_titulo from titulos where nome_titulo = "técnico_em_administração"),(SELECT id_chave_tipo_classificacao FROM tipos_classificacoes WHERE nome_tipo_classificacao = "titulo_do_curso" AND id_arquivo_fonte = @id_arquivo_var), @id_arquivo_var);
INSERT INTO campos_cursos (nome_campo_curso, id_curso, id_titulo, id_tipo_classificacao, id_arquivo_fonte) VALUES ("ifb_1_15_quantidade_de_vagas", (select id_chave_curso from cursos where nome_curso = "ifb_1_15"), (select id_chave_titulo from titulos where nome_titulo = "32"),(SELECT id_chave_tipo_classificacao FROM tipos_classificacoes WHERE nome_tipo_classificacao = "quantidade_de_vagas" AND id_arquivo_fonte = @id_arquivo_var), @id_arquivo_var);
INSERT INTO campos_cursos (nome_campo_curso, id_curso, id_titulo, id_tipo_classificacao, id_arquivo_fonte) VALUES ("ifb_1_15_turno", (select id_chave_curso from cursos where nome_curso = "ifb_1_15"), (select id_chave_titulo from titulos where nome_titulo = "integral"),(SELECT id_chave_tipo_classificacao FROM tipos_classificacoes WHERE nome_tipo_classificacao = "turno" AND id_arquivo_fonte = @id_arquivo_var), @id_arquivo_var);
INSERT INTO campos_cursos (nome_campo_curso, id_curso, id_titulo, id_tipo_classificacao, id_arquivo_fonte) VALUES ("ifb_1_15_modalidade_de_oferta", (select id_chave_curso from cursos where nome_curso = "ifb_1_15"), (select id_chave_titulo from titulos where nome_titulo = "presencial"),(SELECT id_chave_tipo_classificacao FROM tipos_classificacoes WHERE nome_tipo_classificacao = "modalidade_de_oferta" AND id_arquivo_fonte = @id_arquivo_var), @id_arquivo_var);
INSERT INTO campos_cursos (nome_campo_curso, id_curso, id_titulo, id_tipo_classificacao, id_arquivo_fonte) VALUES ("ifb_1_15_tipo_de_tecnico", (select id_chave_curso from cursos where nome_curso = "ifb_1_15"), (select id_chave_titulo from titulos where nome_titulo = "integrado_ao_ensino_médio"),(SELECT id_chave_tipo_classificacao FROM tipos_classificacoes WHERE nome_tipo_classificacao = "tipo_de_tecnico" AND id_arquivo_fonte = @id_arquivo_var), @id_arquivo_var);
INSERT INTO campos_cursos (nome_campo_curso, id_curso, id_titulo, id_tipo_classificacao, id_arquivo_fonte) VALUES ("ifb_1_15_cbo", (select id_chave_curso from cursos where nome_curso = "ifb_1_15"), (select id_chave_titulo from titulos where nome_titulo = "técnico_em_administração"),(SELECT id_chave_tipo_classificacao FROM tipos_classificacoes WHERE nome_tipo_classificacao = "cbo" AND id_arquivo_fonte = @id_arquivo_var), @id_arquivo_var);
INSERT INTO campos_cursos (nome_campo_curso, id_curso, id_titulo, id_tipo_classificacao, id_arquivo_fonte) VALUES ("ifb_1_15_regime_de_matricula", (select id_chave_curso from cursos where nome_curso = "ifb_1_15"), (select id_chave_titulo from titulos where nome_titulo = "anual"),(SELECT id_chave_tipo_classificacao FROM tipos_classificacoes WHERE nome_tipo_classificacao = "regime_de_matricula" AND id_arquivo_fonte = @id_arquivo_var), @id_arquivo_var);
INSERT INTO campos_cursos (nome_campo_curso, id_curso, id_titulo, id_tipo_classificacao, id_arquivo_fonte) VALUES ("ifb_1_15_eixo_tecnologico", (select id_chave_curso from cursos where nome_curso = "ifb_1_15"), (select id_chave_titulo from titulos where nome_titulo = "gestão_e_negócios"),(SELECT id_chave_tipo_classificacao FROM tipos_classificacoes WHERE nome_tipo_classificacao = "eixo_tecnologico" AND id_arquivo_fonte = @id_arquivo_var), @id_arquivo_var);
INSERT INTO campos_cursos (nome_campo_curso, id_curso, id_titulo, id_tipo_classificacao, id_arquivo_fonte) VALUES ("ifb_1_15_carga_horaria", (select id_chave_curso from cursos where nome_curso = "ifb_1_15"), (select id_chave_titulo from titulos where nome_titulo = "3266"),(SELECT id_chave_tipo_classificacao FROM tipos_classificacoes WHERE nome_tipo_classificacao = "carga_horaria" AND id_arquivo_fonte = @id_arquivo_var), @id_arquivo_var);
INSERT INTO campos_cursos (nome_campo_curso, id_curso, id_titulo, id_tipo_classificacao, id_arquivo_fonte) VALUES ("ifb_1_16_campus", (select id_chave_curso from cursos where nome_curso = "ifb_1_16"), (select id_chave_titulo from titulos where nome_titulo = "são_sebastião"),(SELECT id_chave_tipo_classificacao FROM tipos_classificacoes WHERE nome_tipo_classificacao = "campus" AND id_arquivo_fonte = @id_arquivo_var), @id_arquivo_var);
INSERT INTO campos_cursos (nome_campo_curso, id_curso, id_titulo, id_tipo_classificacao, id_arquivo_fonte) VALUES ("ifb_1_16_tipo_de_curso", (select id_chave_curso from cursos where nome_curso = "ifb_1_16"), (select id_chave_titulo from titulos where nome_titulo = "curso_técnico"),(SELECT id_chave_tipo_classificacao FROM tipos_classificacoes WHERE nome_tipo_classificacao = "tipo_de_curso" AND id_arquivo_fonte = @id_arquivo_var), @id_arquivo_var);
INSERT INTO campos_cursos (nome_campo_curso, id_curso, id_titulo, id_tipo_classificacao, id_arquivo_fonte) VALUES ("ifb_1_16_cidade", (select id_chave_curso from cursos where nome_curso = "ifb_1_16"), (select id_chave_titulo from titulos where nome_titulo = "são_sebastião"),(SELECT id_chave_tipo_classificacao FROM tipos_classificacoes WHERE nome_tipo_classificacao = "cidade" AND id_arquivo_fonte = @id_arquivo_var), @id_arquivo_var);
INSERT INTO campos_cursos (nome_campo_curso, id_curso, id_titulo, id_tipo_classificacao, id_arquivo_fonte) VALUES ("ifb_1_16_estado", (select id_chave_curso from cursos where nome_curso = "ifb_1_16"), (select id_chave_titulo from titulos where nome_titulo = "df"),(SELECT id_chave_tipo_classificacao FROM tipos_classificacoes WHERE nome_tipo_classificacao = "estado" AND id_arquivo_fonte = @id_arquivo_var), @id_arquivo_var);
INSERT INTO campos_cursos (nome_campo_curso, id_curso, id_titulo, id_tipo_classificacao, id_arquivo_fonte) VALUES ("ifb_1_16_titulo_do_curso", (select id_chave_curso from cursos where nome_curso = "ifb_1_16"), (select id_chave_titulo from titulos where nome_titulo = "técnico_em_desenvolvimento_de_sistemas_educacionais"),(SELECT id_chave_tipo_classificacao FROM tipos_classificacoes WHERE nome_tipo_classificacao = "titulo_do_curso" AND id_arquivo_fonte = @id_arquivo_var), @id_arquivo_var);
INSERT INTO campos_cursos (nome_campo_curso, id_curso, id_titulo, id_tipo_classificacao, id_arquivo_fonte) VALUES ("ifb_1_16_tipo_de_tecnico", (select id_chave_curso from cursos where nome_curso = "ifb_1_16"), (select id_chave_titulo from titulos where nome_titulo = "integrado_ao_ensino_médio"),(SELECT id_chave_tipo_classificacao FROM tipos_classificacoes WHERE nome_tipo_classificacao = "tipo_de_tecnico" AND id_arquivo_fonte = @id_arquivo_var), @id_arquivo_var);
INSERT INTO campos_cursos (nome_campo_curso, id_curso, id_titulo, id_tipo_classificacao, id_arquivo_fonte) VALUES ("ifb_1_16_quantidade_de_vagas", (select id_chave_curso from cursos where nome_curso = "ifb_1_16"), (select id_chave_titulo from titulos where nome_titulo = "32"),(SELECT id_chave_tipo_classificacao FROM tipos_classificacoes WHERE nome_tipo_classificacao = "quantidade_de_vagas" AND id_arquivo_fonte = @id_arquivo_var), @id_arquivo_var);
INSERT INTO campos_cursos (nome_campo_curso, id_curso, id_titulo, id_tipo_classificacao, id_arquivo_fonte) VALUES ("ifb_1_16_turno", (select id_chave_curso from cursos where nome_curso = "ifb_1_16"), (select id_chave_titulo from titulos where nome_titulo = "integral"),(SELECT id_chave_tipo_classificacao FROM tipos_classificacoes WHERE nome_tipo_classificacao = "turno" AND id_arquivo_fonte = @id_arquivo_var), @id_arquivo_var);
INSERT INTO campos_cursos (nome_campo_curso, id_curso, id_titulo, id_tipo_classificacao, id_arquivo_fonte) VALUES ("ifb_1_16_modalidade_de_oferta", (select id_chave_curso from cursos where nome_curso = "ifb_1_16"), (select id_chave_titulo from titulos where nome_titulo = "presencial"),(SELECT id_chave_tipo_classificacao FROM tipos_classificacoes WHERE nome_tipo_classificacao = "modalidade_de_oferta" AND id_arquivo_fonte = @id_arquivo_var), @id_arquivo_var);
INSERT INTO campos_cursos (nome_campo_curso, id_curso, id_titulo, id_tipo_classificacao, id_arquivo_fonte) VALUES ("ifb_1_16_cbo", (select id_chave_curso from cursos where nome_curso = "ifb_1_16"), (select id_chave_titulo from titulos where nome_titulo = "não_declarado"),(SELECT id_chave_tipo_classificacao FROM tipos_classificacoes WHERE nome_tipo_classificacao = "cbo" AND id_arquivo_fonte = @id_arquivo_var), @id_arquivo_var);
INSERT INTO campos_cursos (nome_campo_curso, id_curso, id_titulo, id_tipo_classificacao, id_arquivo_fonte) VALUES ("ifb_1_16_regime_de_matricula", (select id_chave_curso from cursos where nome_curso = "ifb_1_16"), (select id_chave_titulo from titulos where nome_titulo = "anual"),(SELECT id_chave_tipo_classificacao FROM tipos_classificacoes WHERE nome_tipo_classificacao = "regime_de_matricula" AND id_arquivo_fonte = @id_arquivo_var), @id_arquivo_var);
INSERT INTO campos_cursos (nome_campo_curso, id_curso, id_titulo, id_tipo_classificacao, id_arquivo_fonte) VALUES ("ifb_1_16_eixo_tecnologico", (select id_chave_curso from cursos where nome_curso = "ifb_1_16"), (select id_chave_titulo from titulos where nome_titulo = "desenvolvimento_educacional_e_social"),(SELECT id_chave_tipo_classificacao FROM tipos_classificacoes WHERE nome_tipo_classificacao = "eixo_tecnologico" AND id_arquivo_fonte = @id_arquivo_var), @id_arquivo_var);
INSERT INTO campos_cursos (nome_campo_curso, id_curso, id_titulo, id_tipo_classificacao, id_arquivo_fonte) VALUES ("ifb_1_16_carga_horaria", (select id_chave_curso from cursos where nome_curso = "ifb_1_16"), (select id_chave_titulo from titulos where nome_titulo = "3283"),(SELECT id_chave_tipo_classificacao FROM tipos_classificacoes WHERE nome_tipo_classificacao = "carga_horaria" AND id_arquivo_fonte = @id_arquivo_var), @id_arquivo_var);
INSERT INTO campos_cursos (nome_campo_curso, id_curso, id_titulo, id_tipo_classificacao, id_arquivo_fonte) VALUES ("ifb_1_17_tipo_de_curso", (select id_chave_curso from cursos where nome_curso = "ifb_1_17"), (select id_chave_titulo from titulos where nome_titulo = "curso_técnico"),(SELECT id_chave_tipo_classificacao FROM tipos_classificacoes WHERE nome_tipo_classificacao = "tipo_de_curso" AND id_arquivo_fonte = @id_arquivo_var), @id_arquivo_var);
INSERT INTO campos_cursos (nome_campo_curso, id_curso, id_titulo, id_tipo_classificacao, id_arquivo_fonte) VALUES ("ifb_1_17_campus", (select id_chave_curso from cursos where nome_curso = "ifb_1_17"), (select id_chave_titulo from titulos where nome_titulo = "taguatinga"),(SELECT id_chave_tipo_classificacao FROM tipos_classificacoes WHERE nome_tipo_classificacao = "campus" AND id_arquivo_fonte = @id_arquivo_var), @id_arquivo_var);
INSERT INTO campos_cursos (nome_campo_curso, id_curso, id_titulo, id_tipo_classificacao, id_arquivo_fonte) VALUES ("ifb_1_17_estado", (select id_chave_curso from cursos where nome_curso = "ifb_1_17"), (select id_chave_titulo from titulos where nome_titulo = "df"),(SELECT id_chave_tipo_classificacao FROM tipos_classificacoes WHERE nome_tipo_classificacao = "estado" AND id_arquivo_fonte = @id_arquivo_var), @id_arquivo_var);
INSERT INTO campos_cursos (nome_campo_curso, id_curso, id_titulo, id_tipo_classificacao, id_arquivo_fonte) VALUES ("ifb_1_17_cidade", (select id_chave_curso from cursos where nome_curso = "ifb_1_17"), (select id_chave_titulo from titulos where nome_titulo = "taguatinga"),(SELECT id_chave_tipo_classificacao FROM tipos_classificacoes WHERE nome_tipo_classificacao = "cidade" AND id_arquivo_fonte = @id_arquivo_var), @id_arquivo_var);
INSERT INTO campos_cursos (nome_campo_curso, id_curso, id_titulo, id_tipo_classificacao, id_arquivo_fonte) VALUES ("ifb_1_17_titulo_do_curso", (select id_chave_curso from cursos where nome_curso = "ifb_1_17"), (select id_chave_titulo from titulos where nome_titulo = "técnico_em_eletromecânica"),(SELECT id_chave_tipo_classificacao FROM tipos_classificacoes WHERE nome_tipo_classificacao = "titulo_do_curso" AND id_arquivo_fonte = @id_arquivo_var), @id_arquivo_var);
INSERT INTO campos_cursos (nome_campo_curso, id_curso, id_titulo, id_tipo_classificacao, id_arquivo_fonte) VALUES ("ifb_1_17_tipo_de_tecnico", (select id_chave_curso from cursos where nome_curso = "ifb_1_17"), (select id_chave_titulo from titulos where nome_titulo = "integrado_ao_ensino_médio"),(SELECT id_chave_tipo_classificacao FROM tipos_classificacoes WHERE nome_tipo_classificacao = "tipo_de_tecnico" AND id_arquivo_fonte = @id_arquivo_var), @id_arquivo_var);
INSERT INTO campos_cursos (nome_campo_curso, id_curso, id_titulo, id_tipo_classificacao, id_arquivo_fonte) VALUES ("ifb_1_17_quantidade_de_vagas", (select id_chave_curso from cursos where nome_curso = "ifb_1_17"), (select id_chave_titulo from titulos where nome_titulo = "40"),(SELECT id_chave_tipo_classificacao FROM tipos_classificacoes WHERE nome_tipo_classificacao = "quantidade_de_vagas" AND id_arquivo_fonte = @id_arquivo_var), @id_arquivo_var);
INSERT INTO campos_cursos (nome_campo_curso, id_curso, id_titulo, id_tipo_classificacao, id_arquivo_fonte) VALUES ("ifb_1_17_turno", (select id_chave_curso from cursos where nome_curso = "ifb_1_17"), (select id_chave_titulo from titulos where nome_titulo = "integral"),(SELECT id_chave_tipo_classificacao FROM tipos_classificacoes WHERE nome_tipo_classificacao = "turno" AND id_arquivo_fonte = @id_arquivo_var), @id_arquivo_var);
INSERT INTO campos_cursos (nome_campo_curso, id_curso, id_titulo, id_tipo_classificacao, id_arquivo_fonte) VALUES ("ifb_1_17_modalidade_de_oferta", (select id_chave_curso from cursos where nome_curso = "ifb_1_17"), (select id_chave_titulo from titulos where nome_titulo = "presencial"),(SELECT id_chave_tipo_classificacao FROM tipos_classificacoes WHERE nome_tipo_classificacao = "modalidade_de_oferta" AND id_arquivo_fonte = @id_arquivo_var), @id_arquivo_var);
INSERT INTO campos_cursos (nome_campo_curso, id_curso, id_titulo, id_tipo_classificacao, id_arquivo_fonte) VALUES ("ifb_1_17_cbo", (select id_chave_curso from cursos where nome_curso = "ifb_1_17"), (select id_chave_titulo from titulos where nome_titulo = "técnico_em_eletromecânica_/_agente_fiscal_de_qualidade"),(SELECT id_chave_tipo_classificacao FROM tipos_classificacoes WHERE nome_tipo_classificacao = "cbo" AND id_arquivo_fonte = @id_arquivo_var), @id_arquivo_var);
INSERT INTO campos_cursos (nome_campo_curso, id_curso, id_titulo, id_tipo_classificacao, id_arquivo_fonte) VALUES ("ifb_1_17_regime_de_matricula", (select id_chave_curso from cursos where nome_curso = "ifb_1_17"), (select id_chave_titulo from titulos where nome_titulo = "anual"),(SELECT id_chave_tipo_classificacao FROM tipos_classificacoes WHERE nome_tipo_classificacao = "regime_de_matricula" AND id_arquivo_fonte = @id_arquivo_var), @id_arquivo_var);
INSERT INTO campos_cursos (nome_campo_curso, id_curso, id_titulo, id_tipo_classificacao, id_arquivo_fonte) VALUES ("ifb_1_17_eixo_tecnologico", (select id_chave_curso from cursos where nome_curso = "ifb_1_17"), (select id_chave_titulo from titulos where nome_titulo = "controle_e_processos_industriais"),(SELECT id_chave_tipo_classificacao FROM tipos_classificacoes WHERE nome_tipo_classificacao = "eixo_tecnologico" AND id_arquivo_fonte = @id_arquivo_var), @id_arquivo_var);
INSERT INTO campos_cursos (nome_campo_curso, id_curso, id_titulo, id_tipo_classificacao, id_arquivo_fonte) VALUES ("ifb_1_17_carga_horaria", (select id_chave_curso from cursos where nome_curso = "ifb_1_17"), (select id_chave_titulo from titulos where nome_titulo = "3500"),(SELECT id_chave_tipo_classificacao FROM tipos_classificacoes WHERE nome_tipo_classificacao = "carga_horaria" AND id_arquivo_fonte = @id_arquivo_var), @id_arquivo_var);
SELECT COALESCE((SELECT id_chave_cidade FROM cidades WHERE UPPER(nome_cidade) = 'BRASÍLIA' AND id_estado = (SELECT codigo_ibge FROM estados WHERE sigla_estado = 'DF')), 'ERRO: CIDADE NÃO ENCONTRADA: BRASÍLIA');
UPDATE cursos SET id_cidade = (SELECT id_chave_cidade FROM cidades WHERE UPPER(nome_cidade) = 'BRASÍLIA'  AND id_estado = (SELECT codigo_ibge FROM estados WHERE sigla_estado = 'DF')) WHERE nome_curso = 'ifb_1_1';
SELECT COALESCE((SELECT id_chave_cidade FROM cidades WHERE UPPER(nome_cidade) = 'BRASÍLIA' AND id_estado = (SELECT codigo_ibge FROM estados WHERE sigla_estado = 'DF')), 'ERRO: CIDADE NÃO ENCONTRADA: BRASÍLIA');
UPDATE cursos SET id_cidade = (SELECT id_chave_cidade FROM cidades WHERE UPPER(nome_cidade) = 'BRASÍLIA'  AND id_estado = (SELECT codigo_ibge FROM estados WHERE sigla_estado = 'DF')) WHERE nome_curso = 'ifb_1_2';
SELECT COALESCE((SELECT id_chave_cidade FROM cidades WHERE UPPER(nome_cidade) = 'CEILÂNDIA' AND id_estado = (SELECT codigo_ibge FROM estados WHERE sigla_estado = 'DF')), 'ERRO: CIDADE NÃO ENCONTRADA: CEILÂNDIA');
UPDATE cursos SET id_cidade = (SELECT id_chave_cidade FROM cidades WHERE UPPER(nome_cidade) = 'CEILÂNDIA'  AND id_estado = (SELECT codigo_ibge FROM estados WHERE sigla_estado = 'DF')) WHERE nome_curso = 'ifb_1_3';
SELECT COALESCE((SELECT id_chave_cidade FROM cidades WHERE UPPER(nome_cidade) = 'CEILÂNDIA' AND id_estado = (SELECT codigo_ibge FROM estados WHERE sigla_estado = 'DF')), 'ERRO: CIDADE NÃO ENCONTRADA: CEILÂNDIA');
UPDATE cursos SET id_cidade = (SELECT id_chave_cidade FROM cidades WHERE UPPER(nome_cidade) = 'CEILÂNDIA'  AND id_estado = (SELECT codigo_ibge FROM estados WHERE sigla_estado = 'DF')) WHERE nome_curso = 'ifb_1_4';
SELECT COALESCE((SELECT id_chave_cidade FROM cidades WHERE UPPER(nome_cidade) = 'ESTRUTURAL' AND id_estado = (SELECT codigo_ibge FROM estados WHERE sigla_estado = 'DF')), 'ERRO: CIDADE NÃO ENCONTRADA: ESTRUTURAL');
UPDATE cursos SET id_cidade = (SELECT id_chave_cidade FROM cidades WHERE UPPER(nome_cidade) = 'ESTRUTURAL'  AND id_estado = (SELECT codigo_ibge FROM estados WHERE sigla_estado = 'DF')) WHERE nome_curso = 'ifb_1_5';
SELECT COALESCE((SELECT id_chave_cidade FROM cidades WHERE UPPER(nome_cidade) = 'ESTRUTURAL' AND id_estado = (SELECT codigo_ibge FROM estados WHERE sigla_estado = 'DF')), 'ERRO: CIDADE NÃO ENCONTRADA: ESTRUTURAL');
UPDATE cursos SET id_cidade = (SELECT id_chave_cidade FROM cidades WHERE UPPER(nome_cidade) = 'ESTRUTURAL'  AND id_estado = (SELECT codigo_ibge FROM estados WHERE sigla_estado = 'DF')) WHERE nome_curso = 'ifb_1_6';
SELECT COALESCE((SELECT id_chave_cidade FROM cidades WHERE UPPER(nome_cidade) = 'GAMA' AND id_estado = (SELECT codigo_ibge FROM estados WHERE sigla_estado = 'DF')), 'ERRO: CIDADE NÃO ENCONTRADA: GAMA');
UPDATE cursos SET id_cidade = (SELECT id_chave_cidade FROM cidades WHERE UPPER(nome_cidade) = 'GAMA'  AND id_estado = (SELECT codigo_ibge FROM estados WHERE sigla_estado = 'DF')) WHERE nome_curso = 'ifb_1_7';
SELECT COALESCE((SELECT id_chave_cidade FROM cidades WHERE UPPER(nome_cidade) = 'GAMA' AND id_estado = (SELECT codigo_ibge FROM estados WHERE sigla_estado = 'DF')), 'ERRO: CIDADE NÃO ENCONTRADA: GAMA');
UPDATE cursos SET id_cidade = (SELECT id_chave_cidade FROM cidades WHERE UPPER(nome_cidade) = 'GAMA'  AND id_estado = (SELECT codigo_ibge FROM estados WHERE sigla_estado = 'DF')) WHERE nome_curso = 'ifb_1_8';
SELECT COALESCE((SELECT id_chave_cidade FROM cidades WHERE UPPER(nome_cidade) = 'PLANALTINA' AND id_estado = (SELECT codigo_ibge FROM estados WHERE sigla_estado = 'DF')), 'ERRO: CIDADE NÃO ENCONTRADA: PLANALTINA');
UPDATE cursos SET id_cidade = (SELECT id_chave_cidade FROM cidades WHERE UPPER(nome_cidade) = 'PLANALTINA'  AND id_estado = (SELECT codigo_ibge FROM estados WHERE sigla_estado = 'DF')) WHERE nome_curso = 'ifb_1_9';
SELECT COALESCE((SELECT id_chave_cidade FROM cidades WHERE UPPER(nome_cidade) = 'RECANTO DAS EMAS' AND id_estado = (SELECT codigo_ibge FROM estados WHERE sigla_estado = 'DF')), 'ERRO: CIDADE NÃO ENCONTRADA: RECANTO DAS EMAS');
UPDATE cursos SET id_cidade = (SELECT id_chave_cidade FROM cidades WHERE UPPER(nome_cidade) = 'RECANTO DAS EMAS'  AND id_estado = (SELECT codigo_ibge FROM estados WHERE sigla_estado = 'DF')) WHERE nome_curso = 'ifb_1_10';
SELECT COALESCE((SELECT id_chave_cidade FROM cidades WHERE UPPER(nome_cidade) = 'RIACHO FUNDO' AND id_estado = (SELECT codigo_ibge FROM estados WHERE sigla_estado = 'DF')), 'ERRO: CIDADE NÃO ENCONTRADA: RIACHO FUNDO');
UPDATE cursos SET id_cidade = (SELECT id_chave_cidade FROM cidades WHERE UPPER(nome_cidade) = 'RIACHO FUNDO'  AND id_estado = (SELECT codigo_ibge FROM estados WHERE sigla_estado = 'DF')) WHERE nome_curso = 'ifb_1_11';
SELECT COALESCE((SELECT id_chave_cidade FROM cidades WHERE UPPER(nome_cidade) = 'RIACHO FUNDO' AND id_estado = (SELECT codigo_ibge FROM estados WHERE sigla_estado = 'DF')), 'ERRO: CIDADE NÃO ENCONTRADA: RIACHO FUNDO');
UPDATE cursos SET id_cidade = (SELECT id_chave_cidade FROM cidades WHERE UPPER(nome_cidade) = 'RIACHO FUNDO'  AND id_estado = (SELECT codigo_ibge FROM estados WHERE sigla_estado = 'DF')) WHERE nome_curso = 'ifb_1_12';
SELECT COALESCE((SELECT id_chave_cidade FROM cidades WHERE UPPER(nome_cidade) = 'SAMAMBAIA' AND id_estado = (SELECT codigo_ibge FROM estados WHERE sigla_estado = 'DF')), 'ERRO: CIDADE NÃO ENCONTRADA: SAMAMBAIA');
UPDATE cursos SET id_cidade = (SELECT id_chave_cidade FROM cidades WHERE UPPER(nome_cidade) = 'SAMAMBAIA'  AND id_estado = (SELECT codigo_ibge FROM estados WHERE sigla_estado = 'DF')) WHERE nome_curso = 'ifb_1_13';
SELECT COALESCE((SELECT id_chave_cidade FROM cidades WHERE UPPER(nome_cidade) = 'SAMAMBAIA' AND id_estado = (SELECT codigo_ibge FROM estados WHERE sigla_estado = 'DF')), 'ERRO: CIDADE NÃO ENCONTRADA: SAMAMBAIA');
UPDATE cursos SET id_cidade = (SELECT id_chave_cidade FROM cidades WHERE UPPER(nome_cidade) = 'SAMAMBAIA'  AND id_estado = (SELECT codigo_ibge FROM estados WHERE sigla_estado = 'DF')) WHERE nome_curso = 'ifb_1_14';
SELECT COALESCE((SELECT id_chave_cidade FROM cidades WHERE UPPER(nome_cidade) = 'SÃO SEBASTIÃO' AND id_estado = (SELECT codigo_ibge FROM estados WHERE sigla_estado = 'DF')), 'ERRO: CIDADE NÃO ENCONTRADA: SÃO SEBASTIÃO');
UPDATE cursos SET id_cidade = (SELECT id_chave_cidade FROM cidades WHERE UPPER(nome_cidade) = 'SÃO SEBASTIÃO'  AND id_estado = (SELECT codigo_ibge FROM estados WHERE sigla_estado = 'DF')) WHERE nome_curso = 'ifb_1_15';
SELECT COALESCE((SELECT id_chave_cidade FROM cidades WHERE UPPER(nome_cidade) = 'SÃO SEBASTIÃO' AND id_estado = (SELECT codigo_ibge FROM estados WHERE sigla_estado = 'DF')), 'ERRO: CIDADE NÃO ENCONTRADA: SÃO SEBASTIÃO');
UPDATE cursos SET id_cidade = (SELECT id_chave_cidade FROM cidades WHERE UPPER(nome_cidade) = 'SÃO SEBASTIÃO'  AND id_estado = (SELECT codigo_ibge FROM estados WHERE sigla_estado = 'DF')) WHERE nome_curso = 'ifb_1_16';
SELECT COALESCE((SELECT id_chave_cidade FROM cidades WHERE UPPER(nome_cidade) = 'TAGUATINGA' AND id_estado = (SELECT codigo_ibge FROM estados WHERE sigla_estado = 'DF')), 'ERRO: CIDADE NÃO ENCONTRADA: TAGUATINGA');
UPDATE cursos SET id_cidade = (SELECT id_chave_cidade FROM cidades WHERE UPPER(nome_cidade) = 'TAGUATINGA'  AND id_estado = (SELECT codigo_ibge FROM estados WHERE sigla_estado = 'DF')) WHERE nome_curso = 'ifb_1_17';
