  INSERT IGNORE INTO tokens (nome_token, acentuada, id_tipo_token) VALUES ("388.57", "388.57", (SELECT id_tipo_token FROM classificacoes_tokens WHERE nome_token = "388.57"));
  INSERT IGNORE INTO classificacoes_tokens (nome_token, id_tipo_token) VALUES ("153", (SELECT id_chave_tipo_token FROM tipos_tokens WHERE nome_tipo_token = "numeral"));
INSERT IGNORE INTO tokens (nome_token, acentuada, id_tipo_token) VALUES ("153", "153", (SELECT id_tipo_token FROM classificacoes_tokens WHERE nome_token = "153"));
  INSERT IGNORE INTO tokens (nome_token, acentuada, id_tipo_token) VALUES ("dj", "dj", (SELECT id_tipo_token FROM classificacoes_tokens WHERE nome_token = "dj"));
  INSERT IGNORE INTO tokens (nome_token, acentuada, id_tipo_token) VALUES ("376.74", "376.74", (SELECT id_tipo_token FROM classificacoes_tokens WHERE nome_token = "376.74"));
  INSERT IGNORE INTO tokens (nome_token, acentuada, id_tipo_token) VALUES ("busca", "busca", (SELECT id_tipo_token FROM classificacoes_tokens WHERE nome_token = "busca"));
  INSERT IGNORE INTO tokens (nome_token, acentuada, id_tipo_token) VALUES ("mecanismos", "mecanismos", (SELECT id_tipo_token FROM classificacoes_tokens WHERE nome_token = "mecanismos"));
  INSERT IGNORE INTO tokens (nome_token, acentuada, id_tipo_token) VALUES ("sites", "sites", (SELECT id_tipo_token FROM classificacoes_tokens WHERE nome_token = "sites"));
  INSERT IGNORE INTO tokens (nome_token, acentuada, id_tipo_token) VALUES ("otimizacao", "otimização", (SELECT id_tipo_token FROM classificacoes_tokens WHERE nome_token = "otimizacao"));
  INSERT IGNORE INTO tokens (nome_token, acentuada, id_tipo_token) VALUES ("seo", "seo", (SELECT id_tipo_token FROM classificacoes_tokens WHERE nome_token = "seo"));
  INSERT IGNORE INTO tokens (nome_token, acentuada, id_tipo_token) VALUES ("388.30", "388.30", (SELECT id_tipo_token FROM classificacoes_tokens WHERE nome_token = "388.30"));
  INSERT IGNORE INTO tokens (nome_token, acentuada, id_tipo_token) VALUES ("imprensa", "imprensa", (SELECT id_tipo_token FROM classificacoes_tokens WHERE nome_token = "imprensa"));
  INSERT IGNORE INTO tokens (nome_token, acentuada, id_tipo_token) VALUES ("assessoria", "assessoria", (SELECT id_tipo_token FROM classificacoes_tokens WHERE nome_token = "assessoria"));
  INSERT IGNORE INTO tokens (nome_token, acentuada, id_tipo_token) VALUES ("388.5", "388.5", (SELECT id_tipo_token FROM classificacoes_tokens WHERE nome_token = "388.5"));
  INSERT IGNORE INTO tokens (nome_token, acentuada, id_tipo_token) VALUES ("podcast", "podcast", (SELECT id_tipo_token FROM classificacoes_tokens WHERE nome_token = "podcast"));
  INSERT IGNORE INTO tokens (nome_token, acentuada, id_tipo_token) VALUES ("376.116", "376.116", (SELECT id_tipo_token FROM classificacoes_tokens WHERE nome_token = "376.116"));
  INSERT IGNORE INTO tokens (nome_token, acentuada, id_tipo_token) VALUES ("varejista", "varejista", (SELECT id_tipo_token FROM classificacoes_tokens WHERE nome_token = "varejista"));
  INSERT IGNORE INTO tokens (nome_token, acentuada, id_tipo_token) VALUES ("publicidade", "publicidade", (SELECT id_tipo_token FROM classificacoes_tokens WHERE nome_token = "publicidade"));
  INSERT IGNORE INTO tokens (nome_token, acentuada, id_tipo_token) VALUES ("388.43", "388.43", (SELECT id_tipo_token FROM classificacoes_tokens WHERE nome_token = "388.43"));
  INSERT IGNORE INTO tokens (nome_token, acentuada, id_tipo_token) VALUES ("oficina", "oficina", (SELECT id_tipo_token FROM classificacoes_tokens WHERE nome_token = "oficina"));
  INSERT IGNORE INTO tokens (nome_token, acentuada, id_tipo_token) VALUES ("376.51", "376.51", (SELECT id_tipo_token FROM classificacoes_tokens WHERE nome_token = "376.51"));
  INSERT IGNORE INTO classificacoes_tokens (nome_token, id_tipo_token) VALUES ("1917", (SELECT id_chave_tipo_token FROM tipos_tokens WHERE nome_tipo_token = "numeral"));
INSERT IGNORE INTO tokens (nome_token, acentuada, id_tipo_token) VALUES ("1917", "1917", (SELECT id_tipo_token FROM classificacoes_tokens WHERE nome_token = "1917"));
  INSERT IGNORE INTO tokens (nome_token, acentuada, id_tipo_token) VALUES ("videos", "vídeos", (SELECT id_tipo_token FROM classificacoes_tokens WHERE nome_token = "videos"));
  INSERT IGNORE INTO tokens (nome_token, acentuada, id_tipo_token) VALUES ("376.109", "376.109", (SELECT id_tipo_token FROM classificacoes_tokens WHERE nome_token = "376.109"));
  INSERT IGNORE INTO tokens (nome_token, acentuada, id_tipo_token) VALUES ("locucao", "locução", (SELECT id_tipo_token FROM classificacoes_tokens WHERE nome_token = "locucao"));
  INSERT IGNORE INTO tokens (nome_token, acentuada, id_tipo_token) VALUES ("pratica", "prática", (SELECT id_tipo_token FROM classificacoes_tokens WHERE nome_token = "pratica"));
  INSERT IGNORE INTO tokens (nome_token, acentuada, id_tipo_token) VALUES ("376.106", "376.106", (SELECT id_tipo_token FROM classificacoes_tokens WHERE nome_token = "376.106"));
  INSERT IGNORE INTO classificacoes_tokens (nome_token, id_tipo_token) VALUES ("103", (SELECT id_chave_tipo_token FROM tipos_tokens WHERE nome_tipo_token = "numeral"));
INSERT IGNORE INTO tokens (nome_token, acentuada, id_tipo_token) VALUES ("103", "103", (SELECT id_tipo_token FROM classificacoes_tokens WHERE nome_token = "103"));
  INSERT IGNORE INTO tokens (nome_token, acentuada, id_tipo_token) VALUES ("games", "games", (SELECT id_tipo_token FROM classificacoes_tokens WHERE nome_token = "games"));
  INSERT IGNORE INTO tokens (nome_token, acentuada, id_tipo_token) VALUES ("designer", "designer", (SELECT id_tipo_token FROM classificacoes_tokens WHERE nome_token = "designer"));
  INSERT IGNORE INTO tokens (nome_token, acentuada, id_tipo_token) VALUES ("redacao", "redacao", (SELECT id_tipo_token FROM classificacoes_tokens WHERE nome_token = "redacao"));
  INSERT IGNORE INTO tokens (nome_token, acentuada, id_tipo_token) VALUES ("388.35", "388.35", (SELECT id_tipo_token FROM classificacoes_tokens WHERE nome_token = "388.35"));
  INSERT IGNORE INTO tokens (nome_token, acentuada, id_tipo_token) VALUES ("endomarketing", "endomarketing", (SELECT id_tipo_token FROM classificacoes_tokens WHERE nome_token = "endomarketing"));
  INSERT IGNORE INTO tokens (nome_token, acentuada, id_tipo_token) VALUES ("interna", "interna", (SELECT id_tipo_token FROM classificacoes_tokens WHERE nome_token = "interna"));
  INSERT IGNORE INTO tokens (nome_token, acentuada, id_tipo_token) VALUES ("comunicacao", "comunicacão", (SELECT id_tipo_token FROM classificacoes_tokens WHERE nome_token = "comunicacao"));
  INSERT IGNORE INTO tokens (nome_token, acentuada, id_tipo_token) VALUES ("388.36", "388.36", (SELECT id_tipo_token FROM classificacoes_tokens WHERE nome_token = "388.36"));
  INSERT IGNORE INTO classificacoes_tokens (nome_token, id_tipo_token) VALUES ("93", (SELECT id_chave_tipo_token FROM tipos_tokens WHERE nome_tipo_token = "numeral"));
INSERT IGNORE INTO tokens (nome_token, acentuada, id_tipo_token) VALUES ("93", "93", (SELECT id_tipo_token FROM classificacoes_tokens WHERE nome_token = "93"));
  INSERT IGNORE INTO tokens (nome_token, acentuada, id_tipo_token) VALUES ("tv", "tv", (SELECT id_tipo_token FROM classificacoes_tokens WHERE nome_token = "tv"));
  INSERT IGNORE INTO tokens (nome_token, acentuada, id_tipo_token) VALUES ("radio", "rádio", (SELECT id_tipo_token FROM classificacoes_tokens WHERE nome_token = "radio"));
  INSERT IGNORE INTO classificacoes_tokens (nome_token, id_tipo_token) VALUES ("2816", (SELECT id_chave_tipo_token FROM tipos_tokens WHERE nome_tipo_token = "numeral"));
INSERT IGNORE INTO tokens (nome_token, acentuada, id_tipo_token) VALUES ("2816", "2816", (SELECT id_tipo_token FROM classificacoes_tokens WHERE nome_token = "2816"));
  INSERT IGNORE INTO classificacoes_tokens (nome_token, id_tipo_token) VALUES ("83", (SELECT id_chave_tipo_token FROM tipos_tokens WHERE nome_tipo_token = "numeral"));
INSERT IGNORE INTO tokens (nome_token, acentuada, id_tipo_token) VALUES ("83", "83", (SELECT id_tipo_token FROM classificacoes_tokens WHERE nome_token = "83"));
  INSERT IGNORE INTO tokens (nome_token, acentuada, id_tipo_token) VALUES ("edicao", "edição", (SELECT id_tipo_token FROM classificacoes_tokens WHERE nome_token = "edicao"));
  INSERT IGNORE INTO classificacoes_tokens (nome_token, id_tipo_token) VALUES ("2814", (SELECT id_chave_tipo_token FROM tipos_tokens WHERE nome_tipo_token = "numeral"));
INSERT IGNORE INTO tokens (nome_token, acentuada, id_tipo_token) VALUES ("2814", "2814", (SELECT id_tipo_token FROM classificacoes_tokens WHERE nome_token = "2814"));
  INSERT IGNORE INTO tokens (nome_token, acentuada, id_tipo_token) VALUES ("televisao", "televisão", (SELECT id_tipo_token FROM classificacoes_tokens WHERE nome_token = "televisao"));
  INSERT IGNORE INTO tokens (nome_token, acentuada, id_tipo_token) VALUES ("programas", "programas", (SELECT id_tipo_token FROM classificacoes_tokens WHERE nome_token = "programas"));
  INSERT IGNORE INTO tokens (nome_token, acentuada, id_tipo_token) VALUES ("apresentacao", "apresentação", (SELECT id_tipo_token FROM classificacoes_tokens WHERE nome_token = "apresentacao"));
  INSERT IGNORE INTO classificacoes_tokens (nome_token, id_tipo_token) VALUES ("2802", (SELECT id_chave_tipo_token FROM tipos_tokens WHERE nome_tipo_token = "numeral"));
INSERT IGNORE INTO tokens (nome_token, acentuada, id_tipo_token) VALUES ("2802", "2802", (SELECT id_tipo_token FROM classificacoes_tokens WHERE nome_token = "2802"));
  INSERT IGNORE INTO tokens (nome_token, acentuada, id_tipo_token) VALUES ("camera", "câmera", (SELECT id_tipo_token FROM classificacoes_tokens WHERE nome_token = "camera"));
  INSERT IGNORE INTO classificacoes_tokens (nome_token, id_tipo_token) VALUES ("329", (SELECT id_chave_tipo_token FROM tipos_tokens WHERE nome_tipo_token = "numeral"));
INSERT IGNORE INTO tokens (nome_token, acentuada, id_tipo_token) VALUES ("329", "329", (SELECT id_tipo_token FROM classificacoes_tokens WHERE nome_token = "329"));
  INSERT IGNORE INTO tokens (nome_token, acentuada, id_tipo_token) VALUES ("publicitario", "publicitário", (SELECT id_tipo_token FROM classificacoes_tokens WHERE nome_token = "publicitario"));
  INSERT IGNORE INTO classificacoes_tokens (nome_token, id_tipo_token) VALUES ("2804", (SELECT id_chave_tipo_token FROM tipos_tokens WHERE nome_tipo_token = "numeral"));
INSERT IGNORE INTO tokens (nome_token, acentuada, id_tipo_token) VALUES ("2804", "2804", (SELECT id_tipo_token FROM classificacoes_tokens WHERE nome_token = "2804"));
  INSERT IGNORE INTO tokens (nome_token, acentuada, id_tipo_token) VALUES ("midia", "mídia", (SELECT id_tipo_token FROM classificacoes_tokens WHERE nome_token = "midia"));
  INSERT IGNORE INTO classificacoes_tokens (nome_token, id_tipo_token) VALUES ("2806", (SELECT id_chave_tipo_token FROM tipos_tokens WHERE nome_tipo_token = "numeral"));
INSERT IGNORE INTO tokens (nome_token, acentuada, id_tipo_token) VALUES ("2806", "2806", (SELECT id_tipo_token FROM classificacoes_tokens WHERE nome_token = "2806"));
  INSERT IGNORE INTO classificacoes_tokens (nome_token, id_tipo_token) VALUES ("41", (SELECT id_chave_tipo_token FROM tipos_tokens WHERE nome_tipo_token = "numeral"));
INSERT IGNORE INTO tokens (nome_token, acentuada, id_tipo_token) VALUES ("41", "41", (SELECT id_tipo_token FROM classificacoes_tokens WHERE nome_token = "41"));
  INSERT IGNORE INTO tokens (nome_token, acentuada, id_tipo_token) VALUES ("musical", "musical", (SELECT id_tipo_token FROM classificacoes_tokens WHERE nome_token = "musical"));
  INSERT IGNORE INTO tokens (nome_token, acentuada, id_tipo_token) VALUES ("radialista", "radialista", (SELECT id_tipo_token FROM classificacoes_tokens WHERE nome_token = "radialista"));
  INSERT IGNORE INTO classificacoes_tokens (nome_token, id_tipo_token) VALUES ("2811", (SELECT id_chave_tipo_token FROM tipos_tokens WHERE nome_tipo_token = "numeral"));
INSERT IGNORE INTO tokens (nome_token, acentuada, id_tipo_token) VALUES ("2811", "2811", (SELECT id_tipo_token FROM classificacoes_tokens WHERE nome_token = "2811"));
  INSERT IGNORE INTO tokens (nome_token, acentuada, id_tipo_token) VALUES ("publicitaria", "publicitária", (SELECT id_tipo_token FROM classificacoes_tokens WHERE nome_token = "publicitaria"));
  INSERT IGNORE INTO tokens (nome_token, acentuada, id_tipo_token) VALUES ("criacao", "criação", (SELECT id_tipo_token FROM classificacoes_tokens WHERE nome_token = "criacao"));
  INSERT IGNORE INTO classificacoes_tokens (nome_token, id_tipo_token) VALUES ("2805", (SELECT id_chave_tipo_token FROM tipos_tokens WHERE nome_tipo_token = "numeral"));
INSERT IGNORE INTO tokens (nome_token, acentuada, id_tipo_token) VALUES ("2805", "2805", (SELECT id_tipo_token FROM classificacoes_tokens WHERE nome_token = "2805"));
  INSERT IGNORE INTO tokens (nome_token, acentuada, id_tipo_token) VALUES ("eletronica", "eletrônica", (SELECT id_tipo_token FROM classificacoes_tokens WHERE nome_token = "eletronica"));
  INSERT IGNORE INTO tokens (nome_token, acentuada, id_tipo_token) VALUES ("editoracao", "editoração", (SELECT id_tipo_token FROM classificacoes_tokens WHERE nome_token = "editoracao"));
  INSERT IGNORE INTO classificacoes_tokens (nome_token, id_tipo_token) VALUES ("2594", (SELECT id_chave_tipo_token FROM tipos_tokens WHERE nome_tipo_token = "numeral"));
INSERT IGNORE INTO tokens (nome_token, acentuada, id_tipo_token) VALUES ("2594", "2594", (SELECT id_tipo_token FROM classificacoes_tokens WHERE nome_token = "2594"));
  INSERT IGNORE INTO classificacoes_tokens (nome_token, id_tipo_token) VALUES ("24", (SELECT id_chave_tipo_token FROM tipos_tokens WHERE nome_tipo_token = "numeral"));
INSERT IGNORE INTO tokens (nome_token, acentuada, id_tipo_token) VALUES ("24", "24", (SELECT id_tipo_token FROM classificacoes_tokens WHERE nome_token = "24"));
  INSERT IGNORE INTO tokens (nome_token, acentuada, id_tipo_token) VALUES ("grafico", "gráfico", (SELECT id_tipo_token FROM classificacoes_tokens WHERE nome_token = "grafico"));
  INSERT IGNORE INTO tokens (nome_token, acentuada, id_tipo_token) VALUES ("visual", "visual", (SELECT id_tipo_token FROM classificacoes_tokens WHERE nome_token = "visual"));
  INSERT IGNORE INTO tokens (nome_token, acentuada, id_tipo_token) VALUES ("projeto", "projeto", (SELECT id_tipo_token FROM classificacoes_tokens WHERE nome_token = "projeto"));
  INSERT IGNORE INTO classificacoes_tokens (nome_token, id_tipo_token) VALUES ("1285", (SELECT id_chave_tipo_token FROM tipos_tokens WHERE nome_tipo_token = "numeral"));
INSERT IGNORE INTO tokens (nome_token, acentuada, id_tipo_token) VALUES ("1285", "1285", (SELECT id_tipo_token FROM classificacoes_tokens WHERE nome_token = "1285"));
  INSERT IGNORE INTO classificacoes_tokens (nome_token, id_tipo_token) VALUES ("22", (SELECT id_chave_tipo_token FROM tipos_tokens WHERE nome_tipo_token = "numeral"));
INSERT IGNORE INTO tokens (nome_token, acentuada, id_tipo_token) VALUES ("22", "22", (SELECT id_tipo_token FROM classificacoes_tokens WHERE nome_token = "22"));
  INSERT IGNORE INTO tokens (nome_token, acentuada, id_tipo_token) VALUES ("audio", "áudio", (SELECT id_tipo_token FROM classificacoes_tokens WHERE nome_token = "audio"));
  INSERT IGNORE INTO classificacoes_tokens (nome_token, id_tipo_token) VALUES ("327", (SELECT id_chave_tipo_token FROM tipos_tokens WHERE nome_tipo_token = "numeral"));
INSERT IGNORE INTO tokens (nome_token, acentuada, id_tipo_token) VALUES ("327", "327", (SELECT id_tipo_token FROM classificacoes_tokens WHERE nome_token = "327"));
  INSERT IGNORE INTO tokens (nome_token, acentuada, id_tipo_token) VALUES ("video", "vídeo", (SELECT id_tipo_token FROM classificacoes_tokens WHERE nome_token = "video"));
  INSERT IGNORE INTO tokens (nome_token, acentuada, id_tipo_token) VALUES ("editor", "editor", (SELECT id_tipo_token FROM classificacoes_tokens WHERE nome_token = "editor"));
  INSERT IGNORE INTO classificacoes_tokens (nome_token, id_tipo_token) VALUES ("1344", (SELECT id_chave_tipo_token FROM tipos_tokens WHERE nome_tipo_token = "numeral"));
INSERT IGNORE INTO tokens (nome_token, acentuada, id_tipo_token) VALUES ("1344", "1344", (SELECT id_tipo_token FROM classificacoes_tokens WHERE nome_token = "1344"));
  INSERT IGNORE INTO tokens (nome_token, acentuada, id_tipo_token) VALUES ("locutor-apresentador-animador", "locutor-apresentador-animador", (SELECT id_tipo_token FROM classificacoes_tokens WHERE nome_token = "locutor-apresentador-animador"));
  INSERT IGNORE INTO tokens (nome_token, acentuada, id_tipo_token) VALUES ("1.199", "1.199", (SELECT id_tipo_token FROM classificacoes_tokens WHERE nome_token = "1.199"));
  INSERT IGNORE INTO classificacoes_tokens (nome_token, id_tipo_token) VALUES ("300", (SELECT id_chave_tipo_token FROM tipos_tokens WHERE nome_tipo_token = "numeral"));
INSERT IGNORE INTO tokens (nome_token, acentuada, id_tipo_token) VALUES ("300", "300", (SELECT id_tipo_token FROM classificacoes_tokens WHERE nome_token = "300"));
  INSERT IGNORE INTO classificacoes_tokens (nome_token, id_tipo_token) VALUES ("279", (SELECT id_chave_tipo_token FROM tipos_tokens WHERE nome_tipo_token = "numeral"));
INSERT IGNORE INTO tokens (nome_token, acentuada, id_tipo_token) VALUES ("279", "279", (SELECT id_tipo_token FROM classificacoes_tokens WHERE nome_token = "279"));
  INSERT IGNORE INTO classificacoes_tokens (nome_token, id_tipo_token) VALUES ("260", (SELECT id_chave_tipo_token FROM tipos_tokens WHERE nome_tipo_token = "numeral"));
INSERT IGNORE INTO tokens (nome_token, acentuada, id_tipo_token) VALUES ("260", "260", (SELECT id_tipo_token FROM classificacoes_tokens WHERE nome_token = "260"));
  INSERT IGNORE INTO tokens (nome_token, acentuada, id_tipo_token) VALUES ("2338.1", "2338.1", (SELECT id_tipo_token FROM classificacoes_tokens WHERE nome_token = "2338.1"));
  INSERT IGNORE INTO tokens (nome_token, acentuada, id_tipo_token) VALUES ("1.150", "1.150", (SELECT id_tipo_token FROM classificacoes_tokens WHERE nome_token = "1.150"));
  INSERT IGNORE INTO classificacoes_tokens (nome_token, id_tipo_token) VALUES ("256", (SELECT id_chave_tipo_token FROM tipos_tokens WHERE nome_tipo_token = "numeral"));
INSERT IGNORE INTO tokens (nome_token, acentuada, id_tipo_token) VALUES ("256", "256", (SELECT id_tipo_token FROM classificacoes_tokens WHERE nome_token = "256"));
  INSERT IGNORE INTO classificacoes_tokens (nome_token, id_tipo_token) VALUES ("156", (SELECT id_chave_tipo_token FROM tipos_tokens WHERE nome_tipo_token = "numeral"));
INSERT IGNORE INTO tokens (nome_token, acentuada, id_tipo_token) VALUES ("156", "156", (SELECT id_tipo_token FROM classificacoes_tokens WHERE nome_token = "156"));
  INSERT IGNORE INTO classificacoes_tokens (nome_token, id_tipo_token) VALUES ("2521", (SELECT id_chave_tipo_token FROM tipos_tokens WHERE nome_tipo_token = "numeral"));
INSERT IGNORE INTO tokens (nome_token, acentuada, id_tipo_token) VALUES ("2521", "2521", (SELECT id_tipo_token FROM classificacoes_tokens WHERE nome_token = "2521"));
  INSERT IGNORE INTO classificacoes_tokens (nome_token, id_tipo_token) VALUES ("964", (SELECT id_chave_tipo_token FROM tipos_tokens WHERE nome_tipo_token = "numeral"));
INSERT IGNORE INTO tokens (nome_token, acentuada, id_tipo_token) VALUES ("964", "964", (SELECT id_tipo_token FROM classificacoes_tokens WHERE nome_token = "964"));
  INSERT IGNORE INTO classificacoes_tokens (nome_token, id_tipo_token) VALUES ("122", (SELECT id_chave_tipo_token FROM tipos_tokens WHERE nome_tipo_token = "numeral"));
INSERT IGNORE INTO tokens (nome_token, acentuada, id_tipo_token) VALUES ("122", "122", (SELECT id_tipo_token FROM classificacoes_tokens WHERE nome_token = "122"));
  INSERT IGNORE INTO classificacoes_tokens (nome_token, id_tipo_token) VALUES ("2470", (SELECT id_chave_tipo_token FROM tipos_tokens WHERE nome_tipo_token = "numeral"));
INSERT IGNORE INTO tokens (nome_token, acentuada, id_tipo_token) VALUES ("2470", "2470", (SELECT id_tipo_token FROM classificacoes_tokens WHERE nome_token = "2470"));
  INSERT IGNORE INTO classificacoes_tokens (nome_token, id_tipo_token) VALUES ("820", (SELECT id_chave_tipo_token FROM tipos_tokens WHERE nome_tipo_token = "numeral"));
INSERT IGNORE INTO tokens (nome_token, acentuada, id_tipo_token) VALUES ("820", "820", (SELECT id_tipo_token FROM classificacoes_tokens WHERE nome_token = "820"));
  INSERT IGNORE INTO classificacoes_tokens (nome_token, id_tipo_token) VALUES ("425", (SELECT id_chave_tipo_token FROM tipos_tokens WHERE nome_tipo_token = "numeral"));
INSERT IGNORE INTO tokens (nome_token, acentuada, id_tipo_token) VALUES ("425", "425", (SELECT id_tipo_token FROM classificacoes_tokens WHERE nome_token = "425"));
  INSERT IGNORE INTO tokens (nome_token, acentuada, id_tipo_token) VALUES ("mais", "mais", (SELECT id_tipo_token FROM classificacoes_tokens WHERE nome_token = "mais"));
  INSERT IGNORE INTO tokens (nome_token, acentuada, id_tipo_token) VALUES ("comunicar", "comunicar", (SELECT id_tipo_token FROM classificacoes_tokens WHERE nome_token = "comunicar"));
  INSERT IGNORE INTO tokens (nome_token, acentuada, id_tipo_token) VALUES ("se", "se", (SELECT id_tipo_token FROM classificacoes_tokens WHERE nome_token = "se"));
  INSERT IGNORE INTO tokens (nome_token, acentuada, id_tipo_token) VALUES ("2326.1", "2326.1", (SELECT id_tipo_token FROM classificacoes_tokens WHERE nome_token = "2326.1"));
  INSERT IGNORE INTO classificacoes_tokens (nome_token, id_tipo_token) VALUES ("819", (SELECT id_chave_tipo_token FROM tipos_tokens WHERE nome_tipo_token = "numeral"));
INSERT IGNORE INTO tokens (nome_token, acentuada, id_tipo_token) VALUES ("819", "819", (SELECT id_tipo_token FROM classificacoes_tokens WHERE nome_token = "819"));
  INSERT IGNORE INTO classificacoes_tokens (nome_token, id_tipo_token) VALUES ("39", (SELECT id_chave_tipo_token FROM tipos_tokens WHERE nome_tipo_token = "numeral"));
INSERT IGNORE INTO tokens (nome_token, acentuada, id_tipo_token) VALUES ("39", "39", (SELECT id_tipo_token FROM classificacoes_tokens WHERE nome_token = "39"));
  INSERT IGNORE INTO classificacoes_tokens (nome_token, id_tipo_token) VALUES ("420", (SELECT id_chave_tipo_token FROM tipos_tokens WHERE nome_tipo_token = "numeral"));
INSERT IGNORE INTO tokens (nome_token, acentuada, id_tipo_token) VALUES ("420", "420", (SELECT id_tipo_token FROM classificacoes_tokens WHERE nome_token = "420"));
  INSERT IGNORE INTO classificacoes_tokens (nome_token, id_tipo_token) VALUES ("1558", (SELECT id_chave_tipo_token FROM tipos_tokens WHERE nome_tipo_token = "numeral"));
INSERT IGNORE INTO tokens (nome_token, acentuada, id_tipo_token) VALUES ("1558", "1558", (SELECT id_tipo_token FROM classificacoes_tokens WHERE nome_token = "1558"));
  INSERT IGNORE INTO classificacoes_tokens (nome_token, id_tipo_token) VALUES ("760", (SELECT id_chave_tipo_token FROM tipos_tokens WHERE nome_tipo_token = "numeral"));
INSERT IGNORE INTO tokens (nome_token, acentuada, id_tipo_token) VALUES ("760", "760", (SELECT id_tipo_token FROM classificacoes_tokens WHERE nome_token = "760"));
  INSERT IGNORE INTO classificacoes_tokens (nome_token, id_tipo_token) VALUES ("114", (SELECT id_chave_tipo_token FROM tipos_tokens WHERE nome_tipo_token = "numeral"));
INSERT IGNORE INTO tokens (nome_token, acentuada, id_tipo_token) VALUES ("114", "114", (SELECT id_tipo_token FROM classificacoes_tokens WHERE nome_token = "114"));
  INSERT IGNORE INTO tokens (nome_token, acentuada, id_tipo_token) VALUES ("equipes", "equipes", (SELECT id_tipo_token FROM classificacoes_tokens WHERE nome_token = "equipes"));
  INSERT IGNORE INTO tokens (nome_token, acentuada, id_tipo_token) VALUES ("desenvolvimento", "desenvolvimento", (SELECT id_tipo_token FROM classificacoes_tokens WHERE nome_token = "desenvolvimento"));
  INSERT IGNORE INTO tokens (nome_token, acentuada, id_tipo_token) VALUES ("2364.1", "2364.1", (SELECT id_tipo_token FROM classificacoes_tokens WHERE nome_token = "2364.1"));
  INSERT IGNORE INTO classificacoes_tokens (nome_token, id_tipo_token) VALUES ("618", (SELECT id_chave_tipo_token FROM tipos_tokens WHERE nome_tipo_token = "numeral"));
INSERT IGNORE INTO tokens (nome_token, acentuada, id_tipo_token) VALUES ("618", "618", (SELECT id_tipo_token FROM classificacoes_tokens WHERE nome_token = "618"));
  INSERT IGNORE INTO tokens (nome_token, acentuada, id_tipo_token) VALUES ("2352.1", "2352.1", (SELECT id_tipo_token FROM classificacoes_tokens WHERE nome_token = "2352.1"));
  INSERT IGNORE INTO classificacoes_tokens (nome_token, id_tipo_token) VALUES ("586", (SELECT id_chave_tipo_token FROM tipos_tokens WHERE nome_tipo_token = "numeral"));
INSERT IGNORE INTO tokens (nome_token, acentuada, id_tipo_token) VALUES ("586", "586", (SELECT id_tipo_token FROM classificacoes_tokens WHERE nome_token = "586"));
  INSERT IGNORE INTO classificacoes_tokens (nome_token, id_tipo_token) VALUES ("486", (SELECT id_chave_tipo_token FROM tipos_tokens WHERE nome_tipo_token = "numeral"));
INSERT IGNORE INTO tokens (nome_token, acentuada, id_tipo_token) VALUES ("486", "486", (SELECT id_tipo_token FROM classificacoes_tokens WHERE nome_token = "486"));
  INSERT IGNORE INTO classificacoes_tokens (nome_token, id_tipo_token) VALUES ("146", (SELECT id_chave_tipo_token FROM tipos_tokens WHERE nome_tipo_token = "numeral"));
INSERT IGNORE INTO tokens (nome_token, acentuada, id_tipo_token) VALUES ("146", "146", (SELECT id_tipo_token FROM classificacoes_tokens WHERE nome_token = "146"));
  INSERT IGNORE INTO classificacoes_tokens (nome_token, id_tipo_token) VALUES ("583", (SELECT id_chave_tipo_token FROM tipos_tokens WHERE nome_tipo_token = "numeral"));
INSERT IGNORE INTO tokens (nome_token, acentuada, id_tipo_token) VALUES ("583", "583", (SELECT id_tipo_token FROM classificacoes_tokens WHERE nome_token = "583"));
  INSERT IGNORE INTO tokens (nome_token, acentuada, id_tipo_token) VALUES ("969.82", "969.82", (SELECT id_tipo_token FROM classificacoes_tokens WHERE nome_token = "969.82"));
  INSERT IGNORE INTO tokens (nome_token, acentuada, id_tipo_token) VALUES ("inteligencia", "inteligência", (SELECT id_tipo_token FROM classificacoes_tokens WHERE nome_token = "inteligencia"));
  INSERT IGNORE INTO tokens (nome_token, acentuada, id_tipo_token) VALUES ("2335.2", "2335.2", (SELECT id_tipo_token FROM classificacoes_tokens WHERE nome_token = "2335.2"));
  INSERT IGNORE INTO classificacoes_tokens (nome_token, id_tipo_token) VALUES ("19", (SELECT id_chave_tipo_token FROM tipos_tokens WHERE nome_tipo_token = "numeral"));
INSERT IGNORE INTO tokens (nome_token, acentuada, id_tipo_token) VALUES ("19", "19", (SELECT id_tipo_token FROM classificacoes_tokens WHERE nome_token = "19"));
  INSERT IGNORE INTO classificacoes_tokens (nome_token, id_tipo_token) VALUES ("94", (SELECT id_chave_tipo_token FROM tipos_tokens WHERE nome_tipo_token = "numeral"));
INSERT IGNORE INTO tokens (nome_token, acentuada, id_tipo_token) VALUES ("94", "94", (SELECT id_tipo_token FROM classificacoes_tokens WHERE nome_token = "94"));
  INSERT IGNORE INTO tokens (nome_token, acentuada, id_tipo_token) VALUES ("estoquista", "estoquista", (SELECT id_tipo_token FROM classificacoes_tokens WHERE nome_token = "estoquista"));
  INSERT IGNORE INTO classificacoes_tokens (nome_token, id_tipo_token) VALUES ("1714", (SELECT id_chave_tipo_token FROM tipos_tokens WHERE nome_tipo_token = "numeral"));
INSERT IGNORE INTO tokens (nome_token, acentuada, id_tipo_token) VALUES ("1714", "1714", (SELECT id_tipo_token FROM classificacoes_tokens WHERE nome_token = "1714"));
  INSERT IGNORE INTO classificacoes_tokens (nome_token, id_tipo_token) VALUES ("474", (SELECT id_chave_tipo_token FROM tipos_tokens WHERE nome_tipo_token = "numeral"));
INSERT IGNORE INTO tokens (nome_token, acentuada, id_tipo_token) VALUES ("474", "474", (SELECT id_tipo_token FROM classificacoes_tokens WHERE nome_token = "474"));
  INSERT IGNORE INTO classificacoes_tokens (nome_token, id_tipo_token) VALUES ("344", (SELECT id_chave_tipo_token FROM tipos_tokens WHERE nome_tipo_token = "numeral"));
INSERT IGNORE INTO tokens (nome_token, acentuada, id_tipo_token) VALUES ("344", "344", (SELECT id_tipo_token FROM classificacoes_tokens WHERE nome_token = "344"));
  INSERT IGNORE INTO tokens (nome_token, acentuada, id_tipo_token) VALUES ("internet", "internet", (SELECT id_tipo_token FROM classificacoes_tokens WHERE nome_token = "internet"));
  INSERT IGNORE INTO tokens (nome_token, acentuada, id_tipo_token) VALUES ("vender", "vender", (SELECT id_tipo_token FROM classificacoes_tokens WHERE nome_token = "vender"));
  INSERT IGNORE INTO tokens (nome_token, acentuada, id_tipo_token) VALUES ("como", "como", (SELECT id_tipo_token FROM classificacoes_tokens WHERE nome_token = "como"));
  INSERT IGNORE INTO tokens (nome_token, acentuada, id_tipo_token) VALUES ("969.94", "969.94", (SELECT id_tipo_token FROM classificacoes_tokens WHERE nome_token = "969.94"));
  INSERT IGNORE INTO classificacoes_tokens (nome_token, id_tipo_token) VALUES ("461", (SELECT id_chave_tipo_token FROM tipos_tokens WHERE nome_tipo_token = "numeral"));
INSERT IGNORE INTO tokens (nome_token, acentuada, id_tipo_token) VALUES ("461", "461", (SELECT id_tipo_token FROM classificacoes_tokens WHERE nome_token = "461"));
  INSERT IGNORE INTO classificacoes_tokens (nome_token, id_tipo_token) VALUES ("2469", (SELECT id_chave_tipo_token FROM tipos_tokens WHERE nome_tipo_token = "numeral"));
INSERT IGNORE INTO tokens (nome_token, acentuada, id_tipo_token) VALUES ("2469", "2469", (SELECT id_tipo_token FROM classificacoes_tokens WHERE nome_token = "2469"));
  INSERT IGNORE INTO classificacoes_tokens (nome_token, id_tipo_token) VALUES ("460", (SELECT id_chave_tipo_token FROM tipos_tokens WHERE nome_tipo_token = "numeral"));
INSERT IGNORE INTO tokens (nome_token, acentuada, id_tipo_token) VALUES ("460", "460", (SELECT id_tipo_token FROM classificacoes_tokens WHERE nome_token = "460"));
  INSERT IGNORE INTO tokens (nome_token, acentuada, id_tipo_token) VALUES ("mercadorias", "mercadorias", (SELECT id_tipo_token FROM classificacoes_tokens WHERE nome_token = "mercadorias"));
  INSERT IGNORE INTO tokens (nome_token, acentuada, id_tipo_token) VALUES ("repositor", "repositor", (SELECT id_tipo_token FROM classificacoes_tokens WHERE nome_token = "repositor"));
  INSERT IGNORE INTO classificacoes_tokens (nome_token, id_tipo_token) VALUES ("2456", (SELECT id_chave_tipo_token FROM tipos_tokens WHERE nome_tipo_token = "numeral"));
INSERT IGNORE INTO tokens (nome_token, acentuada, id_tipo_token) VALUES ("2456", "2456", (SELECT id_tipo_token FROM classificacoes_tokens WHERE nome_token = "2456"));
  INSERT IGNORE INTO classificacoes_tokens (nome_token, id_tipo_token) VALUES ("414", (SELECT id_chave_tipo_token FROM tipos_tokens WHERE nome_tipo_token = "numeral"));
INSERT IGNORE INTO tokens (nome_token, acentuada, id_tipo_token) VALUES ("414", "414", (SELECT id_tipo_token FROM classificacoes_tokens WHERE nome_token = "414"));
  INSERT IGNORE INTO classificacoes_tokens (nome_token, id_tipo_token) VALUES ("394", (SELECT id_chave_tipo_token FROM tipos_tokens WHERE nome_tipo_token = "numeral"));
INSERT IGNORE INTO tokens (nome_token, acentuada, id_tipo_token) VALUES ("394", "394", (SELECT id_tipo_token FROM classificacoes_tokens WHERE nome_token = "394"));
  INSERT IGNORE INTO tokens (nome_token, acentuada, id_tipo_token) VALUES ("analista", "analista", (SELECT id_tipo_token FROM classificacoes_tokens WHERE nome_token = "analista"));
  INSERT IGNORE INTO tokens (nome_token, acentuada, id_tipo_token) VALUES ("176.53", "176.53", (SELECT id_tipo_token FROM classificacoes_tokens WHERE nome_token = "176.53"));
  INSERT IGNORE INTO classificacoes_tokens (nome_token, id_tipo_token) VALUES ("406", (SELECT id_chave_tipo_token FROM tipos_tokens WHERE nome_tipo_token = "numeral"));
INSERT IGNORE INTO tokens (nome_token, acentuada, id_tipo_token) VALUES ("406", "406", (SELECT id_tipo_token FROM classificacoes_tokens WHERE nome_token = "406"));
  INSERT IGNORE INTO classificacoes_tokens (nome_token, id_tipo_token) VALUES ("184", (SELECT id_chave_tipo_token FROM tipos_tokens WHERE nome_tipo_token = "numeral"));
INSERT IGNORE INTO tokens (nome_token, acentuada, id_tipo_token) VALUES ("184", "184", (SELECT id_tipo_token FROM classificacoes_tokens WHERE nome_token = "184"));
  INSERT IGNORE INTO tokens (nome_token, acentuada, id_tipo_token) VALUES ("aplicada", "aplicada", (SELECT id_tipo_token FROM classificacoes_tokens WHERE nome_token = "aplicada"));
  INSERT IGNORE INTO tokens (nome_token, acentuada, id_tipo_token) VALUES ("assertiva", "assertiva", (SELECT id_tipo_token FROM classificacoes_tokens WHERE nome_token = "assertiva"));
  INSERT IGNORE INTO tokens (nome_token, acentuada, id_tipo_token) VALUES ("comunicacao", "comunicação", (SELECT id_tipo_token FROM classificacoes_tokens WHERE nome_token = "comunicacao"));
  INSERT IGNORE INTO tokens (nome_token, acentuada, id_tipo_token) VALUES ("969.100", "969.100", (SELECT id_tipo_token FROM classificacoes_tokens WHERE nome_token = "969.100"));
  INSERT IGNORE INTO classificacoes_tokens (nome_token, id_tipo_token) VALUES ("370", (SELECT id_chave_tipo_token FROM tipos_tokens WHERE nome_tipo_token = "numeral"));
INSERT IGNORE INTO tokens (nome_token, acentuada, id_tipo_token) VALUES ("370", "370", (SELECT id_tipo_token FROM classificacoes_tokens WHERE nome_token = "370"));
  INSERT IGNORE INTO classificacoes_tokens (nome_token, id_tipo_token) VALUES ("250", (SELECT id_chave_tipo_token FROM tipos_tokens WHERE nome_tipo_token = "numeral"));
INSERT IGNORE INTO tokens (nome_token, acentuada, id_tipo_token) VALUES ("250", "250", (SELECT id_tipo_token FROM classificacoes_tokens WHERE nome_token = "250"));
  INSERT IGNORE INTO tokens (nome_token, acentuada, id_tipo_token) VALUES ("tesouraria", "tesouraria", (SELECT id_tipo_token FROM classificacoes_tokens WHERE nome_token = "tesouraria"));
  INSERT IGNORE INTO tokens (nome_token, acentuada, id_tipo_token) VALUES ("receber", "receber", (SELECT id_tipo_token FROM classificacoes_tokens WHERE nome_token = "receber"));
  INSERT IGNORE INTO tokens (nome_token, acentuada, id_tipo_token) VALUES ("pagar", "pagar", (SELECT id_tipo_token FROM classificacoes_tokens WHERE nome_token = "pagar"));
  INSERT IGNORE INTO tokens (nome_token, acentuada, id_tipo_token) VALUES ("contas", "contas", (SELECT id_tipo_token FROM classificacoes_tokens WHERE nome_token = "contas"));
  INSERT IGNORE INTO tokens (nome_token, acentuada, id_tipo_token) VALUES ("2397.1", "2397.1", (SELECT id_tipo_token FROM classificacoes_tokens WHERE nome_token = "2397.1"));
  INSERT IGNORE INTO classificacoes_tokens (nome_token, id_tipo_token) VALUES ("360", (SELECT id_chave_tipo_token FROM tipos_tokens WHERE nome_tipo_token = "numeral"));
INSERT IGNORE INTO tokens (nome_token, acentuada, id_tipo_token) VALUES ("360", "360", (SELECT id_tipo_token FROM classificacoes_tokens WHERE nome_token = "360"));
  INSERT IGNORE INTO classificacoes_tokens (nome_token, id_tipo_token) VALUES ("339", (SELECT id_chave_tipo_token FROM tipos_tokens WHERE nome_tipo_token = "numeral"));
INSERT IGNORE INTO tokens (nome_token, acentuada, id_tipo_token) VALUES ("339", "339", (SELECT id_tipo_token FROM classificacoes_tokens WHERE nome_token = "339"));
  INSERT IGNORE INTO tokens (nome_token, acentuada, id_tipo_token) VALUES ("2329.1", "2329.1", (SELECT id_tipo_token FROM classificacoes_tokens WHERE nome_token = "2329.1"));
  INSERT IGNORE INTO classificacoes_tokens (nome_token, id_tipo_token) VALUES ("313", (SELECT id_chave_tipo_token FROM tipos_tokens WHERE nome_tipo_token = "numeral"));
INSERT IGNORE INTO tokens (nome_token, acentuada, id_tipo_token) VALUES ("313", "313", (SELECT id_tipo_token FROM classificacoes_tokens WHERE nome_token = "313"));
  INSERT IGNORE INTO classificacoes_tokens (nome_token, id_tipo_token) VALUES ("113", (SELECT id_chave_tipo_token FROM tipos_tokens WHERE nome_tipo_token = "numeral"));
INSERT IGNORE INTO tokens (nome_token, acentuada, id_tipo_token) VALUES ("113", "113", (SELECT id_tipo_token FROM classificacoes_tokens WHERE nome_token = "113"));
  INSERT IGNORE INTO classificacoes_tokens (nome_token, id_tipo_token) VALUES ("296", (SELECT id_chave_tipo_token FROM tipos_tokens WHERE nome_tipo_token = "numeral"));
INSERT IGNORE INTO tokens (nome_token, acentuada, id_tipo_token) VALUES ("296", "296", (SELECT id_tipo_token FROM classificacoes_tokens WHERE nome_token = "296"));
  INSERT IGNORE INTO tokens (nome_token, acentuada, id_tipo_token) VALUES ("inbound", "inbound", (SELECT id_tipo_token FROM classificacoes_tokens WHERE nome_token = "inbound"));
  INSERT IGNORE INTO tokens (nome_token, acentuada, id_tipo_token) VALUES ("utilizando", "utilizando", (SELECT id_tipo_token FROM classificacoes_tokens WHERE nome_token = "utilizando"));
  INSERT IGNORE INTO tokens (nome_token, acentuada, id_tipo_token) VALUES ("converta", "converta", (SELECT id_tipo_token FROM classificacoes_tokens WHERE nome_token = "converta"));
  INSERT IGNORE INTO tokens (nome_token, acentuada, id_tipo_token) VALUES ("176.83", "176.83", (SELECT id_tipo_token FROM classificacoes_tokens WHERE nome_token = "176.83"));
  INSERT IGNORE INTO classificacoes_tokens (nome_token, id_tipo_token) VALUES ("266", (SELECT id_chave_tipo_token FROM tipos_tokens WHERE nome_tipo_token = "numeral"));
INSERT IGNORE INTO tokens (nome_token, acentuada, id_tipo_token) VALUES ("266", "266", (SELECT id_tipo_token FROM classificacoes_tokens WHERE nome_token = "266"));
  INSERT IGNORE INTO tokens (nome_token, acentuada, id_tipo_token) VALUES ("176.84", "176.84", (SELECT id_tipo_token FROM classificacoes_tokens WHERE nome_token = "176.84"));
  INSERT IGNORE INTO classificacoes_tokens (nome_token, id_tipo_token) VALUES ("283", (SELECT id_chave_tipo_token FROM tipos_tokens WHERE nome_tipo_token = "numeral"));
INSERT IGNORE INTO tokens (nome_token, acentuada, id_tipo_token) VALUES ("283", "283", (SELECT id_tipo_token FROM classificacoes_tokens WHERE nome_token = "283"));
  INSERT IGNORE INTO tokens (nome_token, acentuada, id_tipo_token) VALUES ("inovacao", "inovação", (SELECT id_tipo_token FROM classificacoes_tokens WHERE nome_token = "inovacao"));
  INSERT IGNORE INTO tokens (nome_token, acentuada, id_tipo_token) VALUES ("a", "a", (SELECT id_tipo_token FROM classificacoes_tokens WHERE nome_token = "a"));
  INSERT IGNORE INTO tokens (nome_token, acentuada, id_tipo_token) VALUES ("modelos", "modelos", (SELECT id_tipo_token FROM classificacoes_tokens WHERE nome_token = "modelos"));
  INSERT IGNORE INTO tokens (nome_token, acentuada, id_tipo_token) VALUES ("marketing:", "marketing:", (SELECT id_tipo_token FROM classificacoes_tokens WHERE nome_token = "marketing:"));
  INSERT IGNORE INTO tokens (nome_token, acentuada, id_tipo_token) VALUES ("176.94", "176.94", (SELECT id_tipo_token FROM classificacoes_tokens WHERE nome_token = "176.94"));
  INSERT IGNORE INTO tokens (nome_token, acentuada, id_tipo_token) VALUES ("potenciais", "potenciais", (SELECT id_tipo_token FROM classificacoes_tokens WHERE nome_token = "potenciais"));
  INSERT IGNORE INTO tokens (nome_token, acentuada, id_tipo_token) VALUES ("clientes", "clientes", (SELECT id_tipo_token FROM classificacoes_tokens WHERE nome_token = "clientes"));
  INSERT IGNORE INTO tokens (nome_token, acentuada, id_tipo_token) VALUES ("seus", "seus", (SELECT id_tipo_token FROM classificacoes_tokens WHERE nome_token = "seus"));
  INSERT IGNORE INTO tokens (nome_token, acentuada, id_tipo_token) VALUES ("identifique", "identifique", (SELECT id_tipo_token FROM classificacoes_tokens WHERE nome_token = "identifique"));
  INSERT IGNORE INTO tokens (nome_token, acentuada, id_tipo_token) VALUES ("clientes:", "clientes:", (SELECT id_tipo_token FROM classificacoes_tokens WHERE nome_token = "clientes:"));
  INSERT IGNORE INTO tokens (nome_token, acentuada, id_tipo_token) VALUES ("prospeccao", "prospecção", (SELECT id_tipo_token FROM classificacoes_tokens WHERE nome_token = "prospeccao"));
  INSERT IGNORE INTO tokens (nome_token, acentuada, id_tipo_token) VALUES ("2345.1", "2345.1", (SELECT id_tipo_token FROM classificacoes_tokens WHERE nome_token = "2345.1"));
  INSERT IGNORE INTO tokens (nome_token, acentuada, id_tipo_token) VALUES ("excelencia", "excelência", (SELECT id_tipo_token FROM classificacoes_tokens WHERE nome_token = "excelencia"));
  INSERT IGNORE INTO tokens (nome_token, acentuada, id_tipo_token) VALUES ("969.2", "969.2", (SELECT id_tipo_token FROM classificacoes_tokens WHERE nome_token = "969.2"));
  INSERT IGNORE INTO classificacoes_tokens (nome_token, id_tipo_token) VALUES ("217", (SELECT id_chave_tipo_token FROM tipos_tokens WHERE nome_tipo_token = "numeral"));
INSERT IGNORE INTO tokens (nome_token, acentuada, id_tipo_token) VALUES ("217", "217", (SELECT id_tipo_token FROM classificacoes_tokens WHERE nome_token = "217"));
  INSERT IGNORE INTO tokens (nome_token, acentuada, id_tipo_token) VALUES ("desafiadoras", "desafiadoras", (SELECT id_tipo_token FROM classificacoes_tokens WHERE nome_token = "desafiadoras"));
  INSERT IGNORE INTO tokens (nome_token, acentuada, id_tipo_token) VALUES ("situacoes", "situações", (SELECT id_tipo_token FROM classificacoes_tokens WHERE nome_token = "situacoes"));
  INSERT IGNORE INTO tokens (nome_token, acentuada, id_tipo_token) VALUES ("negociacoes", "negociações", (SELECT id_tipo_token FROM classificacoes_tokens WHERE nome_token = "negociacoes"));
  INSERT IGNORE INTO tokens (nome_token, acentuada, id_tipo_token) VALUES ("ganha-ganha:", "ganha-ganha:", (SELECT id_tipo_token FROM classificacoes_tokens WHERE nome_token = "ganha-ganha:"));
  INSERT IGNORE INTO tokens (nome_token, acentuada, id_tipo_token) VALUES ("alem", "além", (SELECT id_tipo_token FROM classificacoes_tokens WHERE nome_token = "alem"));
  INSERT IGNORE INTO tokens (nome_token, acentuada, id_tipo_token) VALUES ("969.157", "969.157", (SELECT id_tipo_token FROM classificacoes_tokens WHERE nome_token = "969.157"));
  INSERT IGNORE INTO classificacoes_tokens (nome_token, id_tipo_token) VALUES ("215", (SELECT id_chave_tipo_token FROM tipos_tokens WHERE nome_tipo_token = "numeral"));
INSERT IGNORE INTO tokens (nome_token, acentuada, id_tipo_token) VALUES ("215", "215", (SELECT id_tipo_token FROM classificacoes_tokens WHERE nome_token = "215"));
  INSERT IGNORE INTO tokens (nome_token, acentuada, id_tipo_token) VALUES ("emocional", "emocional", (SELECT id_tipo_token FROM classificacoes_tokens WHERE nome_token = "emocional"));
  INSERT IGNORE INTO tokens (nome_token, acentuada, id_tipo_token) VALUES ("psc-inteligencia", "psc-inteligência", (SELECT id_tipo_token FROM classificacoes_tokens WHERE nome_token = "psc-inteligencia"));
  INSERT IGNORE INTO classificacoes_tokens (nome_token, id_tipo_token) VALUES ("2335", (SELECT id_chave_tipo_token FROM tipos_tokens WHERE nome_tipo_token = "numeral"));
INSERT IGNORE INTO tokens (nome_token, acentuada, id_tipo_token) VALUES ("2335", "2335", (SELECT id_tipo_token FROM classificacoes_tokens WHERE nome_token = "2335"));
  INSERT IGNORE INTO classificacoes_tokens (nome_token, id_tipo_token) VALUES ("210", (SELECT id_chave_tipo_token FROM tipos_tokens WHERE nome_tipo_token = "numeral"));
INSERT IGNORE INTO tokens (nome_token, acentuada, id_tipo_token) VALUES ("210", "210", (SELECT id_tipo_token FROM classificacoes_tokens WHERE nome_token = "210"));
  INSERT IGNORE INTO tokens (nome_token, acentuada, id_tipo_token) VALUES ("negociacao", "negociação", (SELECT id_tipo_token FROM classificacoes_tokens WHERE nome_token = "negociacao"));
  INSERT IGNORE INTO tokens (nome_token, acentuada, id_tipo_token) VALUES ("psc-estrategias", "psc-estratégias", (SELECT id_tipo_token FROM classificacoes_tokens WHERE nome_token = "psc-estrategias"));
  INSERT IGNORE INTO classificacoes_tokens (nome_token, id_tipo_token) VALUES ("2329", (SELECT id_chave_tipo_token FROM tipos_tokens WHERE nome_tipo_token = "numeral"));
INSERT IGNORE INTO tokens (nome_token, acentuada, id_tipo_token) VALUES ("2329", "2329", (SELECT id_tipo_token FROM classificacoes_tokens WHERE nome_token = "2329"));
  INSERT IGNORE INTO tokens (nome_token, acentuada, id_tipo_token) VALUES ("psc-empreendedorismo", "psc-empreendedorismo", (SELECT id_tipo_token FROM classificacoes_tokens WHERE nome_token = "psc-empreendedorismo"));
  INSERT IGNORE INTO classificacoes_tokens (nome_token, id_tipo_token) VALUES ("2352", (SELECT id_chave_tipo_token FROM tipos_tokens WHERE nome_tipo_token = "numeral"));
INSERT IGNORE INTO tokens (nome_token, acentuada, id_tipo_token) VALUES ("2352", "2352", (SELECT id_tipo_token FROM classificacoes_tokens WHERE nome_token = "2352"));
  INSERT IGNORE INTO tokens (nome_token, acentuada, id_tipo_token) VALUES ("psc-ferramentas", "psc-ferramentas", (SELECT id_tipo_token FROM classificacoes_tokens WHERE nome_token = "psc-ferramentas"));
  INSERT IGNORE INTO classificacoes_tokens (nome_token, id_tipo_token) VALUES ("2338", (SELECT id_chave_tipo_token FROM tipos_tokens WHERE nome_tipo_token = "numeral"));
INSERT IGNORE INTO tokens (nome_token, acentuada, id_tipo_token) VALUES ("2338", "2338", (SELECT id_tipo_token FROM classificacoes_tokens WHERE nome_token = "2338"));
  INSERT IGNORE INTO classificacoes_tokens (nome_token, id_tipo_token) VALUES ("185", (SELECT id_chave_tipo_token FROM tipos_tokens WHERE nome_tipo_token = "numeral"));
INSERT IGNORE INTO tokens (nome_token, acentuada, id_tipo_token) VALUES ("185", "185", (SELECT id_tipo_token FROM classificacoes_tokens WHERE nome_token = "185"));
  INSERT IGNORE INTO tokens (nome_token, acentuada, id_tipo_token) VALUES ("estoque", "estoque", (SELECT id_tipo_token FROM classificacoes_tokens WHERE nome_token = "estoque"));
  INSERT IGNORE INTO tokens (nome_token, acentuada, id_tipo_token) VALUES ("psc-compras", "psc-compras", (SELECT id_tipo_token FROM classificacoes_tokens WHERE nome_token = "psc-compras"));
  INSERT IGNORE INTO classificacoes_tokens (nome_token, id_tipo_token) VALUES ("2408", (SELECT id_chave_tipo_token FROM tipos_tokens WHERE nome_tipo_token = "numeral"));
INSERT IGNORE INTO tokens (nome_token, acentuada, id_tipo_token) VALUES ("2408", "2408", (SELECT id_tipo_token FROM classificacoes_tokens WHERE nome_token = "2408"));
  INSERT IGNORE INTO tokens (nome_token, acentuada, id_tipo_token) VALUES ("logistica", "logística", (SELECT id_tipo_token FROM classificacoes_tokens WHERE nome_token = "logistica"));
  INSERT IGNORE INTO tokens (nome_token, acentuada, id_tipo_token) VALUES ("perdas", "perdas", (SELECT id_tipo_token FROM classificacoes_tokens WHERE nome_token = "perdas"));
  INSERT IGNORE INTO tokens (nome_token, acentuada, id_tipo_token) VALUES ("2432.1", "2432.1", (SELECT id_tipo_token FROM classificacoes_tokens WHERE nome_token = "2432.1"));
  INSERT IGNORE INTO tokens (nome_token, acentuada, id_tipo_token) VALUES ("psc-relacionamento", "psc-relacionamento", (SELECT id_tipo_token FROM classificacoes_tokens WHERE nome_token = "psc-relacionamento"));
  INSERT IGNORE INTO classificacoes_tokens (nome_token, id_tipo_token) VALUES ("2328", (SELECT id_chave_tipo_token FROM tipos_tokens WHERE nome_tipo_token = "numeral"));
INSERT IGNORE INTO tokens (nome_token, acentuada, id_tipo_token) VALUES ("2328", "2328", (SELECT id_tipo_token FROM classificacoes_tokens WHERE nome_token = "2328"));
  INSERT IGNORE INTO tokens (nome_token, acentuada, id_tipo_token) VALUES ("frente", "frente", (SELECT id_tipo_token FROM classificacoes_tokens WHERE nome_token = "frente"));
  INSERT IGNORE INTO tokens (nome_token, acentuada, id_tipo_token) VALUES ("na", "na", (SELECT id_tipo_token FROM classificacoes_tokens WHERE nome_token = "na"));
  INSERT IGNORE INTO tokens (nome_token, acentuada, id_tipo_token) VALUES ("qualidade", "qualidade", (SELECT id_tipo_token FROM classificacoes_tokens WHERE nome_token = "qualidade"));
  INSERT IGNORE INTO tokens (nome_token, acentuada, id_tipo_token) VALUES ("caixa:", "caixa:", (SELECT id_tipo_token FROM classificacoes_tokens WHERE nome_token = "caixa:"));
  INSERT IGNORE INTO tokens (nome_token, acentuada, id_tipo_token) VALUES ("1599.5", "1599.5", (SELECT id_tipo_token FROM classificacoes_tokens WHERE nome_token = "1599.5"));
  INSERT IGNORE INTO classificacoes_tokens (nome_token, id_tipo_token) VALUES ("48", (SELECT id_chave_tipo_token FROM tipos_tokens WHERE nome_tipo_token = "numeral"));
INSERT IGNORE INTO tokens (nome_token, acentuada, id_tipo_token) VALUES ("48", "48", (SELECT id_tipo_token FROM classificacoes_tokens WHERE nome_token = "48"));
  INSERT IGNORE INTO tokens (nome_token, acentuada, id_tipo_token) VALUES ("digitais", "digitais", (SELECT id_tipo_token FROM classificacoes_tokens WHERE nome_token = "digitais"));
  INSERT IGNORE INTO tokens (nome_token, acentuada, id_tipo_token) VALUES ("meios", "meios", (SELECT id_tipo_token FROM classificacoes_tokens WHERE nome_token = "meios"));
  INSERT IGNORE INTO tokens (nome_token, acentuada, id_tipo_token) VALUES ("imagens", "imagens", (SELECT id_tipo_token FROM classificacoes_tokens WHERE nome_token = "imagens"));
  INSERT IGNORE INTO tokens (nome_token, acentuada, id_tipo_token) VALUES ("2333.1", "2333.1", (SELECT id_tipo_token FROM classificacoes_tokens WHERE nome_token = "2333.1"));
  INSERT IGNORE INTO classificacoes_tokens (nome_token, id_tipo_token) VALUES ("2522", (SELECT id_chave_tipo_token FROM tipos_tokens WHERE nome_tipo_token = "numeral"));
INSERT IGNORE INTO tokens (nome_token, acentuada, id_tipo_token) VALUES ("2522", "2522", (SELECT id_tipo_token FROM classificacoes_tokens WHERE nome_token = "2522"));
  INSERT IGNORE INTO tokens (nome_token, acentuada, id_tipo_token) VALUES ("psc-administracao", "psc-administração", (SELECT id_tipo_token FROM classificacoes_tokens WHERE nome_token = "psc-administracao"));
  INSERT IGNORE INTO classificacoes_tokens (nome_token, id_tipo_token) VALUES ("2390", (SELECT id_chave_tipo_token FROM tipos_tokens WHERE nome_tipo_token = "numeral"));
INSERT IGNORE INTO tokens (nome_token, acentuada, id_tipo_token) VALUES ("2390", "2390", (SELECT id_tipo_token FROM classificacoes_tokens WHERE nome_token = "2390"));
  INSERT IGNORE INTO classificacoes_tokens (nome_token, id_tipo_token) VALUES ("4", (SELECT id_chave_tipo_token FROM tipos_tokens WHERE nome_tipo_token = "numeral"));
INSERT IGNORE INTO tokens (nome_token, acentuada, id_tipo_token) VALUES ("4", "4", (SELECT id_tipo_token FROM classificacoes_tokens WHERE nome_token = "4"));
  INSERT IGNORE INTO tokens (nome_token, acentuada, id_tipo_token) VALUES ("pos-venda", "pós-venda", (SELECT id_tipo_token FROM classificacoes_tokens WHERE nome_token = "pos-venda"));
  INSERT IGNORE INTO tokens (nome_token, acentuada, id_tipo_token) VALUES ("relacionamento", "relacionamento", (SELECT id_tipo_token FROM classificacoes_tokens WHERE nome_token = "relacionamento"));
  INSERT IGNORE INTO tokens (nome_token, acentuada, id_tipo_token) VALUES ("2328.1", "2328.1", (SELECT id_tipo_token FROM classificacoes_tokens WHERE nome_token = "2328.1"));
  INSERT IGNORE INTO tokens (nome_token, acentuada, id_tipo_token) VALUES ("ponto", "ponto", (SELECT id_tipo_token FROM classificacoes_tokens WHERE nome_token = "ponto"));
  INSERT IGNORE INTO tokens (nome_token, acentuada, id_tipo_token) VALUES ("experiencia", "experiência", (SELECT id_tipo_token FROM classificacoes_tokens WHERE nome_token = "experiencia"));
  INSERT IGNORE INTO tokens (nome_token, acentuada, id_tipo_token) VALUES ("2359.1", "2359.1", (SELECT id_tipo_token FROM classificacoes_tokens WHERE nome_token = "2359.1"));
  INSERT IGNORE INTO classificacoes_tokens (nome_token, id_tipo_token) VALUES ("102", (SELECT id_chave_tipo_token FROM tipos_tokens WHERE nome_tipo_token = "numeral"));
INSERT IGNORE INTO tokens (nome_token, acentuada, id_tipo_token) VALUES ("102", "102", (SELECT id_tipo_token FROM classificacoes_tokens WHERE nome_token = "102"));
  INSERT IGNORE INTO tokens (nome_token, acentuada, id_tipo_token) VALUES ("969.4", "969.4", (SELECT id_tipo_token FROM classificacoes_tokens WHERE nome_token = "969.4"));
  INSERT IGNORE INTO classificacoes_tokens (nome_token, id_tipo_token) VALUES ("95", (SELECT id_chave_tipo_token FROM tipos_tokens WHERE nome_tipo_token = "numeral"));
INSERT IGNORE INTO tokens (nome_token, acentuada, id_tipo_token) VALUES ("95", "95", (SELECT id_tipo_token FROM classificacoes_tokens WHERE nome_token = "95"));
  INSERT IGNORE INTO tokens (nome_token, acentuada, id_tipo_token) VALUES ("no", "no", (SELECT id_tipo_token FROM classificacoes_tokens WHERE nome_token = "no"));
  INSERT IGNORE INTO tokens (nome_token, acentuada, id_tipo_token) VALUES ("financeira", "financeira", (SELECT id_tipo_token FROM classificacoes_tokens WHERE nome_token = "financeira"));
  INSERT IGNORE INTO tokens (nome_token, acentuada, id_tipo_token) VALUES ("2390.1", "2390.1", (SELECT id_tipo_token FROM classificacoes_tokens WHERE nome_token = "2390.1"));
  INSERT IGNORE INTO tokens (nome_token, acentuada, id_tipo_token) VALUES ("financeiro", "financeiro", (SELECT id_tipo_token FROM classificacoes_tokens WHERE nome_token = "financeiro"));
  INSERT IGNORE INTO tokens (nome_token, acentuada, id_tipo_token) VALUES ("2387.1", "2387.1", (SELECT id_tipo_token FROM classificacoes_tokens WHERE nome_token = "2387.1"));
  INSERT IGNORE INTO tokens (nome_token, acentuada, id_tipo_token) VALUES ("digital", "digital", (SELECT id_tipo_token FROM classificacoes_tokens WHERE nome_token = "digital"));
  INSERT IGNORE INTO tokens (nome_token, acentuada, id_tipo_token) VALUES ("marketing", "marketing", (SELECT id_tipo_token FROM classificacoes_tokens WHERE nome_token = "marketing"));
  INSERT IGNORE INTO tokens (nome_token, acentuada, id_tipo_token) VALUES ("176.70", "176.70", (SELECT id_tipo_token FROM classificacoes_tokens WHERE nome_token = "176.70"));
  INSERT IGNORE INTO tokens (nome_token, acentuada, id_tipo_token) VALUES ("deseja", "deseja", (SELECT id_tipo_token FROM classificacoes_tokens WHERE nome_token = "deseja"));
  INSERT IGNORE INTO tokens (nome_token, acentuada, id_tipo_token) VALUES ("seu", "seu", (SELECT id_tipo_token FROM classificacoes_tokens WHERE nome_token = "seu"));
  INSERT IGNORE INTO tokens (nome_token, acentuada, id_tipo_token) VALUES ("que", "que", (SELECT id_tipo_token FROM classificacoes_tokens WHERE nome_token = "que"));
  INSERT IGNORE INTO tokens (nome_token, acentuada, id_tipo_token) VALUES ("o", "o", (SELECT id_tipo_token FROM classificacoes_tokens WHERE nome_token = "o"));
  INSERT IGNORE INTO tokens (nome_token, acentuada, id_tipo_token) VALUES ("consumidor:", "consumidor:", (SELECT id_tipo_token FROM classificacoes_tokens WHERE nome_token = "consumidor:"));
  INSERT IGNORE INTO tokens (nome_token, acentuada, id_tipo_token) VALUES ("perfil", "perfil", (SELECT id_tipo_token FROM classificacoes_tokens WHERE nome_token = "perfil"));
  INSERT IGNORE INTO tokens (nome_token, acentuada, id_tipo_token) VALUES ("psc-analise", "psc-análise", (SELECT id_tipo_token FROM classificacoes_tokens WHERE nome_token = "psc-analise"));
  INSERT IGNORE INTO classificacoes_tokens (nome_token, id_tipo_token) VALUES ("2343", (SELECT id_chave_tipo_token FROM tipos_tokens WHERE nome_tipo_token = "numeral"));
INSERT IGNORE INTO tokens (nome_token, acentuada, id_tipo_token) VALUES ("2343", "2343", (SELECT id_tipo_token FROM classificacoes_tokens WHERE nome_token = "2343"));
  INSERT IGNORE INTO classificacoes_tokens (nome_token, id_tipo_token) VALUES ("135", (SELECT id_chave_tipo_token FROM tipos_tokens WHERE nome_tipo_token = "numeral"));
INSERT IGNORE INTO tokens (nome_token, acentuada, id_tipo_token) VALUES ("135", "135", (SELECT id_tipo_token FROM classificacoes_tokens WHERE nome_token = "135"));
  INSERT IGNORE INTO tokens (nome_token, acentuada, id_tipo_token) VALUES ("compras", "compras", (SELECT id_tipo_token FROM classificacoes_tokens WHERE nome_token = "compras"));
  INSERT IGNORE INTO tokens (nome_token, acentuada, id_tipo_token) VALUES ("estoques", "estoques", (SELECT id_tipo_token FROM classificacoes_tokens WHERE nome_token = "estoques"));
  INSERT IGNORE INTO tokens (nome_token, acentuada, id_tipo_token) VALUES ("logisticos", "logísticos", (SELECT id_tipo_token FROM classificacoes_tokens WHERE nome_token = "logisticos"));
  INSERT IGNORE INTO tokens (nome_token, acentuada, id_tipo_token) VALUES ("processos", "processos", (SELECT id_tipo_token FROM classificacoes_tokens WHERE nome_token = "processos"));
  INSERT IGNORE INTO tokens (nome_token, acentuada, id_tipo_token) VALUES ("2411.1", "2411.1", (SELECT id_tipo_token FROM classificacoes_tokens WHERE nome_token = "2411.1"));
  INSERT IGNORE INTO classificacoes_tokens (nome_token, id_tipo_token) VALUES ("132", (SELECT id_chave_tipo_token FROM tipos_tokens WHERE nome_tipo_token = "numeral"));
INSERT IGNORE INTO tokens (nome_token, acentuada, id_tipo_token) VALUES ("132", "132", (SELECT id_tipo_token FROM classificacoes_tokens WHERE nome_token = "132"));
  INSERT IGNORE INTO tokens (nome_token, acentuada, id_tipo_token) VALUES ("legais", "legais", (SELECT id_tipo_token FROM classificacoes_tokens WHERE nome_token = "legais"));
  INSERT IGNORE INTO tokens (nome_token, acentuada, id_tipo_token) VALUES ("psc-aspectos", "psc-aspectos", (SELECT id_tipo_token FROM classificacoes_tokens WHERE nome_token = "psc-aspectos"));
  INSERT IGNORE INTO classificacoes_tokens (nome_token, id_tipo_token) VALUES ("2336", (SELECT id_chave_tipo_token FROM tipos_tokens WHERE nome_tipo_token = "numeral"));
INSERT IGNORE INTO tokens (nome_token, acentuada, id_tipo_token) VALUES ("2336", "2336", (SELECT id_tipo_token FROM classificacoes_tokens WHERE nome_token = "2336"));
  INSERT IGNORE INTO classificacoes_tokens (nome_token, id_tipo_token) VALUES ("21", (SELECT id_chave_tipo_token FROM tipos_tokens WHERE nome_tipo_token = "numeral"));
INSERT IGNORE INTO tokens (nome_token, acentuada, id_tipo_token) VALUES ("21", "21", (SELECT id_tipo_token FROM classificacoes_tokens WHERE nome_token = "21"));
  INSERT IGNORE INTO tokens (nome_token, acentuada, id_tipo_token) VALUES ("empresarial", "empresarial", (SELECT id_tipo_token FROM classificacoes_tokens WHERE nome_token = "empresarial"));
  INSERT IGNORE INTO tokens (nome_token, acentuada, id_tipo_token) VALUES ("gestao", "gestão", (SELECT id_tipo_token FROM classificacoes_tokens WHERE nome_token = "gestao"));
  INSERT IGNORE INTO tokens (nome_token, acentuada, id_tipo_token) VALUES ("planejamento", "planejamento", (SELECT id_tipo_token FROM classificacoes_tokens WHERE nome_token = "planejamento"));
  INSERT IGNORE INTO tokens (nome_token, acentuada, id_tipo_token) VALUES ("ferramentas", "ferramentas", (SELECT id_tipo_token FROM classificacoes_tokens WHERE nome_token = "ferramentas"));
  INSERT IGNORE INTO tokens (nome_token, acentuada, id_tipo_token) VALUES ("2361.1", "2361.1", (SELECT id_tipo_token FROM classificacoes_tokens WHERE nome_token = "2361.1"));
  INSERT IGNORE INTO tokens (nome_token, acentuada, id_tipo_token) VALUES ("cliente", "cliente", (SELECT id_tipo_token FROM classificacoes_tokens WHERE nome_token = "cliente"));
  INSERT IGNORE INTO tokens (nome_token, acentuada, id_tipo_token) VALUES ("ao", "ao", (SELECT id_tipo_token FROM classificacoes_tokens WHERE nome_token = "ao"));
  INSERT IGNORE INTO tokens (nome_token, acentuada, id_tipo_token) VALUES ("969.86", "969.86", (SELECT id_tipo_token FROM classificacoes_tokens WHERE nome_token = "969.86"));
  INSERT IGNORE INTO tokens (nome_token, acentuada, id_tipo_token) VALUES ("atendimento", "atendimento", (SELECT id_tipo_token FROM classificacoes_tokens WHERE nome_token = "atendimento"));
  INSERT IGNORE INTO tokens (nome_token, acentuada, id_tipo_token) VALUES ("avancadas", "avançadas", (SELECT id_tipo_token FROM classificacoes_tokens WHERE nome_token = "avancadas"));
  INSERT IGNORE INTO tokens (nome_token, acentuada, id_tipo_token) VALUES ("969.71", "969.71", (SELECT id_tipo_token FROM classificacoes_tokens WHERE nome_token = "969.71"));
  INSERT IGNORE INTO tokens (nome_token, acentuada, id_tipo_token) VALUES ("(kpi)", "(kpi)", (SELECT id_tipo_token FROM classificacoes_tokens WHERE nome_token = "(kpi)"));
  INSERT IGNORE INTO tokens (nome_token, acentuada, id_tipo_token) VALUES ("performance", "performance", (SELECT id_tipo_token FROM classificacoes_tokens WHERE nome_token = "performance"));
  INSERT IGNORE INTO tokens (nome_token, acentuada, id_tipo_token) VALUES ("chave", "chave", (SELECT id_tipo_token FROM classificacoes_tokens WHERE nome_token = "chave"));
  INSERT IGNORE INTO tokens (nome_token, acentuada, id_tipo_token) VALUES ("indicadores", "indicadores", (SELECT id_tipo_token FROM classificacoes_tokens WHERE nome_token = "indicadores"));
  INSERT IGNORE INTO tokens (nome_token, acentuada, id_tipo_token) VALUES ("vendas:", "vendas:", (SELECT id_tipo_token FROM classificacoes_tokens WHERE nome_token = "vendas:"));
  INSERT IGNORE INTO tokens (nome_token, acentuada, id_tipo_token) VALUES ("analise", "análise", (SELECT id_tipo_token FROM classificacoes_tokens WHERE nome_token = "analise"));
  INSERT IGNORE INTO tokens (nome_token, acentuada, id_tipo_token) VALUES ("969.104", "969.104", (SELECT id_tipo_token FROM classificacoes_tokens WHERE nome_token = "969.104"));
  INSERT IGNORE INTO tokens (nome_token, acentuada, id_tipo_token) VALUES ("caixa", "caixa", (SELECT id_tipo_token FROM classificacoes_tokens WHERE nome_token = "caixa"));
  INSERT IGNORE INTO tokens (nome_token, acentuada, id_tipo_token) VALUES ("operacao", "operação", (SELECT id_tipo_token FROM classificacoes_tokens WHERE nome_token = "operacao"));
  INSERT IGNORE INTO tokens (nome_token, acentuada, id_tipo_token) VALUES ("1599.57", "1599.57", (SELECT id_tipo_token FROM classificacoes_tokens WHERE nome_token = "1599.57"));
  INSERT IGNORE INTO tokens (nome_token, acentuada, id_tipo_token) VALUES ("vendedor", "vendedor", (SELECT id_tipo_token FROM classificacoes_tokens WHERE nome_token = "vendedor"));
  INSERT IGNORE INTO classificacoes_tokens (nome_token, id_tipo_token) VALUES ("1562", (SELECT id_chave_tipo_token FROM tipos_tokens WHERE nome_tipo_token = "numeral"));
INSERT IGNORE INTO tokens (nome_token, acentuada, id_tipo_token) VALUES ("1562", "1562", (SELECT id_tipo_token FROM classificacoes_tokens WHERE nome_token = "1562"));
  INSERT IGNORE INTO classificacoes_tokens (nome_token, id_tipo_token) VALUES ("52", (SELECT id_chave_tipo_token FROM tipos_tokens WHERE nome_tipo_token = "numeral"));
INSERT IGNORE INTO tokens (nome_token, acentuada, id_tipo_token) VALUES ("52", "52", (SELECT id_tipo_token FROM classificacoes_tokens WHERE nome_token = "52"));
  INSERT IGNORE INTO tokens (nome_token, acentuada, id_tipo_token) VALUES ("vendas", "vendas", (SELECT id_tipo_token FROM classificacoes_tokens WHERE nome_token = "vendas"));
  INSERT IGNORE INTO tokens (nome_token, acentuada, id_tipo_token) VALUES ("promotor", "promotor", (SELECT id_tipo_token FROM classificacoes_tokens WHERE nome_token = "promotor"));
  INSERT IGNORE INTO classificacoes_tokens (nome_token, id_tipo_token) VALUES ("143", (SELECT id_chave_tipo_token FROM tipos_tokens WHERE nome_tipo_token = "numeral"));
INSERT IGNORE INTO tokens (nome_token, acentuada, id_tipo_token) VALUES ("143", "143", (SELECT id_tipo_token FROM classificacoes_tokens WHERE nome_token = "143"));
  INSERT IGNORE INTO tokens (nome_token, acentuada, id_tipo_token) VALUES ("telemarketing", "telemarketing", (SELECT id_tipo_token FROM classificacoes_tokens WHERE nome_token = "telemarketing"));
  INSERT IGNORE INTO classificacoes_tokens (nome_token, id_tipo_token) VALUES ("2526", (SELECT id_chave_tipo_token FROM tipos_tokens WHERE nome_tipo_token = "numeral"));
INSERT IGNORE INTO tokens (nome_token, acentuada, id_tipo_token) VALUES ("2526", "2526", (SELECT id_tipo_token FROM classificacoes_tokens WHERE nome_token = "2526"));
  INSERT IGNORE INTO tokens (nome_token, acentuada, id_tipo_token) VALUES ("comprador", "comprador", (SELECT id_tipo_token FROM classificacoes_tokens WHERE nome_token = "comprador"));
  INSERT IGNORE INTO classificacoes_tokens (nome_token, id_tipo_token) VALUES ("2468", (SELECT id_chave_tipo_token FROM tipos_tokens WHERE nome_tipo_token = "numeral"));
INSERT IGNORE INTO tokens (nome_token, acentuada, id_tipo_token) VALUES ("2468", "2468", (SELECT id_tipo_token FROM classificacoes_tokens WHERE nome_token = "2468"));
  INSERT IGNORE INTO classificacoes_tokens (nome_token, id_tipo_token) VALUES ("141", (SELECT id_chave_tipo_token FROM tipos_tokens WHERE nome_tipo_token = "numeral"));
INSERT IGNORE INTO tokens (nome_token, acentuada, id_tipo_token) VALUES ("141", "141", (SELECT id_tipo_token FROM classificacoes_tokens WHERE nome_token = "141"));
  INSERT IGNORE INTO tokens (nome_token, acentuada, id_tipo_token) VALUES ("representante", "representante", (SELECT id_tipo_token FROM classificacoes_tokens WHERE nome_token = "representante"));
  INSERT IGNORE INTO classificacoes_tokens (nome_token, id_tipo_token) VALUES ("1835", (SELECT id_chave_tipo_token FROM tipos_tokens WHERE nome_tipo_token = "numeral"));
INSERT IGNORE INTO tokens (nome_token, acentuada, id_tipo_token) VALUES ("1835", "1835", (SELECT id_tipo_token FROM classificacoes_tokens WHERE nome_token = "1835"));
  INSERT IGNORE INTO tokens (nome_token, acentuada, id_tipo_token) VALUES ("supermercados", "supermercados", (SELECT id_tipo_token FROM classificacoes_tokens WHERE nome_token = "supermercados"));
  INSERT IGNORE INTO tokens (nome_token, acentuada, id_tipo_token) VALUES ("operador", "operador", (SELECT id_tipo_token FROM classificacoes_tokens WHERE nome_token = "operador"));
  INSERT IGNORE INTO classificacoes_tokens (nome_token, id_tipo_token) VALUES ("1836", (SELECT id_chave_tipo_token FROM tipos_tokens WHERE nome_tipo_token = "numeral"));
INSERT IGNORE INTO tokens (nome_token, acentuada, id_tipo_token) VALUES ("1836", "1836", (SELECT id_tipo_token FROM classificacoes_tokens WHERE nome_token = "1836"));
  INSERT IGNORE INTO tokens (nome_token, acentuada, id_tipo_token) VALUES ("comercio", "comércio", (SELECT id_tipo_token FROM classificacoes_tokens WHERE nome_token = "comercio"));
  INSERT IGNORE INTO tokens (nome_token, acentuada, id_tipo_token) VALUES ("4.922", "4.922", (SELECT id_tipo_token FROM classificacoes_tokens WHERE nome_token = "4.922"));
  INSERT IGNORE INTO classificacoes_tokens (nome_token, id_tipo_token) VALUES ("253", (SELECT id_chave_tipo_token FROM tipos_tokens WHERE nome_tipo_token = "numeral"));
INSERT IGNORE INTO tokens (nome_token, acentuada, id_tipo_token) VALUES ("253", "253", (SELECT id_tipo_token FROM classificacoes_tokens WHERE nome_token = "253"));
  INSERT IGNORE INTO tokens (nome_token, acentuada, id_tipo_token) VALUES ("1.208", "1.208", (SELECT id_tipo_token FROM classificacoes_tokens WHERE nome_token = "1.208"));
  INSERT IGNORE INTO classificacoes_tokens (nome_token, id_tipo_token) VALUES ("232", (SELECT id_chave_tipo_token FROM tipos_tokens WHERE nome_tipo_token = "numeral"));
INSERT IGNORE INTO tokens (nome_token, acentuada, id_tipo_token) VALUES ("232", "232", (SELECT id_tipo_token FROM classificacoes_tokens WHERE nome_token = "232"));
  INSERT IGNORE INTO tokens (nome_token, acentuada, id_tipo_token) VALUES ("1.023", "1.023", (SELECT id_tipo_token FROM classificacoes_tokens WHERE nome_token = "1.023"));
  INSERT IGNORE INTO classificacoes_tokens (nome_token, id_tipo_token) VALUES ("160", (SELECT id_chave_tipo_token FROM tipos_tokens WHERE nome_tipo_token = "numeral"));
INSERT IGNORE INTO tokens (nome_token, acentuada, id_tipo_token) VALUES ("160", "160", (SELECT id_tipo_token FROM classificacoes_tokens WHERE nome_token = "160"));
  INSERT IGNORE INTO classificacoes_tokens (nome_token, id_tipo_token) VALUES ("415", (SELECT id_chave_tipo_token FROM tipos_tokens WHERE nome_tipo_token = "numeral"));
INSERT IGNORE INTO tokens (nome_token, acentuada, id_tipo_token) VALUES ("415", "415", (SELECT id_tipo_token FROM classificacoes_tokens WHERE nome_token = "415"));
  INSERT IGNORE INTO classificacoes_tokens (nome_token, id_tipo_token) VALUES ("305", (SELECT id_chave_tipo_token FROM tipos_tokens WHERE nome_tipo_token = "numeral"));
INSERT IGNORE INTO tokens (nome_token, acentuada, id_tipo_token) VALUES ("305", "305", (SELECT id_tipo_token FROM classificacoes_tokens WHERE nome_token = "305"));
  INSERT IGNORE INTO classificacoes_tokens (nome_token, id_tipo_token) VALUES ("200", (SELECT id_chave_tipo_token FROM tipos_tokens WHERE nome_tipo_token = "numeral"));
INSERT IGNORE INTO tokens (nome_token, acentuada, id_tipo_token) VALUES ("200", "200", (SELECT id_tipo_token FROM classificacoes_tokens WHERE nome_token = "200"));
  INSERT IGNORE INTO classificacoes_tokens (nome_token, id_tipo_token) VALUES ("1556", (SELECT id_chave_tipo_token FROM tipos_tokens WHERE nome_tipo_token = "numeral"));
INSERT IGNORE INTO tokens (nome_token, acentuada, id_tipo_token) VALUES ("1556", "1556", (SELECT id_tipo_token FROM classificacoes_tokens WHERE nome_token = "1556"));
  INSERT IGNORE INTO tokens (nome_token, acentuada, id_tipo_token) VALUES ("4.914", "4.914", (SELECT id_tipo_token FROM classificacoes_tokens WHERE nome_token = "4.914"));
  INSERT IGNORE INTO classificacoes_tokens (nome_token, id_tipo_token) VALUES ("369", (SELECT id_chave_tipo_token FROM tipos_tokens WHERE nome_tipo_token = "numeral"));
INSERT IGNORE INTO tokens (nome_token, acentuada, id_tipo_token) VALUES ("369", "369", (SELECT id_tipo_token FROM classificacoes_tokens WHERE nome_token = "369"));
  INSERT IGNORE INTO tokens (nome_token, acentuada, id_tipo_token) VALUES ("1.761", "1.761", (SELECT id_tipo_token FROM classificacoes_tokens WHERE nome_token = "1.761"));
  INSERT IGNORE INTO classificacoes_tokens (nome_token, id_tipo_token) VALUES ("47", (SELECT id_chave_tipo_token FROM tipos_tokens WHERE nome_tipo_token = "numeral"));
INSERT IGNORE INTO tokens (nome_token, acentuada, id_tipo_token) VALUES ("47", "47", (SELECT id_tipo_token FROM classificacoes_tokens WHERE nome_token = "47"));
  INSERT IGNORE INTO classificacoes_tokens (nome_token, id_tipo_token) VALUES ("218", (SELECT id_chave_tipo_token FROM tipos_tokens WHERE nome_tipo_token = "numeral"));
INSERT IGNORE INTO tokens (nome_token, acentuada, id_tipo_token) VALUES ("218", "218", (SELECT id_tipo_token FROM classificacoes_tokens WHERE nome_token = "218"));
  INSERT IGNORE INTO classificacoes_tokens (nome_token, id_tipo_token) VALUES ("230", (SELECT id_chave_tipo_token FROM tipos_tokens WHERE nome_tipo_token = "numeral"));
INSERT IGNORE INTO tokens (nome_token, acentuada, id_tipo_token) VALUES ("230", "230", (SELECT id_tipo_token FROM classificacoes_tokens WHERE nome_token = "230"));
  INSERT IGNORE INTO classificacoes_tokens (nome_token, id_tipo_token) VALUES ("241", (SELECT id_chave_tipo_token FROM tipos_tokens WHERE nome_tipo_token = "numeral"));
INSERT IGNORE INTO tokens (nome_token, acentuada, id_tipo_token) VALUES ("241", "241", (SELECT id_tipo_token FROM classificacoes_tokens WHERE nome_token = "241"));
  INSERT IGNORE INTO classificacoes_tokens (nome_token, id_tipo_token) VALUES ("155", (SELECT id_chave_tipo_token FROM tipos_tokens WHERE nome_tipo_token = "numeral"));
INSERT IGNORE INTO tokens (nome_token, acentuada, id_tipo_token) VALUES ("155", "155", (SELECT id_tipo_token FROM classificacoes_tokens WHERE nome_token = "155"));
  INSERT IGNORE INTO classificacoes_tokens (nome_token, id_tipo_token) VALUES ("267", (SELECT id_chave_tipo_token FROM tipos_tokens WHERE nome_tipo_token = "numeral"));
INSERT IGNORE INTO tokens (nome_token, acentuada, id_tipo_token) VALUES ("267", "267", (SELECT id_tipo_token FROM classificacoes_tokens WHERE nome_token = "267"));
  INSERT IGNORE INTO classificacoes_tokens (nome_token, id_tipo_token) VALUES ("286", (SELECT id_chave_tipo_token FROM tipos_tokens WHERE nome_tipo_token = "numeral"));
INSERT IGNORE INTO tokens (nome_token, acentuada, id_tipo_token) VALUES ("286", "286", (SELECT id_tipo_token FROM classificacoes_tokens WHERE nome_token = "286"));
  INSERT IGNORE INTO classificacoes_tokens (nome_token, id_tipo_token) VALUES ("76", (SELECT id_chave_tipo_token FROM tipos_tokens WHERE nome_tipo_token = "numeral"));
INSERT IGNORE INTO tokens (nome_token, acentuada, id_tipo_token) VALUES ("76", "76", (SELECT id_tipo_token FROM classificacoes_tokens WHERE nome_token = "76"));
  INSERT IGNORE INTO classificacoes_tokens (nome_token, id_tipo_token) VALUES ("1557", (SELECT id_chave_tipo_token FROM tipos_tokens WHERE nome_tipo_token = "numeral"));
INSERT IGNORE INTO tokens (nome_token, acentuada, id_tipo_token) VALUES ("1557", "1557", (SELECT id_tipo_token FROM classificacoes_tokens WHERE nome_token = "1557"));
  INSERT IGNORE INTO tokens (nome_token, acentuada, id_tipo_token) VALUES ("2.618", "2.618", (SELECT id_tipo_token FROM classificacoes_tokens WHERE nome_token = "2.618"));
  INSERT IGNORE INTO classificacoes_tokens (nome_token, id_tipo_token) VALUES ("27", (SELECT id_chave_tipo_token FROM tipos_tokens WHERE nome_tipo_token = "numeral"));
INSERT IGNORE INTO tokens (nome_token, acentuada, id_tipo_token) VALUES ("27", "27", (SELECT id_tipo_token FROM classificacoes_tokens WHERE nome_token = "27"));
  INSERT IGNORE INTO classificacoes_tokens (nome_token, id_tipo_token) VALUES ("198", (SELECT id_chave_tipo_token FROM tipos_tokens WHERE nome_tipo_token = "numeral"));
INSERT IGNORE INTO tokens (nome_token, acentuada, id_tipo_token) VALUES ("198", "198", (SELECT id_tipo_token FROM classificacoes_tokens WHERE nome_token = "198"));
  INSERT IGNORE INTO classificacoes_tokens (nome_token, id_tipo_token) VALUES ("426", (SELECT id_chave_tipo_token FROM tipos_tokens WHERE nome_tipo_token = "numeral"));
INSERT IGNORE INTO tokens (nome_token, acentuada, id_tipo_token) VALUES ("426", "426", (SELECT id_tipo_token FROM classificacoes_tokens WHERE nome_token = "426"));
  INSERT IGNORE INTO classificacoes_tokens (nome_token, id_tipo_token) VALUES ("251", (SELECT id_chave_tipo_token FROM tipos_tokens WHERE nome_tipo_token = "numeral"));
INSERT IGNORE INTO tokens (nome_token, acentuada, id_tipo_token) VALUES ("251", "251", (SELECT id_tipo_token FROM classificacoes_tokens WHERE nome_token = "251"));
  INSERT IGNORE INTO classificacoes_tokens (nome_token, id_tipo_token) VALUES ("307", (SELECT id_chave_tipo_token FROM tipos_tokens WHERE nome_tipo_token = "numeral"));
INSERT IGNORE INTO tokens (nome_token, acentuada, id_tipo_token) VALUES ("307", "307", (SELECT id_tipo_token FROM classificacoes_tokens WHERE nome_token = "307"));
  INSERT IGNORE INTO classificacoes_tokens (nome_token, id_tipo_token) VALUES ("186", (SELECT id_chave_tipo_token FROM tipos_tokens WHERE nome_tipo_token = "numeral"));
INSERT IGNORE INTO tokens (nome_token, acentuada, id_tipo_token) VALUES ("186", "186", (SELECT id_tipo_token FROM classificacoes_tokens WHERE nome_token = "186"));
  INSERT IGNORE INTO classificacoes_tokens (nome_token, id_tipo_token) VALUES ("149", (SELECT id_chave_tipo_token FROM tipos_tokens WHERE nome_tipo_token = "numeral"));
INSERT IGNORE INTO tokens (nome_token, acentuada, id_tipo_token) VALUES ("149", "149", (SELECT id_tipo_token FROM classificacoes_tokens WHERE nome_token = "149"));
  INSERT IGNORE INTO classificacoes_tokens (nome_token, id_tipo_token) VALUES ("1551", (SELECT id_chave_tipo_token FROM tipos_tokens WHERE nome_tipo_token = "numeral"));
INSERT IGNORE INTO tokens (nome_token, acentuada, id_tipo_token) VALUES ("1551", "1551", (SELECT id_tipo_token FROM classificacoes_tokens WHERE nome_token = "1551"));
  INSERT IGNORE INTO tokens (nome_token, acentuada, id_tipo_token) VALUES ("2.409", "2.409", (SELECT id_tipo_token FROM classificacoes_tokens WHERE nome_token = "2.409"));
  INSERT IGNORE INTO classificacoes_tokens (nome_token, id_tipo_token) VALUES ("88", (SELECT id_chave_tipo_token FROM tipos_tokens WHERE nome_tipo_token = "numeral"));
INSERT IGNORE INTO tokens (nome_token, acentuada, id_tipo_token) VALUES ("88", "88", (SELECT id_tipo_token FROM classificacoes_tokens WHERE nome_token = "88"));
  INSERT IGNORE INTO classificacoes_tokens (nome_token, id_tipo_token) VALUES ("361", (SELECT id_chave_tipo_token FROM tipos_tokens WHERE nome_tipo_token = "numeral"));
INSERT IGNORE INTO tokens (nome_token, acentuada, id_tipo_token) VALUES ("361", "361", (SELECT id_tipo_token FROM classificacoes_tokens WHERE nome_token = "361"));
  INSERT IGNORE INTO classificacoes_tokens (nome_token, id_tipo_token) VALUES ("166", (SELECT id_chave_tipo_token FROM tipos_tokens WHERE nome_tipo_token = "numeral"));
INSERT IGNORE INTO tokens (nome_token, acentuada, id_tipo_token) VALUES ("166", "166", (SELECT id_tipo_token FROM classificacoes_tokens WHERE nome_token = "166"));
  INSERT IGNORE INTO classificacoes_tokens (nome_token, id_tipo_token) VALUES ("140", (SELECT id_chave_tipo_token FROM tipos_tokens WHERE nome_tipo_token = "numeral"));
INSERT IGNORE INTO tokens (nome_token, acentuada, id_tipo_token) VALUES ("140", "140", (SELECT id_tipo_token FROM classificacoes_tokens WHERE nome_token = "140"));
  INSERT IGNORE INTO classificacoes_tokens (nome_token, id_tipo_token) VALUES ("168", (SELECT id_chave_tipo_token FROM tipos_tokens WHERE nome_tipo_token = "numeral"));
INSERT IGNORE INTO tokens (nome_token, acentuada, id_tipo_token) VALUES ("168", "168", (SELECT id_tipo_token FROM classificacoes_tokens WHERE nome_token = "168"));
  INSERT IGNORE INTO classificacoes_tokens (nome_token, id_tipo_token) VALUES ("42", (SELECT id_chave_tipo_token FROM tipos_tokens WHERE nome_tipo_token = "numeral"));
INSERT IGNORE INTO tokens (nome_token, acentuada, id_tipo_token) VALUES ("42", "42", (SELECT id_tipo_token FROM classificacoes_tokens WHERE nome_token = "42"));
  INSERT IGNORE INTO classificacoes_tokens (nome_token, id_tipo_token) VALUES ("280", (SELECT id_chave_tipo_token FROM tipos_tokens WHERE nome_tipo_token = "numeral"));
INSERT IGNORE INTO tokens (nome_token, acentuada, id_tipo_token) VALUES ("280", "280", (SELECT id_tipo_token FROM classificacoes_tokens WHERE nome_token = "280"));
  INSERT IGNORE INTO classificacoes_tokens (nome_token, id_tipo_token) VALUES ("91", (SELECT id_chave_tipo_token FROM tipos_tokens WHERE nome_tipo_token = "numeral"));
INSERT IGNORE INTO tokens (nome_token, acentuada, id_tipo_token) VALUES ("91", "91", (SELECT id_tipo_token FROM classificacoes_tokens WHERE nome_token = "91"));
  INSERT IGNORE INTO tokens (nome_token, acentuada, id_tipo_token) VALUES ("barbeiro", "barbeiro", (SELECT id_tipo_token FROM classificacoes_tokens WHERE nome_token = "barbeiro"));
  INSERT IGNORE INTO classificacoes_tokens (nome_token, id_tipo_token) VALUES ("1915", (SELECT id_chave_tipo_token FROM tipos_tokens WHERE nome_tipo_token = "numeral"));
INSERT IGNORE INTO tokens (nome_token, acentuada, id_tipo_token) VALUES ("1915", "1915", (SELECT id_tipo_token FROM classificacoes_tokens WHERE nome_token = "1915"));
  INSERT IGNORE INTO tokens (nome_token, acentuada, id_tipo_token) VALUES ("2.402", "2.402", (SELECT id_tipo_token FROM classificacoes_tokens WHERE nome_token = "2.402"));
  INSERT IGNORE INTO classificacoes_tokens (nome_token, id_tipo_token) VALUES ("225", (SELECT id_chave_tipo_token FROM tipos_tokens WHERE nome_tipo_token = "numeral"));
INSERT IGNORE INTO tokens (nome_token, acentuada, id_tipo_token) VALUES ("225", "225", (SELECT id_tipo_token FROM classificacoes_tokens WHERE nome_token = "225"));
  INSERT IGNORE INTO tokens (nome_token, acentuada, id_tipo_token) VALUES ("1.138", "1.138", (SELECT id_tipo_token FROM classificacoes_tokens WHERE nome_token = "1.138"));
  INSERT IGNORE INTO classificacoes_tokens (nome_token, id_tipo_token) VALUES ("138", (SELECT id_chave_tipo_token FROM tipos_tokens WHERE nome_tipo_token = "numeral"));
INSERT IGNORE INTO tokens (nome_token, acentuada, id_tipo_token) VALUES ("138", "138", (SELECT id_tipo_token FROM classificacoes_tokens WHERE nome_token = "138"));
  INSERT IGNORE INTO classificacoes_tokens (nome_token, id_tipo_token) VALUES ("490", (SELECT id_chave_tipo_token FROM tipos_tokens WHERE nome_tipo_token = "numeral"));
INSERT IGNORE INTO tokens (nome_token, acentuada, id_tipo_token) VALUES ("490", "490", (SELECT id_tipo_token FROM classificacoes_tokens WHERE nome_token = "490"));
  INSERT IGNORE INTO tokens (nome_token, acentuada, id_tipo_token) VALUES ("58.11", "58.11", (SELECT id_tipo_token FROM classificacoes_tokens WHERE nome_token = "58.11"));
  INSERT IGNORE INTO tokens (nome_token, acentuada, id_tipo_token) VALUES ("1.930", "1.930", (SELECT id_tipo_token FROM classificacoes_tokens WHERE nome_token = "1.930"));
  INSERT IGNORE INTO classificacoes_tokens (nome_token, id_tipo_token) VALUES ("268", (SELECT id_chave_tipo_token FROM tipos_tokens WHERE nome_tipo_token = "numeral"));
INSERT IGNORE INTO tokens (nome_token, acentuada, id_tipo_token) VALUES ("268", "268", (SELECT id_tipo_token FROM classificacoes_tokens WHERE nome_token = "268"));
  INSERT IGNORE INTO classificacoes_tokens (nome_token, id_tipo_token) VALUES ("6", (SELECT id_chave_tipo_token FROM tipos_tokens WHERE nome_tipo_token = "numeral"));
INSERT IGNORE INTO tokens (nome_token, acentuada, id_tipo_token) VALUES ("6", "6", (SELECT id_tipo_token FROM classificacoes_tokens WHERE nome_token = "6"));
  INSERT IGNORE INTO classificacoes_tokens (nome_token, id_tipo_token) VALUES ("178", (SELECT id_chave_tipo_token FROM tipos_tokens WHERE nome_tipo_token = "numeral"));
INSERT IGNORE INTO tokens (nome_token, acentuada, id_tipo_token) VALUES ("178", "178", (SELECT id_tipo_token FROM classificacoes_tokens WHERE nome_token = "178"));
  INSERT IGNORE INTO classificacoes_tokens (nome_token, id_tipo_token) VALUES ("85", (SELECT id_chave_tipo_token FROM tipos_tokens WHERE nome_tipo_token = "numeral"));
INSERT IGNORE INTO tokens (nome_token, acentuada, id_tipo_token) VALUES ("85", "85", (SELECT id_tipo_token FROM classificacoes_tokens WHERE nome_token = "85"));
  INSERT IGNORE INTO classificacoes_tokens (nome_token, id_tipo_token) VALUES ("199", (SELECT id_chave_tipo_token FROM tipos_tokens WHERE nome_tipo_token = "numeral"));
INSERT IGNORE INTO tokens (nome_token, acentuada, id_tipo_token) VALUES ("199", "199", (SELECT id_tipo_token FROM classificacoes_tokens WHERE nome_token = "199"));
  INSERT IGNORE INTO classificacoes_tokens (nome_token, id_tipo_token) VALUES ("244", (SELECT id_chave_tipo_token FROM tipos_tokens WHERE nome_tipo_token = "numeral"));
INSERT IGNORE INTO tokens (nome_token, acentuada, id_tipo_token) VALUES ("244", "244", (SELECT id_tipo_token FROM classificacoes_tokens WHERE nome_token = "244"));
  INSERT IGNORE INTO classificacoes_tokens (nome_token, id_tipo_token) VALUES ("79", (SELECT id_chave_tipo_token FROM tipos_tokens WHERE nome_tipo_token = "numeral"));
INSERT IGNORE INTO tokens (nome_token, acentuada, id_tipo_token) VALUES ("79", "79", (SELECT id_tipo_token FROM classificacoes_tokens WHERE nome_token = "79"));
  INSERT IGNORE INTO classificacoes_tokens (nome_token, id_tipo_token) VALUES ("105", (SELECT id_chave_tipo_token FROM tipos_tokens WHERE nome_tipo_token = "numeral"));
INSERT IGNORE INTO tokens (nome_token, acentuada, id_tipo_token) VALUES ("105", "105", (SELECT id_tipo_token FROM classificacoes_tokens WHERE nome_token = "105"));
  INSERT IGNORE INTO classificacoes_tokens (nome_token, id_tipo_token) VALUES ("1554", (SELECT id_chave_tipo_token FROM tipos_tokens WHERE nome_tipo_token = "numeral"));
INSERT IGNORE INTO tokens (nome_token, acentuada, id_tipo_token) VALUES ("1554", "1554", (SELECT id_tipo_token FROM classificacoes_tokens WHERE nome_token = "1554"));
  INSERT IGNORE INTO tokens (nome_token, acentuada, id_tipo_token) VALUES ("1.170", "1.170", (SELECT id_tipo_token FROM classificacoes_tokens WHERE nome_token = "1.170"));
  INSERT IGNORE INTO tokens (nome_token, acentuada, id_tipo_token) VALUES ("1.087", "1.087", (SELECT id_tipo_token FROM classificacoes_tokens WHERE nome_token = "1.087"));
  INSERT IGNORE INTO tokens (nome_token, acentuada, id_tipo_token) VALUES ("69.11", "69.11", (SELECT id_tipo_token FROM classificacoes_tokens WHERE nome_token = "69.11"));
  INSERT IGNORE INTO tokens (nome_token, acentuada, id_tipo_token) VALUES ("1.139", "1.139", (SELECT id_tipo_token FROM classificacoes_tokens WHERE nome_token = "1.139"));
  INSERT IGNORE INTO classificacoes_tokens (nome_token, id_tipo_token) VALUES ("562", (SELECT id_chave_tipo_token FROM tipos_tokens WHERE nome_tipo_token = "numeral"));
INSERT IGNORE INTO tokens (nome_token, acentuada, id_tipo_token) VALUES ("562", "562", (SELECT id_tipo_token FROM classificacoes_tokens WHERE nome_token = "562"));
  INSERT IGNORE INTO classificacoes_tokens (nome_token, id_tipo_token) VALUES ("58", (SELECT id_chave_tipo_token FROM tipos_tokens WHERE nome_tipo_token = "numeral"));
INSERT IGNORE INTO tokens (nome_token, acentuada, id_tipo_token) VALUES ("58", "58", (SELECT id_tipo_token FROM classificacoes_tokens WHERE nome_token = "58"));
  INSERT IGNORE INTO classificacoes_tokens (nome_token, id_tipo_token) VALUES ("127", (SELECT id_chave_tipo_token FROM tipos_tokens WHERE nome_tipo_token = "numeral"));
INSERT IGNORE INTO tokens (nome_token, acentuada, id_tipo_token) VALUES ("127", "127", (SELECT id_tipo_token FROM classificacoes_tokens WHERE nome_token = "127"));
  INSERT IGNORE INTO classificacoes_tokens (nome_token, id_tipo_token) VALUES ("338", (SELECT id_chave_tipo_token FROM tipos_tokens WHERE nome_tipo_token = "numeral"));
INSERT IGNORE INTO tokens (nome_token, acentuada, id_tipo_token) VALUES ("338", "338", (SELECT id_tipo_token FROM classificacoes_tokens WHERE nome_token = "338"));
  INSERT IGNORE INTO tokens (nome_token, acentuada, id_tipo_token) VALUES ("da", "da", (SELECT id_tipo_token FROM classificacoes_tokens WHERE nome_token = "da"));
  INSERT IGNORE INTO tokens (nome_token, acentuada, id_tipo_token) VALUES ("60.20", "60.20", (SELECT id_tipo_token FROM classificacoes_tokens WHERE nome_token = "60.20"));
  INSERT IGNORE INTO tokens (nome_token, acentuada, id_tipo_token) VALUES ("1.071", "1.071", (SELECT id_tipo_token FROM classificacoes_tokens WHERE nome_token = "1.071"));
  INSERT IGNORE INTO classificacoes_tokens (nome_token, id_tipo_token) VALUES ("38", (SELECT id_chave_tipo_token FROM tipos_tokens WHERE nome_tipo_token = "numeral"));
INSERT IGNORE INTO tokens (nome_token, acentuada, id_tipo_token) VALUES ("38", "38", (SELECT id_tipo_token FROM classificacoes_tokens WHERE nome_token = "38"));
  INSERT IGNORE INTO classificacoes_tokens (nome_token, id_tipo_token) VALUES ("390", (SELECT id_chave_tipo_token FROM tipos_tokens WHERE nome_tipo_token = "numeral"));
INSERT IGNORE INTO tokens (nome_token, acentuada, id_tipo_token) VALUES ("390", "390", (SELECT id_tipo_token FROM classificacoes_tokens WHERE nome_token = "390"));
  INSERT IGNORE INTO classificacoes_tokens (nome_token, id_tipo_token) VALUES ("358", (SELECT id_chave_tipo_token FROM tipos_tokens WHERE nome_tipo_token = "numeral"));
INSERT IGNORE INTO tokens (nome_token, acentuada, id_tipo_token) VALUES ("358", "358", (SELECT id_tipo_token FROM classificacoes_tokens WHERE nome_token = "358"));
  INSERT IGNORE INTO tokens (nome_token, acentuada, id_tipo_token) VALUES ("58.8", "58.8", (SELECT id_tipo_token FROM classificacoes_tokens WHERE nome_token = "58.8"));
  INSERT IGNORE INTO classificacoes_tokens (nome_token, id_tipo_token) VALUES ("941", (SELECT id_chave_tipo_token FROM tipos_tokens WHERE nome_tipo_token = "numeral"));
INSERT IGNORE INTO tokens (nome_token, acentuada, id_tipo_token) VALUES ("941", "941", (SELECT id_tipo_token FROM classificacoes_tokens WHERE nome_token = "941"));
  INSERT IGNORE INTO classificacoes_tokens (nome_token, id_tipo_token) VALUES ("242", (SELECT id_chave_tipo_token FROM tipos_tokens WHERE nome_tipo_token = "numeral"));
INSERT IGNORE INTO tokens (nome_token, acentuada, id_tipo_token) VALUES ("242", "242", (SELECT id_tipo_token FROM classificacoes_tokens WHERE nome_token = "242"));
  INSERT IGNORE INTO classificacoes_tokens (nome_token, id_tipo_token) VALUES ("8", (SELECT id_chave_tipo_token FROM tipos_tokens WHERE nome_tipo_token = "numeral"));
INSERT IGNORE INTO tokens (nome_token, acentuada, id_tipo_token) VALUES ("8", "8", (SELECT id_tipo_token FROM classificacoes_tokens WHERE nome_token = "8"));
  INSERT IGNORE INTO classificacoes_tokens (nome_token, id_tipo_token) VALUES ("382", (SELECT id_chave_tipo_token FROM tipos_tokens WHERE nome_tipo_token = "numeral"));
INSERT IGNORE INTO tokens (nome_token, acentuada, id_tipo_token) VALUES ("382", "382", (SELECT id_tipo_token FROM classificacoes_tokens WHERE nome_token = "382"));
  INSERT IGNORE INTO classificacoes_tokens (nome_token, id_tipo_token) VALUES ("56", (SELECT id_chave_tipo_token FROM tipos_tokens WHERE nome_tipo_token = "numeral"));
INSERT IGNORE INTO tokens (nome_token, acentuada, id_tipo_token) VALUES ("56", "56", (SELECT id_tipo_token FROM classificacoes_tokens WHERE nome_token = "56"));
  INSERT IGNORE INTO classificacoes_tokens (nome_token, id_tipo_token) VALUES ("1840", (SELECT id_chave_tipo_token FROM tipos_tokens WHERE nome_tipo_token = "numeral"));
INSERT IGNORE INTO tokens (nome_token, acentuada, id_tipo_token) VALUES ("1840", "1840", (SELECT id_tipo_token FROM classificacoes_tokens WHERE nome_token = "1840"));
  INSERT IGNORE INTO classificacoes_tokens (nome_token, id_tipo_token) VALUES ("939", (SELECT id_chave_tipo_token FROM tipos_tokens WHERE nome_tipo_token = "numeral"));
INSERT IGNORE INTO tokens (nome_token, acentuada, id_tipo_token) VALUES ("939", "939", (SELECT id_tipo_token FROM classificacoes_tokens WHERE nome_token = "939"));
  INSERT IGNORE INTO classificacoes_tokens (nome_token, id_tipo_token) VALUES ("714", (SELECT id_chave_tipo_token FROM tipos_tokens WHERE nome_tipo_token = "numeral"));
INSERT IGNORE INTO tokens (nome_token, acentuada, id_tipo_token) VALUES ("714", "714", (SELECT id_tipo_token FROM classificacoes_tokens WHERE nome_token = "714"));
  INSERT IGNORE INTO classificacoes_tokens (nome_token, id_tipo_token) VALUES ("45", (SELECT id_chave_tipo_token FROM tipos_tokens WHERE nome_tipo_token = "numeral"));
INSERT IGNORE INTO tokens (nome_token, acentuada, id_tipo_token) VALUES ("45", "45", (SELECT id_tipo_token FROM classificacoes_tokens WHERE nome_token = "45"));
  INSERT IGNORE INTO tokens (nome_token, acentuada, id_tipo_token) VALUES ("henna", "henna", (SELECT id_tipo_token FROM classificacoes_tokens WHERE nome_token = "henna"));
  INSERT IGNORE INTO tokens (nome_token, acentuada, id_tipo_token) VALUES ("58.9", "58.9", (SELECT id_tipo_token FROM classificacoes_tokens WHERE nome_token = "58.9"));
  INSERT IGNORE INTO classificacoes_tokens (nome_token, id_tipo_token) VALUES ("810", (SELECT id_chave_tipo_token FROM tipos_tokens WHERE nome_tipo_token = "numeral"));
INSERT IGNORE INTO tokens (nome_token, acentuada, id_tipo_token) VALUES ("810", "810", (SELECT id_tipo_token FROM classificacoes_tokens WHERE nome_token = "810"));
  INSERT IGNORE INTO tokens (nome_token, acentuada, id_tipo_token) VALUES ("linha", "linha", (SELECT id_tipo_token FROM classificacoes_tokens WHERE nome_token = "linha"));
  INSERT IGNORE INTO tokens (nome_token, acentuada, id_tipo_token) VALUES ("facial", "facial", (SELECT id_tipo_token FROM classificacoes_tokens WHERE nome_token = "facial"));
  INSERT IGNORE INTO tokens (nome_token, acentuada, id_tipo_token) VALUES ("58.15", "58.15", (SELECT id_tipo_token FROM classificacoes_tokens WHERE nome_token = "58.15"));
  INSERT IGNORE INTO classificacoes_tokens (nome_token, id_tipo_token) VALUES ("751", (SELECT id_chave_tipo_token FROM tipos_tokens WHERE nome_tipo_token = "numeral"));
INSERT IGNORE INTO tokens (nome_token, acentuada, id_tipo_token) VALUES ("751", "751", (SELECT id_tipo_token FROM classificacoes_tokens WHERE nome_token = "751"));
  INSERT IGNORE INTO tokens (nome_token, acentuada, id_tipo_token) VALUES ("decoracao", "decoração", (SELECT id_tipo_token FROM classificacoes_tokens WHERE nome_token = "decoracao"));
  INSERT IGNORE INTO tokens (nome_token, acentuada, id_tipo_token) VALUES ("art:", "art:", (SELECT id_tipo_token FROM classificacoes_tokens WHERE nome_token = "art:"));
  INSERT IGNORE INTO tokens (nome_token, acentuada, id_tipo_token) VALUES ("nail", "nail", (SELECT id_tipo_token FROM classificacoes_tokens WHERE nome_token = "nail"));
  INSERT IGNORE INTO tokens (nome_token, acentuada, id_tipo_token) VALUES ("60.41", "60.41", (SELECT id_tipo_token FROM classificacoes_tokens WHERE nome_token = "60.41"));
  INSERT IGNORE INTO classificacoes_tokens (nome_token, id_tipo_token) VALUES ("680", (SELECT id_chave_tipo_token FROM tipos_tokens WHERE nome_tipo_token = "numeral"));
INSERT IGNORE INTO tokens (nome_token, acentuada, id_tipo_token) VALUES ("680", "680", (SELECT id_tipo_token FROM classificacoes_tokens WHERE nome_token = "680"));
  INSERT IGNORE INTO classificacoes_tokens (nome_token, id_tipo_token) VALUES ("640", (SELECT id_chave_tipo_token FROM tipos_tokens WHERE nome_tipo_token = "numeral"));
INSERT IGNORE INTO tokens (nome_token, acentuada, id_tipo_token) VALUES ("640", "640", (SELECT id_tipo_token FROM classificacoes_tokens WHERE nome_token = "640"));
  INSERT IGNORE INTO tokens (nome_token, acentuada, id_tipo_token) VALUES ("56.3", "56.3", (SELECT id_tipo_token FROM classificacoes_tokens WHERE nome_token = "56.3"));
  INSERT IGNORE INTO classificacoes_tokens (nome_token, id_tipo_token) VALUES ("666", (SELECT id_chave_tipo_token FROM tipos_tokens WHERE nome_tipo_token = "numeral"));
INSERT IGNORE INTO tokens (nome_token, acentuada, id_tipo_token) VALUES ("666", "666", (SELECT id_tipo_token FROM classificacoes_tokens WHERE nome_token = "666"));
  INSERT IGNORE INTO classificacoes_tokens (nome_token, id_tipo_token) VALUES ("532", (SELECT id_chave_tipo_token FROM tipos_tokens WHERE nome_tipo_token = "numeral"));
INSERT IGNORE INTO tokens (nome_token, acentuada, id_tipo_token) VALUES ("532", "532", (SELECT id_tipo_token FROM classificacoes_tokens WHERE nome_token = "532"));
  INSERT IGNORE INTO classificacoes_tokens (nome_token, id_tipo_token) VALUES ("34", (SELECT id_chave_tipo_token FROM tipos_tokens WHERE nome_tipo_token = "numeral"));
INSERT IGNORE INTO tokens (nome_token, acentuada, id_tipo_token) VALUES ("34", "34", (SELECT id_tipo_token FROM classificacoes_tokens WHERE nome_token = "34"));
  INSERT IGNORE INTO tokens (nome_token, acentuada, id_tipo_token) VALUES ("60.15", "60.15", (SELECT id_tipo_token FROM classificacoes_tokens WHERE nome_token = "60.15"));
  INSERT IGNORE INTO classificacoes_tokens (nome_token, id_tipo_token) VALUES ("632", (SELECT id_chave_tipo_token FROM tipos_tokens WHERE nome_tipo_token = "numeral"));
INSERT IGNORE INTO tokens (nome_token, acentuada, id_tipo_token) VALUES ("632", "632", (SELECT id_tipo_token FROM classificacoes_tokens WHERE nome_token = "632"));
  INSERT IGNORE INTO classificacoes_tokens (nome_token, id_tipo_token) VALUES ("130", (SELECT id_chave_tipo_token FROM tipos_tokens WHERE nome_tipo_token = "numeral"));
INSERT IGNORE INTO tokens (nome_token, acentuada, id_tipo_token) VALUES ("130", "130", (SELECT id_tipo_token FROM classificacoes_tokens WHERE nome_token = "130"));
  INSERT IGNORE INTO classificacoes_tokens (nome_token, id_tipo_token) VALUES ("372", (SELECT id_chave_tipo_token FROM tipos_tokens WHERE nome_tipo_token = "numeral"));
INSERT IGNORE INTO tokens (nome_token, acentuada, id_tipo_token) VALUES ("372", "372", (SELECT id_tipo_token FROM classificacoes_tokens WHERE nome_token = "372"));
  INSERT IGNORE INTO classificacoes_tokens (nome_token, id_tipo_token) VALUES ("28", (SELECT id_chave_tipo_token FROM tipos_tokens WHERE nome_tipo_token = "numeral"));
INSERT IGNORE INTO tokens (nome_token, acentuada, id_tipo_token) VALUES ("28", "28", (SELECT id_tipo_token FROM classificacoes_tokens WHERE nome_token = "28"));
  INSERT IGNORE INTO tokens (nome_token, acentuada, id_tipo_token) VALUES ("60.7", "60.7", (SELECT id_tipo_token FROM classificacoes_tokens WHERE nome_token = "60.7"));
  INSERT IGNORE INTO classificacoes_tokens (nome_token, id_tipo_token) VALUES ("628", (SELECT id_chave_tipo_token FROM tipos_tokens WHERE nome_tipo_token = "numeral"));
INSERT IGNORE INTO tokens (nome_token, acentuada, id_tipo_token) VALUES ("628", "628", (SELECT id_tipo_token FROM classificacoes_tokens WHERE nome_token = "628"));
  INSERT IGNORE INTO classificacoes_tokens (nome_token, id_tipo_token) VALUES ("73", (SELECT id_chave_tipo_token FROM tipos_tokens WHERE nome_tipo_token = "numeral"));
INSERT IGNORE INTO tokens (nome_token, acentuada, id_tipo_token) VALUES ("73", "73", (SELECT id_tipo_token FROM classificacoes_tokens WHERE nome_token = "73"));
  INSERT IGNORE INTO classificacoes_tokens (nome_token, id_tipo_token) VALUES ("375", (SELECT id_chave_tipo_token FROM tipos_tokens WHERE nome_tipo_token = "numeral"));
INSERT IGNORE INTO tokens (nome_token, acentuada, id_tipo_token) VALUES ("375", "375", (SELECT id_tipo_token FROM classificacoes_tokens WHERE nome_token = "375"));
  INSERT IGNORE INTO tokens (nome_token, acentuada, id_tipo_token) VALUES ("egipcia", "egípcia", (SELECT id_tipo_token FROM classificacoes_tokens WHERE nome_token = "egipcia"));
  INSERT IGNORE INTO tokens (nome_token, acentuada, id_tipo_token) VALUES ("depilacao", "depilação", (SELECT id_tipo_token FROM classificacoes_tokens WHERE nome_token = "depilacao"));
  INSERT IGNORE INTO tokens (nome_token, acentuada, id_tipo_token) VALUES ("sobrancelhas", "sobrancelhas", (SELECT id_tipo_token FROM classificacoes_tokens WHERE nome_token = "sobrancelhas"));
  INSERT IGNORE INTO tokens (nome_token, acentuada, id_tipo_token) VALUES ("58.20", "58.20", (SELECT id_tipo_token FROM classificacoes_tokens WHERE nome_token = "58.20"));
  INSERT IGNORE INTO classificacoes_tokens (nome_token, id_tipo_token) VALUES ("568", (SELECT id_chave_tipo_token FROM tipos_tokens WHERE nome_tipo_token = "numeral"));
INSERT IGNORE INTO tokens (nome_token, acentuada, id_tipo_token) VALUES ("568", "568", (SELECT id_tipo_token FROM classificacoes_tokens WHERE nome_token = "568"));
  INSERT IGNORE INTO classificacoes_tokens (nome_token, id_tipo_token) VALUES ("419", (SELECT id_chave_tipo_token FROM tipos_tokens WHERE nome_tipo_token = "numeral"));
INSERT IGNORE INTO tokens (nome_token, acentuada, id_tipo_token) VALUES ("419", "419", (SELECT id_tipo_token FROM classificacoes_tokens WHERE nome_token = "419"));
  INSERT IGNORE INTO classificacoes_tokens (nome_token, id_tipo_token) VALUES ("147", (SELECT id_chave_tipo_token FROM tipos_tokens WHERE nome_tipo_token = "numeral"));
INSERT IGNORE INTO tokens (nome_token, acentuada, id_tipo_token) VALUES ("147", "147", (SELECT id_tipo_token FROM classificacoes_tokens WHERE nome_token = "147"));
  INSERT IGNORE INTO tokens (nome_token, acentuada, id_tipo_token) VALUES ("russo", "russo", (SELECT id_tipo_token FROM classificacoes_tokens WHERE nome_token = "russo"));
  INSERT IGNORE INTO tokens (nome_token, acentuada, id_tipo_token) VALUES ("volume", "volume", (SELECT id_tipo_token FROM classificacoes_tokens WHERE nome_token = "volume"));
  INSERT IGNORE INTO tokens (nome_token, acentuada, id_tipo_token) VALUES ("cilios", "cílios", (SELECT id_tipo_token FROM classificacoes_tokens WHERE nome_token = "cilios"));
  INSERT IGNORE INTO tokens (nome_token, acentuada, id_tipo_token) VALUES ("54.6", "54.6", (SELECT id_tipo_token FROM classificacoes_tokens WHERE nome_token = "54.6"));
  INSERT IGNORE INTO classificacoes_tokens (nome_token, id_tipo_token) VALUES ("553", (SELECT id_chave_tipo_token FROM tipos_tokens WHERE nome_tipo_token = "numeral"));
INSERT IGNORE INTO tokens (nome_token, acentuada, id_tipo_token) VALUES ("553", "553", (SELECT id_tipo_token FROM classificacoes_tokens WHERE nome_token = "553"));
  INSERT IGNORE INTO classificacoes_tokens (nome_token, id_tipo_token) VALUES ("14", (SELECT id_chave_tipo_token FROM tipos_tokens WHERE nome_tipo_token = "numeral"));
INSERT IGNORE INTO tokens (nome_token, acentuada, id_tipo_token) VALUES ("14", "14", (SELECT id_tipo_token FROM classificacoes_tokens WHERE nome_token = "14"));
  INSERT IGNORE INTO classificacoes_tokens (nome_token, id_tipo_token) VALUES ("439", (SELECT id_chave_tipo_token FROM tipos_tokens WHERE nome_tipo_token = "numeral"));
INSERT IGNORE INTO tokens (nome_token, acentuada, id_tipo_token) VALUES ("439", "439", (SELECT id_tipo_token FROM classificacoes_tokens WHERE nome_token = "439"));
  INSERT IGNORE INTO tokens (nome_token, acentuada, id_tipo_token) VALUES ("69.7", "69.7", (SELECT id_tipo_token FROM classificacoes_tokens WHERE nome_token = "69.7"));
  INSERT IGNORE INTO classificacoes_tokens (nome_token, id_tipo_token) VALUES ("522", (SELECT id_chave_tipo_token FROM tipos_tokens WHERE nome_tipo_token = "numeral"));
INSERT IGNORE INTO tokens (nome_token, acentuada, id_tipo_token) VALUES ("522", "522", (SELECT id_tipo_token FROM classificacoes_tokens WHERE nome_token = "522"));
  INSERT IGNORE INTO tokens (nome_token, acentuada, id_tipo_token) VALUES ("maquiadores", "maquiadores", (SELECT id_tipo_token FROM classificacoes_tokens WHERE nome_token = "maquiadores"));
  INSERT IGNORE INTO tokens (nome_token, acentuada, id_tipo_token) VALUES ("78.19", "78.19", (SELECT id_tipo_token FROM classificacoes_tokens WHERE nome_token = "78.19"));
  INSERT IGNORE INTO classificacoes_tokens (nome_token, id_tipo_token) VALUES ("501", (SELECT id_chave_tipo_token FROM tipos_tokens WHERE nome_tipo_token = "numeral"));
INSERT IGNORE INTO tokens (nome_token, acentuada, id_tipo_token) VALUES ("501", "501", (SELECT id_tipo_token FROM classificacoes_tokens WHERE nome_token = "501"));
  INSERT IGNORE INTO classificacoes_tokens (nome_token, id_tipo_token) VALUES ("385", (SELECT id_chave_tipo_token FROM tipos_tokens WHERE nome_tipo_token = "numeral"));
INSERT IGNORE INTO tokens (nome_token, acentuada, id_tipo_token) VALUES ("385", "385", (SELECT id_tipo_token FROM classificacoes_tokens WHERE nome_token = "385"));
  INSERT IGNORE INTO tokens (nome_token, acentuada, id_tipo_token) VALUES ("70.4", "70.4", (SELECT id_tipo_token FROM classificacoes_tokens WHERE nome_token = "70.4"));
  INSERT IGNORE INTO classificacoes_tokens (nome_token, id_tipo_token) VALUES ("468", (SELECT id_chave_tipo_token FROM tipos_tokens WHERE nome_tipo_token = "numeral"));
INSERT IGNORE INTO tokens (nome_token, acentuada, id_tipo_token) VALUES ("468", "468", (SELECT id_tipo_token FROM classificacoes_tokens WHERE nome_token = "468"));
  INSERT IGNORE INTO classificacoes_tokens (nome_token, id_tipo_token) VALUES ("32", (SELECT id_chave_tipo_token FROM tipos_tokens WHERE nome_tipo_token = "numeral"));
INSERT IGNORE INTO tokens (nome_token, acentuada, id_tipo_token) VALUES ("32", "32", (SELECT id_tipo_token FROM classificacoes_tokens WHERE nome_token = "32"));
  INSERT IGNORE INTO classificacoes_tokens (nome_token, id_tipo_token) VALUES ("101", (SELECT id_chave_tipo_token FROM tipos_tokens WHERE nome_tipo_token = "numeral"));
INSERT IGNORE INTO tokens (nome_token, acentuada, id_tipo_token) VALUES ("101", "101", (SELECT id_tipo_token FROM classificacoes_tokens WHERE nome_token = "101"));
  INSERT IGNORE INTO tokens (nome_token, acentuada, id_tipo_token) VALUES ("69.13", "69.13", (SELECT id_tipo_token FROM classificacoes_tokens WHERE nome_token = "69.13"));
  INSERT IGNORE INTO classificacoes_tokens (nome_token, id_tipo_token) VALUES ("448", (SELECT id_chave_tipo_token FROM tipos_tokens WHERE nome_tipo_token = "numeral"));
INSERT IGNORE INTO tokens (nome_token, acentuada, id_tipo_token) VALUES ("448", "448", (SELECT id_tipo_token FROM classificacoes_tokens WHERE nome_token = "448"));
  INSERT IGNORE INTO classificacoes_tokens (nome_token, id_tipo_token) VALUES ("408", (SELECT id_chave_tipo_token FROM tipos_tokens WHERE nome_tipo_token = "numeral"));
INSERT IGNORE INTO tokens (nome_token, acentuada, id_tipo_token) VALUES ("408", "408", (SELECT id_tipo_token FROM classificacoes_tokens WHERE nome_token = "408"));
  INSERT IGNORE INTO tokens (nome_token, acentuada, id_tipo_token) VALUES ("negra", "negra", (SELECT id_tipo_token FROM classificacoes_tokens WHERE nome_token = "negra"));
  INSERT IGNORE INTO tokens (nome_token, acentuada, id_tipo_token) VALUES ("69.8", "69.8", (SELECT id_tipo_token FROM classificacoes_tokens WHERE nome_token = "69.8"));
  INSERT IGNORE INTO classificacoes_tokens (nome_token, id_tipo_token) VALUES ("367", (SELECT id_chave_tipo_token FROM tipos_tokens WHERE nome_tipo_token = "numeral"));
INSERT IGNORE INTO tokens (nome_token, acentuada, id_tipo_token) VALUES ("367", "367", (SELECT id_tipo_token FROM classificacoes_tokens WHERE nome_token = "367"));
  INSERT IGNORE INTO classificacoes_tokens (nome_token, id_tipo_token) VALUES ("2", (SELECT id_chave_tipo_token FROM tipos_tokens WHERE nome_tipo_token = "numeral"));
INSERT IGNORE INTO tokens (nome_token, acentuada, id_tipo_token) VALUES ("2", "2", (SELECT id_tipo_token FROM classificacoes_tokens WHERE nome_token = "2"));
  INSERT IGNORE INTO classificacoes_tokens (nome_token, id_tipo_token) VALUES ("70", (SELECT id_chave_tipo_token FROM tipos_tokens WHERE nome_tipo_token = "numeral"));
INSERT IGNORE INTO tokens (nome_token, acentuada, id_tipo_token) VALUES ("70", "70", (SELECT id_tipo_token FROM classificacoes_tokens WHERE nome_token = "70"));
  INSERT IGNORE INTO classificacoes_tokens (nome_token, id_tipo_token) VALUES ("51", (SELECT id_chave_tipo_token FROM tipos_tokens WHERE nome_tipo_token = "numeral"));
INSERT IGNORE INTO tokens (nome_token, acentuada, id_tipo_token) VALUES ("51", "51", (SELECT id_tipo_token FROM classificacoes_tokens WHERE nome_token = "51"));
  INSERT IGNORE INTO tokens (nome_token, acentuada, id_tipo_token) VALUES ("72.1", "72.1", (SELECT id_tipo_token FROM classificacoes_tokens WHERE nome_token = "72.1"));
  INSERT IGNORE INTO classificacoes_tokens (nome_token, id_tipo_token) VALUES ("366", (SELECT id_chave_tipo_token FROM tipos_tokens WHERE nome_tipo_token = "numeral"));
INSERT IGNORE INTO tokens (nome_token, acentuada, id_tipo_token) VALUES ("366", "366", (SELECT id_tipo_token FROM classificacoes_tokens WHERE nome_token = "366"));
  INSERT IGNORE INTO classificacoes_tokens (nome_token, id_tipo_token) VALUES ("346", (SELECT id_chave_tipo_token FROM tipos_tokens WHERE nome_tipo_token = "numeral"));
INSERT IGNORE INTO tokens (nome_token, acentuada, id_tipo_token) VALUES ("346", "346", (SELECT id_tipo_token FROM classificacoes_tokens WHERE nome_token = "346"));
  INSERT IGNORE INTO tokens (nome_token, acentuada, id_tipo_token) VALUES ("decoradas", "decoradas", (SELECT id_tipo_token FROM classificacoes_tokens WHERE nome_token = "decoradas"));
  INSERT IGNORE INTO tokens (nome_token, acentuada, id_tipo_token) VALUES ("60.9", "60.9", (SELECT id_tipo_token FROM classificacoes_tokens WHERE nome_token = "60.9"));
  INSERT IGNORE INTO classificacoes_tokens (nome_token, id_tipo_token) VALUES ("335", (SELECT id_chave_tipo_token FROM tipos_tokens WHERE nome_tipo_token = "numeral"));
INSERT IGNORE INTO tokens (nome_token, acentuada, id_tipo_token) VALUES ("335", "335", (SELECT id_tipo_token FROM classificacoes_tokens WHERE nome_token = "335"));
  INSERT IGNORE INTO tokens (nome_token, acentuada, id_tipo_token) VALUES ("madura", "madura", (SELECT id_tipo_token FROM classificacoes_tokens WHERE nome_token = "madura"));
  INSERT IGNORE INTO tokens (nome_token, acentuada, id_tipo_token) VALUES ("pele", "pele", (SELECT id_tipo_token FROM classificacoes_tokens WHERE nome_token = "pele"));
  INSERT IGNORE INTO tokens (nome_token, acentuada, id_tipo_token) VALUES ("69.20", "69.20", (SELECT id_tipo_token FROM classificacoes_tokens WHERE nome_token = "69.20"));
  INSERT IGNORE INTO classificacoes_tokens (nome_token, id_tipo_token) VALUES ("325", (SELECT id_chave_tipo_token FROM tipos_tokens WHERE nome_tipo_token = "numeral"));
INSERT IGNORE INTO tokens (nome_token, acentuada, id_tipo_token) VALUES ("325", "325", (SELECT id_tipo_token FROM classificacoes_tokens WHERE nome_token = "325"));
  INSERT IGNORE INTO tokens (nome_token, acentuada, id_tipo_token) VALUES ("estilos", "estilos", (SELECT id_tipo_token FROM classificacoes_tokens WHERE nome_token = "estilos"));
  INSERT IGNORE INTO tokens (nome_token, acentuada, id_tipo_token) VALUES ("afro:", "afro:", (SELECT id_tipo_token FROM classificacoes_tokens WHERE nome_token = "afro:"));
  INSERT IGNORE INTO tokens (nome_token, acentuada, id_tipo_token) VALUES ("72.31", "72.31", (SELECT id_tipo_token FROM classificacoes_tokens WHERE nome_token = "72.31"));
  INSERT IGNORE INTO classificacoes_tokens (nome_token, id_tipo_token) VALUES ("324", (SELECT id_chave_tipo_token FROM tipos_tokens WHERE nome_tipo_token = "numeral"));
INSERT IGNORE INTO tokens (nome_token, acentuada, id_tipo_token) VALUES ("324", "324", (SELECT id_tipo_token FROM classificacoes_tokens WHERE nome_token = "324"));
  INSERT IGNORE INTO classificacoes_tokens (nome_token, id_tipo_token) VALUES ("75", (SELECT id_chave_tipo_token FROM tipos_tokens WHERE nome_tipo_token = "numeral"));
INSERT IGNORE INTO tokens (nome_token, acentuada, id_tipo_token) VALUES ("75", "75", (SELECT id_tipo_token FROM classificacoes_tokens WHERE nome_token = "75"));
  INSERT IGNORE INTO classificacoes_tokens (nome_token, id_tipo_token) VALUES ("203", (SELECT id_chave_tipo_token FROM tipos_tokens WHERE nome_tipo_token = "numeral"));
INSERT IGNORE INTO tokens (nome_token, acentuada, id_tipo_token) VALUES ("203", "203", (SELECT id_tipo_token FROM classificacoes_tokens WHERE nome_token = "203"));
  INSERT IGNORE INTO tokens (nome_token, acentuada, id_tipo_token) VALUES ("pedicura", "pedicura", (SELECT id_tipo_token FROM classificacoes_tokens WHERE nome_token = "pedicura"));
  INSERT IGNORE INTO tokens (nome_token, acentuada, id_tipo_token) VALUES ("manicura", "manicura", (SELECT id_tipo_token FROM classificacoes_tokens WHERE nome_token = "manicura"));
  INSERT IGNORE INTO tokens (nome_token, acentuada, id_tipo_token) VALUES ("60.5", "60.5", (SELECT id_tipo_token FROM classificacoes_tokens WHERE nome_token = "60.5"));
  INSERT IGNORE INTO classificacoes_tokens (nome_token, id_tipo_token) VALUES ("320", (SELECT id_chave_tipo_token FROM tipos_tokens WHERE nome_tipo_token = "numeral"));
INSERT IGNORE INTO tokens (nome_token, acentuada, id_tipo_token) VALUES ("320", "320", (SELECT id_tipo_token FROM classificacoes_tokens WHERE nome_token = "320"));
  INSERT IGNORE INTO classificacoes_tokens (nome_token, id_tipo_token) VALUES ("220", (SELECT id_chave_tipo_token FROM tipos_tokens WHERE nome_tipo_token = "numeral"));
INSERT IGNORE INTO tokens (nome_token, acentuada, id_tipo_token) VALUES ("220", "220", (SELECT id_tipo_token FROM classificacoes_tokens WHERE nome_token = "220"));
  INSERT IGNORE INTO classificacoes_tokens (nome_token, id_tipo_token) VALUES ("2702", (SELECT id_chave_tipo_token FROM tipos_tokens WHERE nome_tipo_token = "numeral"));
INSERT IGNORE INTO tokens (nome_token, acentuada, id_tipo_token) VALUES ("2702", "2702", (SELECT id_tipo_token FROM classificacoes_tokens WHERE nome_token = "2702"));
  INSERT IGNORE INTO classificacoes_tokens (nome_token, id_tipo_token) VALUES ("314", (SELECT id_chave_tipo_token FROM tipos_tokens WHERE nome_tipo_token = "numeral"));
INSERT IGNORE INTO tokens (nome_token, acentuada, id_tipo_token) VALUES ("314", "314", (SELECT id_tipo_token FROM classificacoes_tokens WHERE nome_token = "314"));
  INSERT IGNORE INTO classificacoes_tokens (nome_token, id_tipo_token) VALUES ("310", (SELECT id_chave_tipo_token FROM tipos_tokens WHERE nome_tipo_token = "numeral"));
INSERT IGNORE INTO tokens (nome_token, acentuada, id_tipo_token) VALUES ("310", "310", (SELECT id_tipo_token FROM classificacoes_tokens WHERE nome_token = "310"));
  INSERT IGNORE INTO tokens (nome_token, acentuada, id_tipo_token) VALUES ("capilar", "capilar", (SELECT id_tipo_token FROM classificacoes_tokens WHERE nome_token = "capilar"));
  INSERT IGNORE INTO tokens (nome_token, acentuada, id_tipo_token) VALUES ("alongamento", "alongamento", (SELECT id_tipo_token FROM classificacoes_tokens WHERE nome_token = "alongamento"));
  INSERT IGNORE INTO classificacoes_tokens (nome_token, id_tipo_token) VALUES ("54", (SELECT id_chave_tipo_token FROM tipos_tokens WHERE nome_tipo_token = "numeral"));
INSERT IGNORE INTO tokens (nome_token, acentuada, id_tipo_token) VALUES ("54", "54", (SELECT id_tipo_token FROM classificacoes_tokens WHERE nome_token = "54"));
  INSERT IGNORE INTO classificacoes_tokens (nome_token, id_tipo_token) VALUES ("306", (SELECT id_chave_tipo_token FROM tipos_tokens WHERE nome_tipo_token = "numeral"));
INSERT IGNORE INTO tokens (nome_token, acentuada, id_tipo_token) VALUES ("306", "306", (SELECT id_tipo_token FROM classificacoes_tokens WHERE nome_token = "306"));
  INSERT IGNORE INTO classificacoes_tokens (nome_token, id_tipo_token) VALUES ("291", (SELECT id_chave_tipo_token FROM tipos_tokens WHERE nome_tipo_token = "numeral"));
INSERT IGNORE INTO tokens (nome_token, acentuada, id_tipo_token) VALUES ("291", "291", (SELECT id_tipo_token FROM classificacoes_tokens WHERE nome_token = "291"));
  INSERT IGNORE INTO tokens (nome_token, acentuada, id_tipo_token) VALUES ("pedicure", "pedicure", (SELECT id_tipo_token FROM classificacoes_tokens WHERE nome_token = "pedicure"));
  INSERT IGNORE INTO tokens (nome_token, acentuada, id_tipo_token) VALUES ("manicure", "manicure", (SELECT id_tipo_token FROM classificacoes_tokens WHERE nome_token = "manicure"));
  INSERT IGNORE INTO classificacoes_tokens (nome_token, id_tipo_token) VALUES ("18", (SELECT id_chave_tipo_token FROM tipos_tokens WHERE nome_tipo_token = "numeral"));
INSERT IGNORE INTO tokens (nome_token, acentuada, id_tipo_token) VALUES ("18", "18", (SELECT id_tipo_token FROM classificacoes_tokens WHERE nome_token = "18"));
  INSERT IGNORE INTO classificacoes_tokens (nome_token, id_tipo_token) VALUES ("293", (SELECT id_chave_tipo_token FROM tipos_tokens WHERE nome_tipo_token = "numeral"));
INSERT IGNORE INTO tokens (nome_token, acentuada, id_tipo_token) VALUES ("293", "293", (SELECT id_tipo_token FROM classificacoes_tokens WHERE nome_token = "293"));
  INSERT IGNORE INTO tokens (nome_token, acentuada, id_tipo_token) VALUES ("noivas", "noivas", (SELECT id_tipo_token FROM classificacoes_tokens WHERE nome_token = "noivas"));
  INSERT IGNORE INTO tokens (nome_token, acentuada, id_tipo_token) VALUES ("72.7", "72.7", (SELECT id_tipo_token FROM classificacoes_tokens WHERE nome_token = "72.7"));
  INSERT IGNORE INTO classificacoes_tokens (nome_token, id_tipo_token) VALUES ("275", (SELECT id_chave_tipo_token FROM tipos_tokens WHERE nome_tipo_token = "numeral"));
INSERT IGNORE INTO tokens (nome_token, acentuada, id_tipo_token) VALUES ("275", "275", (SELECT id_tipo_token FROM classificacoes_tokens WHERE nome_token = "275"));
  INSERT IGNORE INTO tokens (nome_token, acentuada, id_tipo_token) VALUES ("72.13", "72.13", (SELECT id_tipo_token FROM classificacoes_tokens WHERE nome_token = "72.13"));
  INSERT IGNORE INTO classificacoes_tokens (nome_token, id_tipo_token) VALUES ("269", (SELECT id_chave_tipo_token FROM tipos_tokens WHERE nome_tipo_token = "numeral"));
INSERT IGNORE INTO tokens (nome_token, acentuada, id_tipo_token) VALUES ("269", "269", (SELECT id_tipo_token FROM classificacoes_tokens WHERE nome_token = "269"));
  INSERT IGNORE INTO classificacoes_tokens (nome_token, id_tipo_token) VALUES ("197", (SELECT id_chave_tipo_token FROM tipos_tokens WHERE nome_tipo_token = "numeral"));
INSERT IGNORE INTO tokens (nome_token, acentuada, id_tipo_token) VALUES ("197", "197", (SELECT id_tipo_token FROM classificacoes_tokens WHERE nome_token = "197"));
  INSERT IGNORE INTO tokens (nome_token, acentuada, id_tipo_token) VALUES ("modelagem", "modelagem", (SELECT id_tipo_token FROM classificacoes_tokens WHERE nome_token = "modelagem"));
  INSERT IGNORE INTO tokens (nome_token, acentuada, id_tipo_token) VALUES ("56.7", "56.7", (SELECT id_tipo_token FROM classificacoes_tokens WHERE nome_token = "56.7"));
  INSERT IGNORE INTO classificacoes_tokens (nome_token, id_tipo_token) VALUES ("245", (SELECT id_chave_tipo_token FROM tipos_tokens WHERE nome_tipo_token = "numeral"));
INSERT IGNORE INTO tokens (nome_token, acentuada, id_tipo_token) VALUES ("245", "245", (SELECT id_tipo_token FROM classificacoes_tokens WHERE nome_token = "245"));
  INSERT IGNORE INTO tokens (nome_token, acentuada, id_tipo_token) VALUES ("penteado", "penteado", (SELECT id_tipo_token FROM classificacoes_tokens WHERE nome_token = "penteado"));
  INSERT IGNORE INTO classificacoes_tokens (nome_token, id_tipo_token) VALUES ("72", (SELECT id_chave_tipo_token FROM tipos_tokens WHERE nome_tipo_token = "numeral"));
INSERT IGNORE INTO tokens (nome_token, acentuada, id_tipo_token) VALUES ("72", "72", (SELECT id_tipo_token FROM classificacoes_tokens WHERE nome_token = "72"));
  INSERT IGNORE INTO classificacoes_tokens (nome_token, id_tipo_token) VALUES ("224", (SELECT id_chave_tipo_token FROM tipos_tokens WHERE nome_tipo_token = "numeral"));
INSERT IGNORE INTO tokens (nome_token, acentuada, id_tipo_token) VALUES ("224", "224", (SELECT id_tipo_token FROM classificacoes_tokens WHERE nome_token = "224"));
  INSERT IGNORE INTO tokens (nome_token, acentuada, id_tipo_token) VALUES ("salao", "salão", (SELECT id_tipo_token FROM classificacoes_tokens WHERE nome_token = "salao"));
  INSERT IGNORE INTO tokens (nome_token, acentuada, id_tipo_token) VALUES ("administracao", "administração", (SELECT id_tipo_token FROM classificacoes_tokens WHERE nome_token = "administracao"));
  INSERT IGNORE INTO tokens (nome_token, acentuada, id_tipo_token) VALUES ("65.1", "65.1", (SELECT id_tipo_token FROM classificacoes_tokens WHERE nome_token = "65.1"));
  INSERT IGNORE INTO classificacoes_tokens (nome_token, id_tipo_token) VALUES ("219", (SELECT id_chave_tipo_token FROM tipos_tokens WHERE nome_tipo_token = "numeral"));
INSERT IGNORE INTO tokens (nome_token, acentuada, id_tipo_token) VALUES ("219", "219", (SELECT id_tipo_token FROM classificacoes_tokens WHERE nome_token = "219"));
  INSERT IGNORE INTO classificacoes_tokens (nome_token, id_tipo_token) VALUES ("78", (SELECT id_chave_tipo_token FROM tipos_tokens WHERE nome_tipo_token = "numeral"));
INSERT IGNORE INTO tokens (nome_token, acentuada, id_tipo_token) VALUES ("78", "78", (SELECT id_tipo_token FROM classificacoes_tokens WHERE nome_token = "78"));
  INSERT IGNORE INTO classificacoes_tokens (nome_token, id_tipo_token) VALUES ("55", (SELECT id_chave_tipo_token FROM tipos_tokens WHERE nome_tipo_token = "numeral"));
INSERT IGNORE INTO tokens (nome_token, acentuada, id_tipo_token) VALUES ("55", "55", (SELECT id_tipo_token FROM classificacoes_tokens WHERE nome_token = "55"));
  INSERT IGNORE INTO tokens (nome_token, acentuada, id_tipo_token) VALUES ("69.6", "69.6", (SELECT id_tipo_token FROM classificacoes_tokens WHERE nome_token = "69.6"));
  INSERT IGNORE INTO classificacoes_tokens (nome_token, id_tipo_token) VALUES ("213", (SELECT id_chave_tipo_token FROM tipos_tokens WHERE nome_tipo_token = "numeral"));
INSERT IGNORE INTO tokens (nome_token, acentuada, id_tipo_token) VALUES ("213", "213", (SELECT id_tipo_token FROM classificacoes_tokens WHERE nome_token = "213"));
  INSERT IGNORE INTO tokens (nome_token, acentuada, id_tipo_token) VALUES ("do", "do", (SELECT id_tipo_token FROM classificacoes_tokens WHERE nome_token = "do"));
  INSERT IGNORE INTO tokens (nome_token, acentuada, id_tipo_token) VALUES ("praticas", "práticas", (SELECT id_tipo_token FROM classificacoes_tokens WHERE nome_token = "praticas"));
  INSERT IGNORE INTO tokens (nome_token, acentuada, id_tipo_token) VALUES ("78.5", "78.5", (SELECT id_tipo_token FROM classificacoes_tokens WHERE nome_token = "78.5"));
  INSERT IGNORE INTO classificacoes_tokens (nome_token, id_tipo_token) VALUES ("195", (SELECT id_chave_tipo_token FROM tipos_tokens WHERE nome_tipo_token = "numeral"));
INSERT IGNORE INTO tokens (nome_token, acentuada, id_tipo_token) VALUES ("195", "195", (SELECT id_tipo_token FROM classificacoes_tokens WHERE nome_token = "195"));
  INSERT IGNORE INTO tokens (nome_token, acentuada, id_tipo_token) VALUES ("barba", "barba", (SELECT id_tipo_token FROM classificacoes_tokens WHERE nome_token = "barba"));
  INSERT IGNORE INTO tokens (nome_token, acentuada, id_tipo_token) VALUES ("design", "design", (SELECT id_tipo_token FROM classificacoes_tokens WHERE nome_token = "design"));
  INSERT IGNORE INTO tokens (nome_token, acentuada, id_tipo_token) VALUES ("58.7", "58.7", (SELECT id_tipo_token FROM classificacoes_tokens WHERE nome_token = "58.7"));
  INSERT IGNORE INTO classificacoes_tokens (nome_token, id_tipo_token) VALUES ("192", (SELECT id_chave_tipo_token FROM tipos_tokens WHERE nome_tipo_token = "numeral"));
INSERT IGNORE INTO tokens (nome_token, acentuada, id_tipo_token) VALUES ("192", "192", (SELECT id_tipo_token FROM classificacoes_tokens WHERE nome_token = "192"));
  INSERT IGNORE INTO tokens (nome_token, acentuada, id_tipo_token) VALUES ("cacheados", "cacheados", (SELECT id_tipo_token FROM classificacoes_tokens WHERE nome_token = "cacheados"));
  INSERT IGNORE INTO tokens (nome_token, acentuada, id_tipo_token) VALUES ("crespos", "crespos", (SELECT id_tipo_token FROM classificacoes_tokens WHERE nome_token = "crespos"));
  INSERT IGNORE INTO tokens (nome_token, acentuada, id_tipo_token) VALUES ("cabelos", "cabelos", (SELECT id_tipo_token FROM classificacoes_tokens WHERE nome_token = "cabelos"));
  INSERT IGNORE INTO tokens (nome_token, acentuada, id_tipo_token) VALUES ("57.76", "57.76", (SELECT id_tipo_token FROM classificacoes_tokens WHERE nome_token = "57.76"));
  INSERT IGNORE INTO tokens (nome_token, acentuada, id_tipo_token) VALUES ("colorimetria", "colorimetria", (SELECT id_tipo_token FROM classificacoes_tokens WHERE nome_token = "colorimetria"));
  INSERT IGNORE INTO tokens (nome_token, acentuada, id_tipo_token) VALUES ("55.8", "55.8", (SELECT id_tipo_token FROM classificacoes_tokens WHERE nome_token = "55.8"));
  INSERT IGNORE INTO classificacoes_tokens (nome_token, id_tipo_token) VALUES ("180", (SELECT id_chave_tipo_token FROM tipos_tokens WHERE nome_tipo_token = "numeral"));
INSERT IGNORE INTO tokens (nome_token, acentuada, id_tipo_token) VALUES ("180", "180", (SELECT id_tipo_token FROM classificacoes_tokens WHERE nome_token = "180"));
  INSERT IGNORE INTO tokens (nome_token, acentuada, id_tipo_token) VALUES ("tesoura", "tesoura", (SELECT id_tipo_token FROM classificacoes_tokens WHERE nome_token = "tesoura"));
  INSERT IGNORE INTO tokens (nome_token, acentuada, id_tipo_token) VALUES ("masculinos", "masculinos", (SELECT id_tipo_token FROM classificacoes_tokens WHERE nome_token = "masculinos"));
  INSERT IGNORE INTO tokens (nome_token, acentuada, id_tipo_token) VALUES ("57.70", "57.70", (SELECT id_tipo_token FROM classificacoes_tokens WHERE nome_token = "57.70"));
  INSERT IGNORE INTO classificacoes_tokens (nome_token, id_tipo_token) VALUES ("150", (SELECT id_chave_tipo_token FROM tipos_tokens WHERE nome_tipo_token = "numeral"));
INSERT IGNORE INTO tokens (nome_token, acentuada, id_tipo_token) VALUES ("150", "150", (SELECT id_tipo_token FROM classificacoes_tokens WHERE nome_token = "150"));
  INSERT IGNORE INTO tokens (nome_token, acentuada, id_tipo_token) VALUES ("pes", "pés", (SELECT id_tipo_token FROM classificacoes_tokens WHERE nome_token = "pes"));
  INSERT IGNORE INTO tokens (nome_token, acentuada, id_tipo_token) VALUES ("dos", "dos", (SELECT id_tipo_token FROM classificacoes_tokens WHERE nome_token = "dos"));
  INSERT IGNORE INTO tokens (nome_token, acentuada, id_tipo_token) VALUES ("maos", "mãos", (SELECT id_tipo_token FROM classificacoes_tokens WHERE nome_token = "maos"));
  INSERT IGNORE INTO tokens (nome_token, acentuada, id_tipo_token) VALUES ("das", "das", (SELECT id_tipo_token FROM classificacoes_tokens WHERE nome_token = "das"));
  INSERT IGNORE INTO tokens (nome_token, acentuada, id_tipo_token) VALUES ("embelezamento", "embelezamento", (SELECT id_tipo_token FROM classificacoes_tokens WHERE nome_token = "embelezamento"));
  INSERT IGNORE INTO tokens (nome_token, acentuada, id_tipo_token) VALUES ("60.3", "60.3", (SELECT id_tipo_token FROM classificacoes_tokens WHERE nome_token = "60.3"));
  INSERT IGNORE INTO tokens (nome_token, acentuada, id_tipo_token) VALUES ("feminino", "feminino", (SELECT id_tipo_token FROM classificacoes_tokens WHERE nome_token = "feminino"));
  INSERT IGNORE INTO tokens (nome_token, acentuada, id_tipo_token) VALUES ("57.9", "57.9", (SELECT id_tipo_token FROM classificacoes_tokens WHERE nome_token = "57.9"));
  INSERT IGNORE INTO classificacoes_tokens (nome_token, id_tipo_token) VALUES ("157", (SELECT id_chave_tipo_token FROM tipos_tokens WHERE nome_tipo_token = "numeral"));
INSERT IGNORE INTO tokens (nome_token, acentuada, id_tipo_token) VALUES ("157", "157", (SELECT id_tipo_token FROM classificacoes_tokens WHERE nome_token = "157"));
  INSERT IGNORE INTO classificacoes_tokens (nome_token, id_tipo_token) VALUES ("61", (SELECT id_chave_tipo_token FROM tipos_tokens WHERE nome_tipo_token = "numeral"));
INSERT IGNORE INTO tokens (nome_token, acentuada, id_tipo_token) VALUES ("61", "61", (SELECT id_tipo_token FROM classificacoes_tokens WHERE nome_token = "61"));
  INSERT IGNORE INTO classificacoes_tokens (nome_token, id_tipo_token) VALUES ("80", (SELECT id_chave_tipo_token FROM tipos_tokens WHERE nome_tipo_token = "numeral"));
INSERT IGNORE INTO tokens (nome_token, acentuada, id_tipo_token) VALUES ("80", "80", (SELECT id_tipo_token FROM classificacoes_tokens WHERE nome_token = "80"));
  INSERT IGNORE INTO tokens (nome_token, acentuada, id_tipo_token) VALUES ("gel", "gel", (SELECT id_tipo_token FROM classificacoes_tokens WHERE nome_token = "gel"));
  INSERT IGNORE INTO tokens (nome_token, acentuada, id_tipo_token) VALUES ("esmaltacao", "esmaltação", (SELECT id_tipo_token FROM classificacoes_tokens WHERE nome_token = "esmaltacao"));
  INSERT IGNORE INTO tokens (nome_token, acentuada, id_tipo_token) VALUES ("60.30", "60.30", (SELECT id_tipo_token FROM classificacoes_tokens WHERE nome_token = "60.30"));
  INSERT IGNORE INTO classificacoes_tokens (nome_token, id_tipo_token) VALUES ("151", (SELECT id_chave_tipo_token FROM tipos_tokens WHERE nome_tipo_token = "numeral"));
INSERT IGNORE INTO tokens (nome_token, acentuada, id_tipo_token) VALUES ("151", "151", (SELECT id_tipo_token FROM classificacoes_tokens WHERE nome_token = "151"));
  INSERT IGNORE INTO classificacoes_tokens (nome_token, id_tipo_token) VALUES ("69", (SELECT id_chave_tipo_token FROM tipos_tokens WHERE nome_tipo_token = "numeral"));
INSERT IGNORE INTO tokens (nome_token, acentuada, id_tipo_token) VALUES ("69", "69", (SELECT id_tipo_token FROM classificacoes_tokens WHERE nome_token = "69"));
  INSERT IGNORE INTO classificacoes_tokens (nome_token, id_tipo_token) VALUES ("145", (SELECT id_chave_tipo_token FROM tipos_tokens WHERE nome_tipo_token = "numeral"));
INSERT IGNORE INTO tokens (nome_token, acentuada, id_tipo_token) VALUES ("145", "145", (SELECT id_tipo_token FROM classificacoes_tokens WHERE nome_token = "145"));
  INSERT IGNORE INTO tokens (nome_token, acentuada, id_tipo_token) VALUES ("festas", "festas", (SELECT id_tipo_token FROM classificacoes_tokens WHERE nome_token = "festas"));
  INSERT IGNORE INTO tokens (nome_token, acentuada, id_tipo_token) VALUES ("eventos", "eventos", (SELECT id_tipo_token FROM classificacoes_tokens WHERE nome_token = "eventos"));
  INSERT IGNORE INTO tokens (nome_token, acentuada, id_tipo_token) VALUES ("hair", "hair", (SELECT id_tipo_token FROM classificacoes_tokens WHERE nome_token = "hair"));
  INSERT IGNORE INTO tokens (nome_token, acentuada, id_tipo_token) VALUES ("&", "&", (SELECT id_tipo_token FROM classificacoes_tokens WHERE nome_token = "&"));
  INSERT IGNORE INTO tokens (nome_token, acentuada, id_tipo_token) VALUES ("69.27", "69.27", (SELECT id_tipo_token FROM classificacoes_tokens WHERE nome_token = "69.27"));
  INSERT IGNORE INTO classificacoes_tokens (nome_token, id_tipo_token) VALUES ("142", (SELECT id_chave_tipo_token FROM tipos_tokens WHERE nome_tipo_token = "numeral"));
INSERT IGNORE INTO tokens (nome_token, acentuada, id_tipo_token) VALUES ("142", "142", (SELECT id_tipo_token FROM classificacoes_tokens WHERE nome_token = "142"));
  INSERT IGNORE INTO classificacoes_tokens (nome_token, id_tipo_token) VALUES ("92", (SELECT id_chave_tipo_token FROM tipos_tokens WHERE nome_tipo_token = "numeral"));
INSERT IGNORE INTO tokens (nome_token, acentuada, id_tipo_token) VALUES ("92", "92", (SELECT id_tipo_token FROM classificacoes_tokens WHERE nome_token = "92"));
  INSERT IGNORE INTO tokens (nome_token, acentuada, id_tipo_token) VALUES ("negocios", "negócios", (SELECT id_tipo_token FROM classificacoes_tokens WHERE nome_token = "negocios"));
  INSERT IGNORE INTO tokens (nome_token, acentuada, id_tipo_token) VALUES ("empreendedorismo", "empreendedorismo", (SELECT id_tipo_token FROM classificacoes_tokens WHERE nome_token = "empreendedorismo"));
  INSERT IGNORE INTO tokens (nome_token, acentuada, id_tipo_token) VALUES ("65.12", "65.12", (SELECT id_tipo_token FROM classificacoes_tokens WHERE nome_token = "65.12"));
  INSERT IGNORE INTO classificacoes_tokens (nome_token, id_tipo_token) VALUES ("137", (SELECT id_chave_tipo_token FROM tipos_tokens WHERE nome_tipo_token = "numeral"));
INSERT IGNORE INTO tokens (nome_token, acentuada, id_tipo_token) VALUES ("137", "137", (SELECT id_tipo_token FROM classificacoes_tokens WHERE nome_token = "137"));
  INSERT IGNORE INTO tokens (nome_token, acentuada, id_tipo_token) VALUES ("social", "social", (SELECT id_tipo_token FROM classificacoes_tokens WHERE nome_token = "social"));
  INSERT IGNORE INTO tokens (nome_token, acentuada, id_tipo_token) VALUES ("make", "make", (SELECT id_tipo_token FROM classificacoes_tokens WHERE nome_token = "make"));
  INSERT IGNORE INTO tokens (nome_token, acentuada, id_tipo_token) VALUES ("69.54", "69.54", (SELECT id_tipo_token FROM classificacoes_tokens WHERE nome_token = "69.54"));
  INSERT IGNORE INTO classificacoes_tokens (nome_token, id_tipo_token) VALUES ("129", (SELECT id_chave_tipo_token FROM tipos_tokens WHERE nome_tipo_token = "numeral"));
INSERT IGNORE INTO tokens (nome_token, acentuada, id_tipo_token) VALUES ("129", "129", (SELECT id_tipo_token FROM classificacoes_tokens WHERE nome_token = "129"));
  INSERT IGNORE INTO tokens (nome_token, acentuada, id_tipo_token) VALUES ("maquiagem", "maquiagem", (SELECT id_tipo_token FROM classificacoes_tokens WHERE nome_token = "maquiagem"));
  INSERT IGNORE INTO tokens (nome_token, acentuada, id_tipo_token) VALUES ("69.52", "69.52", (SELECT id_tipo_token FROM classificacoes_tokens WHERE nome_token = "69.52"));
  INSERT IGNORE INTO classificacoes_tokens (nome_token, id_tipo_token) VALUES ("126", (SELECT id_chave_tipo_token FROM tipos_tokens WHERE nome_tipo_token = "numeral"));
INSERT IGNORE INTO tokens (nome_token, acentuada, id_tipo_token) VALUES ("126", "126", (SELECT id_tipo_token FROM classificacoes_tokens WHERE nome_token = "126"));
  INSERT IGNORE INTO tokens (nome_token, acentuada, id_tipo_token) VALUES ("tricologia", "tricologia", (SELECT id_tipo_token FROM classificacoes_tokens WHERE nome_token = "tricologia"));
  INSERT IGNORE INTO classificacoes_tokens (nome_token, id_tipo_token) VALUES ("914", (SELECT id_chave_tipo_token FROM tipos_tokens WHERE nome_tipo_token = "numeral"));
INSERT IGNORE INTO tokens (nome_token, acentuada, id_tipo_token) VALUES ("914", "914", (SELECT id_tipo_token FROM classificacoes_tokens WHERE nome_token = "914"));
  INSERT IGNORE INTO tokens (nome_token, acentuada, id_tipo_token) VALUES ("maquiador", "maquiador", (SELECT id_tipo_token FROM classificacoes_tokens WHERE nome_token = "maquiador"));
  INSERT IGNORE INTO classificacoes_tokens (nome_token, id_tipo_token) VALUES ("90", (SELECT id_chave_tipo_token FROM tipos_tokens WHERE nome_tipo_token = "numeral"));
INSERT IGNORE INTO tokens (nome_token, acentuada, id_tipo_token) VALUES ("90", "90", (SELECT id_tipo_token FROM classificacoes_tokens WHERE nome_token = "90"));
  INSERT IGNORE INTO classificacoes_tokens (nome_token, id_tipo_token) VALUES ("17", (SELECT id_chave_tipo_token FROM tipos_tokens WHERE nome_tipo_token = "numeral"));
INSERT IGNORE INTO tokens (nome_token, acentuada, id_tipo_token) VALUES ("17", "17", (SELECT id_tipo_token FROM classificacoes_tokens WHERE nome_token = "17"));
  INSERT IGNORE INTO tokens (nome_token, acentuada, id_tipo_token) VALUES ("atuais", "atuais", (SELECT id_tipo_token FROM classificacoes_tokens WHERE nome_token = "atuais"));
  INSERT IGNORE INTO tokens (nome_token, acentuada, id_tipo_token) VALUES ("tendencias", "tendências", (SELECT id_tipo_token FROM classificacoes_tokens WHERE nome_token = "tendencias"));
  INSERT IGNORE INTO tokens (nome_token, acentuada, id_tipo_token) VALUES ("cabelo:", "cabelo:", (SELECT id_tipo_token FROM classificacoes_tokens WHERE nome_token = "cabelo:"));
  INSERT IGNORE INTO tokens (nome_token, acentuada, id_tipo_token) VALUES ("57.3", "57.3", (SELECT id_tipo_token FROM classificacoes_tokens WHERE nome_token = "57.3"));
  INSERT IGNORE INTO tokens (nome_token, acentuada, id_tipo_token) VALUES ("barbearia", "barbearia", (SELECT id_tipo_token FROM classificacoes_tokens WHERE nome_token = "barbearia"));
  INSERT IGNORE INTO tokens (nome_token, acentuada, id_tipo_token) VALUES ("57.59", "57.59", (SELECT id_tipo_token FROM classificacoes_tokens WHERE nome_token = "57.59"));
  INSERT IGNORE INTO classificacoes_tokens (nome_token, id_tipo_token) VALUES ("119", (SELECT id_chave_tipo_token FROM tipos_tokens WHERE nome_tipo_token = "numeral"));
INSERT IGNORE INTO tokens (nome_token, acentuada, id_tipo_token) VALUES ("119", "119", (SELECT id_tipo_token FROM classificacoes_tokens WHERE nome_token = "119"));
  INSERT IGNORE INTO classificacoes_tokens (nome_token, id_tipo_token) VALUES ("89", (SELECT id_chave_tipo_token FROM tipos_tokens WHERE nome_tipo_token = "numeral"));
INSERT IGNORE INTO tokens (nome_token, acentuada, id_tipo_token) VALUES ("89", "89", (SELECT id_tipo_token FROM classificacoes_tokens WHERE nome_token = "89"));
  INSERT IGNORE INTO tokens (nome_token, acentuada, id_tipo_token) VALUES ("penteados", "penteados", (SELECT id_tipo_token FROM classificacoes_tokens WHERE nome_token = "penteados"));
  INSERT IGNORE INTO tokens (nome_token, acentuada, id_tipo_token) VALUES ("trancas", "tranças", (SELECT id_tipo_token FROM classificacoes_tokens WHERE nome_token = "trancas"));
  INSERT IGNORE INTO tokens (nome_token, acentuada, id_tipo_token) VALUES ("72.14", "72.14", (SELECT id_tipo_token FROM classificacoes_tokens WHERE nome_token = "72.14"));
  INSERT IGNORE INTO classificacoes_tokens (nome_token, id_tipo_token) VALUES ("118", (SELECT id_chave_tipo_token FROM tipos_tokens WHERE nome_tipo_token = "numeral"));
INSERT IGNORE INTO tokens (nome_token, acentuada, id_tipo_token) VALUES ("118", "118", (SELECT id_tipo_token FROM classificacoes_tokens WHERE nome_token = "118"));
  INSERT IGNORE INTO tokens (nome_token, acentuada, id_tipo_token) VALUES ("midias", "mídias", (SELECT id_tipo_token FROM classificacoes_tokens WHERE nome_token = "midias"));
  INSERT IGNORE INTO tokens (nome_token, acentuada, id_tipo_token) VALUES ("nas", "nas", (SELECT id_tipo_token FROM classificacoes_tokens WHERE nome_token = "nas"));
  INSERT IGNORE INTO tokens (nome_token, acentuada, id_tipo_token) VALUES ("65.21", "65.21", (SELECT id_tipo_token FROM classificacoes_tokens WHERE nome_token = "65.21"));
  INSERT IGNORE INTO classificacoes_tokens (nome_token, id_tipo_token) VALUES ("117", (SELECT id_chave_tipo_token FROM tipos_tokens WHERE nome_tipo_token = "numeral"));
INSERT IGNORE INTO tokens (nome_token, acentuada, id_tipo_token) VALUES ("117", "117", (SELECT id_tipo_token FROM classificacoes_tokens WHERE nome_token = "117"));
  INSERT IGNORE INTO classificacoes_tokens (nome_token, id_tipo_token) VALUES ("33", (SELECT id_chave_tipo_token FROM tipos_tokens WHERE nome_tipo_token = "numeral"));
INSERT IGNORE INTO tokens (nome_token, acentuada, id_tipo_token) VALUES ("33", "33", (SELECT id_tipo_token FROM classificacoes_tokens WHERE nome_token = "33"));
  INSERT IGNORE INTO classificacoes_tokens (nome_token, id_tipo_token) VALUES ("84", (SELECT id_chave_tipo_token FROM tipos_tokens WHERE nome_tipo_token = "numeral"));
INSERT IGNORE INTO tokens (nome_token, acentuada, id_tipo_token) VALUES ("84", "84", (SELECT id_tipo_token FROM classificacoes_tokens WHERE nome_token = "84"));
  INSERT IGNORE INTO tokens (nome_token, acentuada, id_tipo_token) VALUES ("57.8", "57.8", (SELECT id_tipo_token FROM classificacoes_tokens WHERE nome_token = "57.8"));
  INSERT IGNORE INTO classificacoes_tokens (nome_token, id_tipo_token) VALUES ("115", (SELECT id_chave_tipo_token FROM tipos_tokens WHERE nome_tipo_token = "numeral"));
INSERT IGNORE INTO tokens (nome_token, acentuada, id_tipo_token) VALUES ("115", "115", (SELECT id_tipo_token FROM classificacoes_tokens WHERE nome_token = "115"));
  INSERT IGNORE INTO tokens (nome_token, acentuada, id_tipo_token) VALUES ("artisticas", "artísticas", (SELECT id_tipo_token FROM classificacoes_tokens WHERE nome_token = "artisticas"));
  INSERT IGNORE INTO tokens (nome_token, acentuada, id_tipo_token) VALUES ("unhas", "unhas", (SELECT id_tipo_token FROM classificacoes_tokens WHERE nome_token = "unhas"));
  INSERT IGNORE INTO tokens (nome_token, acentuada, id_tipo_token) VALUES ("60.6", "60.6", (SELECT id_tipo_token FROM classificacoes_tokens WHERE nome_token = "60.6"));
  INSERT IGNORE INTO classificacoes_tokens (nome_token, id_tipo_token) VALUES ("110", (SELECT id_chave_tipo_token FROM tipos_tokens WHERE nome_tipo_token = "numeral"));
INSERT IGNORE INTO tokens (nome_token, acentuada, id_tipo_token) VALUES ("110", "110", (SELECT id_tipo_token FROM classificacoes_tokens WHERE nome_token = "110"));
  INSERT IGNORE INTO tokens (nome_token, acentuada, id_tipo_token) VALUES ("profissionais", "profissionais", (SELECT id_tipo_token FROM classificacoes_tokens WHERE nome_token = "profissionais"));
  INSERT IGNORE INTO tokens (nome_token, acentuada, id_tipo_token) VALUES ("carreira", "carreira", (SELECT id_tipo_token FROM classificacoes_tokens WHERE nome_token = "carreira"));
  INSERT IGNORE INTO tokens (nome_token, acentuada, id_tipo_token) VALUES ("construcao", "construção", (SELECT id_tipo_token FROM classificacoes_tokens WHERE nome_token = "construcao"));
  INSERT IGNORE INTO tokens (nome_token, acentuada, id_tipo_token) VALUES ("65.33", "65.33", (SELECT id_tipo_token FROM classificacoes_tokens WHERE nome_token = "65.33"));
  INSERT IGNORE INTO classificacoes_tokens (nome_token, id_tipo_token) VALUES ("108", (SELECT id_chave_tipo_token FROM tipos_tokens WHERE nome_tipo_token = "numeral"));
INSERT IGNORE INTO tokens (nome_token, acentuada, id_tipo_token) VALUES ("108", "108", (SELECT id_tipo_token FROM classificacoes_tokens WHERE nome_token = "108"));
  INSERT IGNORE INTO tokens (nome_token, acentuada, id_tipo_token) VALUES ("escova", "escova", (SELECT id_tipo_token FROM classificacoes_tokens WHERE nome_token = "escova"));
  INSERT IGNORE INTO tokens (nome_token, acentuada, id_tipo_token) VALUES ("hidratacao", "hidratação", (SELECT id_tipo_token FROM classificacoes_tokens WHERE nome_token = "hidratacao"));
  INSERT IGNORE INTO tokens (nome_token, acentuada, id_tipo_token) VALUES ("corte", "corte", (SELECT id_tipo_token FROM classificacoes_tokens WHERE nome_token = "corte"));
  INSERT IGNORE INTO tokens (nome_token, acentuada, id_tipo_token) VALUES ("56.4", "56.4", (SELECT id_tipo_token FROM classificacoes_tokens WHERE nome_token = "56.4"));
  INSERT IGNORE INTO classificacoes_tokens (nome_token, id_tipo_token) VALUES ("106", (SELECT id_chave_tipo_token FROM tipos_tokens WHERE nome_tipo_token = "numeral"));
INSERT IGNORE INTO tokens (nome_token, acentuada, id_tipo_token) VALUES ("106", "106", (SELECT id_tipo_token FROM classificacoes_tokens WHERE nome_token = "106"));
  INSERT IGNORE INTO classificacoes_tokens (nome_token, id_tipo_token) VALUES ("66", (SELECT id_chave_tipo_token FROM tipos_tokens WHERE nome_tipo_token = "numeral"));
INSERT IGNORE INTO tokens (nome_token, acentuada, id_tipo_token) VALUES ("66", "66", (SELECT id_tipo_token FROM classificacoes_tokens WHERE nome_token = "66"));
  INSERT IGNORE INTO tokens (nome_token, acentuada, id_tipo_token) VALUES ("barbear", "barbear", (SELECT id_tipo_token FROM classificacoes_tokens WHERE nome_token = "barbear"));
  INSERT IGNORE INTO tokens (nome_token, acentuada, id_tipo_token) VALUES ("masculino", "masculino", (SELECT id_tipo_token FROM classificacoes_tokens WHERE nome_token = "masculino"));
  INSERT IGNORE INTO tokens (nome_token, acentuada, id_tipo_token) VALUES ("cabelo", "cabelo", (SELECT id_tipo_token FROM classificacoes_tokens WHERE nome_token = "cabelo"));
  INSERT IGNORE INTO tokens (nome_token, acentuada, id_tipo_token) VALUES ("cortes", "cortes", (SELECT id_tipo_token FROM classificacoes_tokens WHERE nome_token = "cortes"));
  INSERT IGNORE INTO tokens (nome_token, acentuada, id_tipo_token) VALUES ("57.27", "57.27", (SELECT id_tipo_token FROM classificacoes_tokens WHERE nome_token = "57.27"));
  INSERT IGNORE INTO classificacoes_tokens (nome_token, id_tipo_token) VALUES ("65", (SELECT id_chave_tipo_token FROM tipos_tokens WHERE nome_tipo_token = "numeral"));
INSERT IGNORE INTO tokens (nome_token, acentuada, id_tipo_token) VALUES ("65", "65", (SELECT id_tipo_token FROM classificacoes_tokens WHERE nome_token = "65"));
  INSERT IGNORE INTO classificacoes_tokens (nome_token, id_tipo_token) VALUES ("12", (SELECT id_chave_tipo_token FROM tipos_tokens WHERE nome_tipo_token = "numeral"));
INSERT IGNORE INTO tokens (nome_token, acentuada, id_tipo_token) VALUES ("12", "12", (SELECT id_tipo_token FROM classificacoes_tokens WHERE nome_token = "12"));
  INSERT IGNORE INTO tokens (nome_token, acentuada, id_tipo_token) VALUES ("depilador", "depilador", (SELECT id_tipo_token FROM classificacoes_tokens WHERE nome_token = "depilador"));
  INSERT IGNORE INTO tokens (nome_token, acentuada, id_tipo_token) VALUES ("cabeleireiro", "cabeleireiro", (SELECT id_tipo_token FROM classificacoes_tokens WHERE nome_token = "cabeleireiro"));
  INSERT IGNORE INTO classificacoes_tokens (nome_token, id_tipo_token) VALUES ("2731", (SELECT id_chave_tipo_token FROM tipos_tokens WHERE nome_tipo_token = "numeral"));
INSERT IGNORE INTO tokens (nome_token, acentuada, id_tipo_token) VALUES ("2731", "2731", (SELECT id_tipo_token FROM classificacoes_tokens WHERE nome_token = "2731"));
  INSERT IGNORE INTO tokens (nome_token, acentuada, id_tipo_token) VALUES ("beleza", "beleza", (SELECT id_tipo_token FROM classificacoes_tokens WHERE nome_token = "beleza"));
  INSERT IGNORE INTO classificacoes_tokens (nome_token, id_tipo_token) VALUES ("779", (SELECT id_chave_tipo_token FROM tipos_tokens WHERE nome_tipo_token = "numeral"));
INSERT IGNORE INTO tokens (nome_token, acentuada, id_tipo_token) VALUES ("779", "779", (SELECT id_tipo_token FROM classificacoes_tokens WHERE nome_token = "779"));
  INSERT IGNORE INTO classificacoes_tokens (nome_token, id_tipo_token) VALUES ("139", (SELECT id_chave_tipo_token FROM tipos_tokens WHERE nome_tipo_token = "numeral"));
INSERT IGNORE INTO tokens (nome_token, acentuada, id_tipo_token) VALUES ("139", "139", (SELECT id_tipo_token FROM classificacoes_tokens WHERE nome_token = "139"));
  INSERT IGNORE INTO classificacoes_tokens (nome_token, id_tipo_token) VALUES ("60", (SELECT id_chave_tipo_token FROM tipos_tokens WHERE nome_tipo_token = "numeral"));
INSERT IGNORE INTO tokens (nome_token, acentuada, id_tipo_token) VALUES ("60", "60", (SELECT id_tipo_token FROM classificacoes_tokens WHERE nome_token = "60"));
  INSERT IGNORE INTO classificacoes_tokens (nome_token, id_tipo_token) VALUES ("40", (SELECT id_chave_tipo_token FROM tipos_tokens WHERE nome_tipo_token = "numeral"));
INSERT IGNORE INTO tokens (nome_token, acentuada, id_tipo_token) VALUES ("40", "40", (SELECT id_tipo_token FROM classificacoes_tokens WHERE nome_token = "40"));
  INSERT IGNORE INTO classificacoes_tokens (nome_token, id_tipo_token) VALUES ("125", (SELECT id_chave_tipo_token FROM tipos_tokens WHERE nome_tipo_token = "numeral"));
INSERT IGNORE INTO tokens (nome_token, acentuada, id_tipo_token) VALUES ("125", "125", (SELECT id_tipo_token FROM classificacoes_tokens WHERE nome_token = "125"));
  INSERT IGNORE INTO classificacoes_tokens (nome_token, id_tipo_token) VALUES ("188", (SELECT id_chave_tipo_token FROM tipos_tokens WHERE nome_tipo_token = "numeral"));
INSERT IGNORE INTO tokens (nome_token, acentuada, id_tipo_token) VALUES ("188", "188", (SELECT id_tipo_token FROM classificacoes_tokens WHERE nome_token = "188"));
  INSERT IGNORE INTO classificacoes_tokens (nome_token, id_tipo_token) VALUES ("2198", (SELECT id_chave_tipo_token FROM tipos_tokens WHERE nome_tipo_token = "numeral"));
INSERT IGNORE INTO tokens (nome_token, acentuada, id_tipo_token) VALUES ("2198", "2198", (SELECT id_tipo_token FROM classificacoes_tokens WHERE nome_token = "2198"));
  INSERT IGNORE INTO classificacoes_tokens (nome_token, id_tipo_token) VALUES ("162", (SELECT id_chave_tipo_token FROM tipos_tokens WHERE nome_tipo_token = "numeral"));
INSERT IGNORE INTO tokens (nome_token, acentuada, id_tipo_token) VALUES ("162", "162", (SELECT id_tipo_token FROM classificacoes_tokens WHERE nome_token = "162"));
  INSERT IGNORE INTO tokens (nome_token, acentuada, id_tipo_token) VALUES ("jardineiro", "jardineiro", (SELECT id_tipo_token FROM classificacoes_tokens WHERE nome_token = "jardineiro"));
  INSERT IGNORE INTO classificacoes_tokens (nome_token, id_tipo_token) VALUES ("2195", (SELECT id_chave_tipo_token FROM tipos_tokens WHERE nome_tipo_token = "numeral"));
INSERT IGNORE INTO tokens (nome_token, acentuada, id_tipo_token) VALUES ("2195", "2195", (SELECT id_tipo_token FROM classificacoes_tokens WHERE nome_token = "2195"));
  INSERT IGNORE INTO classificacoes_tokens (nome_token, id_tipo_token) VALUES ("100", (SELECT id_chave_tipo_token FROM tipos_tokens WHERE nome_tipo_token = "numeral"));
INSERT IGNORE INTO tokens (nome_token, acentuada, id_tipo_token) VALUES ("100", "100", (SELECT id_tipo_token FROM classificacoes_tokens WHERE nome_token = "100"));
  INSERT IGNORE INTO tokens (nome_token, acentuada, id_tipo_token) VALUES ("ambientes", "ambientes", (SELECT id_tipo_token FROM classificacoes_tokens WHERE nome_token = "ambientes"));
  INSERT IGNORE INTO tokens (nome_token, acentuada, id_tipo_token) VALUES ("higienizacao", "higienização", (SELECT id_tipo_token FROM classificacoes_tokens WHERE nome_token = "higienizacao"));
  INSERT IGNORE INTO tokens (nome_token, acentuada, id_tipo_token) VALUES ("servicos", "serviços", (SELECT id_tipo_token FROM classificacoes_tokens WHERE nome_token = "servicos"));
  INSERT IGNORE INTO tokens (nome_token, acentuada, id_tipo_token) VALUES ("2237.12", "2237.12", (SELECT id_tipo_token FROM classificacoes_tokens WHERE nome_token = "2237.12"));
  INSERT IGNORE INTO classificacoes_tokens (nome_token, id_tipo_token) VALUES ("99", (SELECT id_chave_tipo_token FROM tipos_tokens WHERE nome_tipo_token = "numeral"));
INSERT IGNORE INTO tokens (nome_token, acentuada, id_tipo_token) VALUES ("99", "99", (SELECT id_tipo_token FROM classificacoes_tokens WHERE nome_token = "99"));
  INSERT IGNORE INTO tokens (nome_token, acentuada, id_tipo_token) VALUES ("predial", "predial", (SELECT id_tipo_token FROM classificacoes_tokens WHERE nome_token = "predial"));
  INSERT IGNORE INTO tokens (nome_token, acentuada, id_tipo_token) VALUES ("manutencao", "manutenção", (SELECT id_tipo_token FROM classificacoes_tokens WHERE nome_token = "manutencao"));
  INSERT IGNORE INTO tokens (nome_token, acentuada, id_tipo_token) VALUES ("auxiliar", "auxiliar", (SELECT id_tipo_token FROM classificacoes_tokens WHERE nome_token = "auxiliar"));
  INSERT IGNORE INTO classificacoes_tokens (nome_token, id_tipo_token) VALUES ("2192", (SELECT id_chave_tipo_token FROM tipos_tokens WHERE nome_tipo_token = "numeral"));
INSERT IGNORE INTO tokens (nome_token, acentuada, id_tipo_token) VALUES ("2192", "2192", (SELECT id_tipo_token FROM classificacoes_tokens WHERE nome_token = "2192"));
  INSERT IGNORE INTO classificacoes_tokens (nome_token, id_tipo_token) VALUES ("63", (SELECT id_chave_tipo_token FROM tipos_tokens WHERE nome_tipo_token = "numeral"));
INSERT IGNORE INTO tokens (nome_token, acentuada, id_tipo_token) VALUES ("63", "63", (SELECT id_tipo_token FROM classificacoes_tokens WHERE nome_token = "63"));
  INSERT IGNORE INTO classificacoes_tokens (nome_token, id_tipo_token) VALUES ("43", (SELECT id_chave_tipo_token FROM tipos_tokens WHERE nome_tipo_token = "numeral"));
INSERT IGNORE INTO tokens (nome_token, acentuada, id_tipo_token) VALUES ("43", "43", (SELECT id_tipo_token FROM classificacoes_tokens WHERE nome_token = "43"));
  INSERT IGNORE INTO tokens (nome_token, acentuada, id_tipo_token) VALUES ("limpeza", "limpeza", (SELECT id_tipo_token FROM classificacoes_tokens WHERE nome_token = "limpeza"));
  INSERT IGNORE INTO tokens (nome_token, acentuada, id_tipo_token) VALUES ("agente", "agente", (SELECT id_tipo_token FROM classificacoes_tokens WHERE nome_token = "agente"));
  INSERT IGNORE INTO classificacoes_tokens (nome_token, id_tipo_token) VALUES ("2186", (SELECT id_chave_tipo_token FROM tipos_tokens WHERE nome_tipo_token = "numeral"));
INSERT IGNORE INTO tokens (nome_token, acentuada, id_tipo_token) VALUES ("2186", "2186", (SELECT id_tipo_token FROM classificacoes_tokens WHERE nome_token = "2186"));
  INSERT IGNORE INTO tokens (nome_token, acentuada, id_tipo_token) VALUES ("zelador", "zelador", (SELECT id_tipo_token FROM classificacoes_tokens WHERE nome_token = "zelador"));
  INSERT IGNORE INTO classificacoes_tokens (nome_token, id_tipo_token) VALUES ("2204", (SELECT id_chave_tipo_token FROM tipos_tokens WHERE nome_tipo_token = "numeral"));
INSERT IGNORE INTO tokens (nome_token, acentuada, id_tipo_token) VALUES ("2204", "2204", (SELECT id_tipo_token FROM classificacoes_tokens WHERE nome_token = "2204"));
  INSERT IGNORE INTO tokens (nome_token, acentuada, id_tipo_token) VALUES ("vigia", "vigia", (SELECT id_tipo_token FROM classificacoes_tokens WHERE nome_token = "vigia"));
  INSERT IGNORE INTO tokens (nome_token, acentuada, id_tipo_token) VALUES ("porteiro", "porteiro", (SELECT id_tipo_token FROM classificacoes_tokens WHERE nome_token = "porteiro"));
  INSERT IGNORE INTO classificacoes_tokens (nome_token, id_tipo_token) VALUES ("2199", (SELECT id_chave_tipo_token FROM tipos_tokens WHERE nome_tipo_token = "numeral"));
INSERT IGNORE INTO tokens (nome_token, acentuada, id_tipo_token) VALUES ("2199", "2199", (SELECT id_tipo_token FROM classificacoes_tokens WHERE nome_token = "2199"));
  INSERT IGNORE INTO tokens (nome_token, acentuada, id_tipo_token) VALUES ("zeladoria", "zeladoria", (SELECT id_tipo_token FROM classificacoes_tokens WHERE nome_token = "zeladoria"));
  INSERT IGNORE INTO tokens (nome_token, acentuada, id_tipo_token) VALUES ("conservacao", "conservação", (SELECT id_tipo_token FROM classificacoes_tokens WHERE nome_token = "conservacao"));
  INSERT IGNORE INTO tokens (nome_token, acentuada, id_tipo_token) VALUES ("asseio", "asseio", (SELECT id_tipo_token FROM classificacoes_tokens WHERE nome_token = "asseio"));
  INSERT IGNORE INTO classificacoes_tokens (nome_token, id_tipo_token) VALUES ("624", (SELECT id_chave_tipo_token FROM tipos_tokens WHERE nome_tipo_token = "numeral"));
INSERT IGNORE INTO tokens (nome_token, acentuada, id_tipo_token) VALUES ("624", "624", (SELECT id_tipo_token FROM classificacoes_tokens WHERE nome_token = "624"));
  INSERT IGNORE INTO tokens (nome_token, acentuada, id_tipo_token) VALUES ("celular", "celular", (SELECT id_tipo_token FROM classificacoes_tokens WHERE nome_token = "celular"));
  INSERT IGNORE INTO tokens (nome_token, acentuada, id_tipo_token) VALUES ("comercial", "comercial", (SELECT id_tipo_token FROM classificacoes_tokens WHERE nome_token = "comercial"));
  INSERT IGNORE INTO tokens (nome_token, acentuada, id_tipo_token) VALUES ("382.62", "382.62", (SELECT id_tipo_token FROM classificacoes_tokens WHERE nome_token = "382.62"));
  INSERT IGNORE INTO classificacoes_tokens (nome_token, id_tipo_token) VALUES ("364", (SELECT id_chave_tipo_token FROM tipos_tokens WHERE nome_tipo_token = "numeral"));
INSERT IGNORE INTO tokens (nome_token, acentuada, id_tipo_token) VALUES ("364", "364", (SELECT id_tipo_token FROM classificacoes_tokens WHERE nome_token = "364"));
  INSERT IGNORE INTO classificacoes_tokens (nome_token, id_tipo_token) VALUES ("322", (SELECT id_chave_tipo_token FROM tipos_tokens WHERE nome_tipo_token = "numeral"));
INSERT IGNORE INTO tokens (nome_token, acentuada, id_tipo_token) VALUES ("322", "322", (SELECT id_tipo_token FROM classificacoes_tokens WHERE nome_token = "322"));
  INSERT IGNORE INTO classificacoes_tokens (nome_token, id_tipo_token) VALUES ("336", (SELECT id_chave_tipo_token FROM tipos_tokens WHERE nome_tipo_token = "numeral"));
INSERT IGNORE INTO tokens (nome_token, acentuada, id_tipo_token) VALUES ("336", "336", (SELECT id_tipo_token FROM classificacoes_tokens WHERE nome_token = "336"));
  INSERT IGNORE INTO classificacoes_tokens (nome_token, id_tipo_token) VALUES ("290", (SELECT id_chave_tipo_token FROM tipos_tokens WHERE nome_tipo_token = "numeral"));
INSERT IGNORE INTO tokens (nome_token, acentuada, id_tipo_token) VALUES ("290", "290", (SELECT id_tipo_token FROM classificacoes_tokens WHERE nome_token = "290"));
  INSERT IGNORE INTO tokens (nome_token, acentuada, id_tipo_token) VALUES ("sociais", "sociais", (SELECT id_tipo_token FROM classificacoes_tokens WHERE nome_token = "sociais"));
  INSERT IGNORE INTO tokens (nome_token, acentuada, id_tipo_token) VALUES ("redes", "redes", (SELECT id_tipo_token FROM classificacoes_tokens WHERE nome_token = "redes"));
  INSERT IGNORE INTO tokens (nome_token, acentuada, id_tipo_token) VALUES ("criativa", "criativa", (SELECT id_tipo_token FROM classificacoes_tokens WHERE nome_token = "criativa"));
  INSERT IGNORE INTO tokens (nome_token, acentuada, id_tipo_token) VALUES ("382.68", "382.68", (SELECT id_tipo_token FROM classificacoes_tokens WHERE nome_token = "382.68"));
  INSERT IGNORE INTO classificacoes_tokens (nome_token, id_tipo_token) VALUES ("270", (SELECT id_chave_tipo_token FROM tipos_tokens WHERE nome_tipo_token = "numeral"));
INSERT IGNORE INTO tokens (nome_token, acentuada, id_tipo_token) VALUES ("270", "270", (SELECT id_tipo_token FROM classificacoes_tokens WHERE nome_token = "270"));
  INSERT IGNORE INTO classificacoes_tokens (nome_token, id_tipo_token) VALUES ("15", (SELECT id_chave_tipo_token FROM tipos_tokens WHERE nome_tipo_token = "numeral"));
INSERT IGNORE INTO tokens (nome_token, acentuada, id_tipo_token) VALUES ("15", "15", (SELECT id_tipo_token FROM classificacoes_tokens WHERE nome_token = "15"));
  INSERT IGNORE INTO classificacoes_tokens (nome_token, id_tipo_token) VALUES ("235", (SELECT id_chave_tipo_token FROM tipos_tokens WHERE nome_tipo_token = "numeral"));
INSERT IGNORE INTO tokens (nome_token, acentuada, id_tipo_token) VALUES ("235", "235", (SELECT id_tipo_token FROM classificacoes_tokens WHERE nome_token = "235"));
  INSERT IGNORE INTO tokens (nome_token, acentuada, id_tipo_token) VALUES ("tecido", "tecido", (SELECT id_tipo_token FROM classificacoes_tokens WHERE nome_token = "tecido"));
  INSERT IGNORE INTO tokens (nome_token, acentuada, id_tipo_token) VALUES ("pintura", "pintura", (SELECT id_tipo_token FROM classificacoes_tokens WHERE nome_token = "pintura"));
  INSERT IGNORE INTO tokens (nome_token, acentuada, id_tipo_token) VALUES ("artesao", "artesão", (SELECT id_tipo_token FROM classificacoes_tokens WHERE nome_token = "artesao"));
  INSERT IGNORE INTO classificacoes_tokens (nome_token, id_tipo_token) VALUES ("1841", (SELECT id_chave_tipo_token FROM tipos_tokens WHERE nome_tipo_token = "numeral"));
INSERT IGNORE INTO tokens (nome_token, acentuada, id_tipo_token) VALUES ("1841", "1841", (SELECT id_tipo_token FROM classificacoes_tokens WHERE nome_token = "1841"));
  INSERT IGNORE INTO classificacoes_tokens (nome_token, id_tipo_token) VALUES ("239", (SELECT id_chave_tipo_token FROM tipos_tokens WHERE nome_tipo_token = "numeral"));
INSERT IGNORE INTO tokens (nome_token, acentuada, id_tipo_token) VALUES ("239", "239", (SELECT id_tipo_token FROM classificacoes_tokens WHERE nome_token = "239"));
  INSERT IGNORE INTO tokens (nome_token, acentuada, id_tipo_token) VALUES ("recursos", "recursos", (SELECT id_tipo_token FROM classificacoes_tokens WHERE nome_token = "recursos"));
  INSERT IGNORE INTO tokens (nome_token, acentuada, id_tipo_token) VALUES ("obtencao", "obtenção", (SELECT id_tipo_token FROM classificacoes_tokens WHERE nome_token = "obtencao"));
  INSERT IGNORE INTO tokens (nome_token, acentuada, id_tipo_token) VALUES ("para", "para", (SELECT id_tipo_token FROM classificacoes_tokens WHERE nome_token = "para"));
  INSERT IGNORE INTO tokens (nome_token, acentuada, id_tipo_token) VALUES ("estrategias", "estratégias", (SELECT id_tipo_token FROM classificacoes_tokens WHERE nome_token = "estrategias"));
  INSERT IGNORE INTO tokens (nome_token, acentuada, id_tipo_token) VALUES ("tecnicas", "técnicas", (SELECT id_tipo_token FROM classificacoes_tokens WHERE nome_token = "tecnicas"));
  INSERT IGNORE INTO tokens (nome_token, acentuada, id_tipo_token) VALUES ("culturais", "culturais", (SELECT id_tipo_token FROM classificacoes_tokens WHERE nome_token = "culturais"));
  INSERT IGNORE INTO tokens (nome_token, acentuada, id_tipo_token) VALUES ("projetos", "projetos", (SELECT id_tipo_token FROM classificacoes_tokens WHERE nome_token = "projetos"));
  INSERT IGNORE INTO tokens (nome_token, acentuada, id_tipo_token) VALUES ("1810.5", "1810.5", (SELECT id_tipo_token FROM classificacoes_tokens WHERE nome_token = "1810.5"));
  INSERT IGNORE INTO classificacoes_tokens (nome_token, id_tipo_token) VALUES ("175", (SELECT id_chave_tipo_token FROM tipos_tokens WHERE nome_tipo_token = "numeral"));
INSERT IGNORE INTO tokens (nome_token, acentuada, id_tipo_token) VALUES ("175", "175", (SELECT id_tipo_token FROM classificacoes_tokens WHERE nome_token = "175"));
  INSERT IGNORE INTO tokens (nome_token, acentuada, id_tipo_token) VALUES ("flash", "flash", (SELECT id_tipo_token FROM classificacoes_tokens WHERE nome_token = "flash"));
  INSERT IGNORE INTO tokens (nome_token, acentuada, id_tipo_token) VALUES ("com", "com", (SELECT id_tipo_token FROM classificacoes_tokens WHERE nome_token = "com"));
  INSERT IGNORE INTO tokens (nome_token, acentuada, id_tipo_token) VALUES ("fotografica", "fotográfica", (SELECT id_tipo_token FROM classificacoes_tokens WHERE nome_token = "fotografica"));
  INSERT IGNORE INTO tokens (nome_token, acentuada, id_tipo_token) VALUES ("iluminacao", "iluminação", (SELECT id_tipo_token FROM classificacoes_tokens WHERE nome_token = "iluminacao"));
  INSERT IGNORE INTO tokens (nome_token, acentuada, id_tipo_token) VALUES ("382.89", "382.89", (SELECT id_tipo_token FROM classificacoes_tokens WHERE nome_token = "382.89"));
  INSERT IGNORE INTO classificacoes_tokens (nome_token, id_tipo_token) VALUES ("134", (SELECT id_chave_tipo_token FROM tipos_tokens WHERE nome_tipo_token = "numeral"));
INSERT IGNORE INTO tokens (nome_token, acentuada, id_tipo_token) VALUES ("134", "134", (SELECT id_tipo_token FROM classificacoes_tokens WHERE nome_token = "134"));
  INSERT IGNORE INTO classificacoes_tokens (nome_token, id_tipo_token) VALUES ("50", (SELECT id_chave_tipo_token FROM tipos_tokens WHERE nome_tipo_token = "numeral"));
INSERT IGNORE INTO tokens (nome_token, acentuada, id_tipo_token) VALUES ("50", "50", (SELECT id_tipo_token FROM classificacoes_tokens WHERE nome_token = "50"));
  INSERT IGNORE INTO classificacoes_tokens (nome_token, id_tipo_token) VALUES ("44", (SELECT id_chave_tipo_token FROM tipos_tokens WHERE nome_tipo_token = "numeral"));
INSERT IGNORE INTO tokens (nome_token, acentuada, id_tipo_token) VALUES ("44", "44", (SELECT id_tipo_token FROM classificacoes_tokens WHERE nome_token = "44"));
  INSERT IGNORE INTO classificacoes_tokens (nome_token, id_tipo_token) VALUES ("2942", (SELECT id_chave_tipo_token FROM tipos_tokens WHERE nome_tipo_token = "numeral"));
INSERT IGNORE INTO tokens (nome_token, acentuada, id_tipo_token) VALUES ("2942", "2942", (SELECT id_tipo_token FROM classificacoes_tokens WHERE nome_token = "2942"));
  INSERT IGNORE INTO classificacoes_tokens (nome_token, id_tipo_token) VALUES ("128", (SELECT id_chave_tipo_token FROM tipos_tokens WHERE nome_tipo_token = "numeral"));
INSERT IGNORE INTO tokens (nome_token, acentuada, id_tipo_token) VALUES ("128", "128", (SELECT id_tipo_token FROM classificacoes_tokens WHERE nome_token = "128"));
  INSERT IGNORE INTO classificacoes_tokens (nome_token, id_tipo_token) VALUES ("82", (SELECT id_chave_tipo_token FROM tipos_tokens WHERE nome_tipo_token = "numeral"));
INSERT IGNORE INTO tokens (nome_token, acentuada, id_tipo_token) VALUES ("82", "82", (SELECT id_tipo_token FROM classificacoes_tokens WHERE nome_token = "82"));
  INSERT IGNORE INTO tokens (nome_token, acentuada, id_tipo_token) VALUES ("patchwork", "patchwork", (SELECT id_tipo_token FROM classificacoes_tokens WHERE nome_token = "patchwork"));
  INSERT IGNORE INTO tokens (nome_token, acentuada, id_tipo_token) VALUES ("em", "em", (SELECT id_tipo_token FROM classificacoes_tokens WHERE nome_token = "em"));
  INSERT IGNORE INTO tokens (nome_token, acentuada, id_tipo_token) VALUES ("confeccionador", "confeccionador", (SELECT id_tipo_token FROM classificacoes_tokens WHERE nome_token = "confeccionador"));
  INSERT IGNORE INTO classificacoes_tokens (nome_token, id_tipo_token) VALUES ("1111", (SELECT id_chave_tipo_token FROM tipos_tokens WHERE nome_tipo_token = "numeral"));
INSERT IGNORE INTO tokens (nome_token, acentuada, id_tipo_token) VALUES ("1111", "1111", (SELECT id_tipo_token FROM classificacoes_tokens WHERE nome_token = "1111"));
  INSERT IGNORE INTO classificacoes_tokens (nome_token, id_tipo_token) VALUES ("123", (SELECT id_chave_tipo_token FROM tipos_tokens WHERE nome_tipo_token = "numeral"));
INSERT IGNORE INTO tokens (nome_token, acentuada, id_tipo_token) VALUES ("123", "123", (SELECT id_tipo_token FROM classificacoes_tokens WHERE nome_token = "123"));
  INSERT IGNORE INTO tokens (nome_token, acentuada, id_tipo_token) VALUES ("imagem", "imagem", (SELECT id_tipo_token FROM classificacoes_tokens WHERE nome_token = "imagem"));
  INSERT IGNORE INTO tokens (nome_token, acentuada, id_tipo_token) VALUES ("tratamento", "tratamento", (SELECT id_tipo_token FROM classificacoes_tokens WHERE nome_token = "tratamento"));
  INSERT IGNORE INTO tokens (nome_token, acentuada, id_tipo_token) VALUES ("trabalho", "trabalho", (SELECT id_tipo_token FROM classificacoes_tokens WHERE nome_token = "trabalho"));
  INSERT IGNORE INTO tokens (nome_token, acentuada, id_tipo_token) VALUES ("fluxo", "fluxo", (SELECT id_tipo_token FROM classificacoes_tokens WHERE nome_token = "fluxo"));
  INSERT IGNORE INTO tokens (nome_token, acentuada, id_tipo_token) VALUES ("lightroom:", "lightroom:", (SELECT id_tipo_token FROM classificacoes_tokens WHERE nome_token = "lightroom:"));
  INSERT IGNORE INTO tokens (nome_token, acentuada, id_tipo_token) VALUES ("382.54", "382.54", (SELECT id_tipo_token FROM classificacoes_tokens WHERE nome_token = "382.54"));
  INSERT IGNORE INTO classificacoes_tokens (nome_token, id_tipo_token) VALUES ("120", (SELECT id_chave_tipo_token FROM tipos_tokens WHERE nome_tipo_token = "numeral"));
INSERT IGNORE INTO tokens (nome_token, acentuada, id_tipo_token) VALUES ("120", "120", (SELECT id_tipo_token FROM classificacoes_tokens WHERE nome_token = "120"));
  INSERT IGNORE INTO tokens (nome_token, acentuada, id_tipo_token) VALUES ("editoriais", "editoriais", (SELECT id_tipo_token FROM classificacoes_tokens WHERE nome_token = "editoriais"));
  INSERT IGNORE INTO tokens (nome_token, acentuada, id_tipo_token) VALUES ("e", "e", (SELECT id_tipo_token FROM classificacoes_tokens WHERE nome_token = "e"));
  INSERT IGNORE INTO tokens (nome_token, acentuada, id_tipo_token) VALUES ("moda", "moda", (SELECT id_tipo_token FROM classificacoes_tokens WHERE nome_token = "moda"));
  INSERT IGNORE INTO tokens (nome_token, acentuada, id_tipo_token) VALUES ("-", "-", (SELECT id_tipo_token FROM classificacoes_tokens WHERE nome_token = "-"));
  INSERT IGNORE INTO tokens (nome_token, acentuada, id_tipo_token) VALUES ("fotografia", "fotografia", (SELECT id_tipo_token FROM classificacoes_tokens WHERE nome_token = "fotografia"));
  INSERT IGNORE INTO tokens (nome_token, acentuada, id_tipo_token) VALUES ("382.76", "382.76", (SELECT id_tipo_token FROM classificacoes_tokens WHERE nome_token = "382.76"));
  INSERT IGNORE INTO tokens (nome_token, acentuada, id_tipo_token) VALUES ("aperfeicoamento", "aperfeiçoamento", (SELECT id_tipo_token FROM classificacoes_tokens WHERE nome_token = "aperfeicoamento"));
  INSERT IGNORE INTO classificacoes_tokens (nome_token, id_tipo_token) VALUES ("97", (SELECT id_chave_tipo_token FROM tipos_tokens WHERE nome_tipo_token = "numeral"));
INSERT IGNORE INTO tokens (nome_token, acentuada, id_tipo_token) VALUES ("97", "97", (SELECT id_tipo_token FROM classificacoes_tokens WHERE nome_token = "97"));
  INSERT IGNORE INTO classificacoes_tokens (nome_token, id_tipo_token) VALUES ("62", (SELECT id_chave_tipo_token FROM tipos_tokens WHERE nome_tipo_token = "numeral"));
INSERT IGNORE INTO tokens (nome_token, acentuada, id_tipo_token) VALUES ("62", "62", (SELECT id_tipo_token FROM classificacoes_tokens WHERE nome_token = "62"));
  INSERT IGNORE INTO classificacoes_tokens (nome_token, id_tipo_token) VALUES ("20", (SELECT id_chave_tipo_token FROM tipos_tokens WHERE nome_tipo_token = "numeral"));
INSERT IGNORE INTO tokens (nome_token, acentuada, id_tipo_token) VALUES ("20", "20", (SELECT id_tipo_token FROM classificacoes_tokens WHERE nome_token = "20"));
  INSERT IGNORE INTO classificacoes_tokens (nome_token, id_tipo_token) VALUES ("5", (SELECT id_chave_tipo_token FROM tipos_tokens WHERE nome_tipo_token = "numeral"));
INSERT IGNORE INTO tokens (nome_token, acentuada, id_tipo_token) VALUES ("5", "5", (SELECT id_tipo_token FROM classificacoes_tokens WHERE nome_token = "5"));
  INSERT IGNORE INTO classificacoes_tokens (nome_token, id_tipo_token) VALUES ("10", (SELECT id_chave_tipo_token FROM tipos_tokens WHERE nome_tipo_token = "numeral"));
INSERT IGNORE INTO tokens (nome_token, acentuada, id_tipo_token) VALUES ("10", "10", (SELECT id_tipo_token FROM classificacoes_tokens WHERE nome_token = "10"));
  INSERT IGNORE INTO tokens (nome_token, acentuada, id_tipo_token) VALUES ("fotografo", "fotógrafo", (SELECT id_tipo_token FROM classificacoes_tokens WHERE nome_token = "fotografo"));
  INSERT IGNORE INTO classificacoes_tokens (nome_token, id_tipo_token) VALUES ("1918", (SELECT id_chave_tipo_token FROM tipos_tokens WHERE nome_tipo_token = "numeral"));
INSERT IGNORE INTO tokens (nome_token, acentuada, id_tipo_token) VALUES ("1918", "1918", (SELECT id_tipo_token FROM classificacoes_tokens WHERE nome_token = "1918"));
  INSERT IGNORE INTO classificacoes_tokens (nome_token, id_tipo_token) VALUES ("71", (SELECT id_chave_tipo_token FROM tipos_tokens WHERE nome_tipo_token = "numeral"));
INSERT IGNORE INTO tokens (nome_token, acentuada, id_tipo_token) VALUES ("71", "71", (SELECT id_tipo_token FROM classificacoes_tokens WHERE nome_token = "71"));
  INSERT IGNORE INTO classificacoes_tokens (nome_token, id_tipo_token) VALUES ("25", (SELECT id_chave_tipo_token FROM tipos_tokens WHERE nome_tipo_token = "numeral"));
INSERT IGNORE INTO tokens (nome_token, acentuada, id_tipo_token) VALUES ("25", "25", (SELECT id_tipo_token FROM classificacoes_tokens WHERE nome_token = "25"));
  INSERT IGNORE INTO tokens (nome_token, acentuada, id_tipo_token) VALUES ("florista", "florista", (SELECT id_tipo_token FROM classificacoes_tokens WHERE nome_token = "florista"));
  INSERT IGNORE INTO classificacoes_tokens (nome_token, id_tipo_token) VALUES ("806", (SELECT id_chave_tipo_token FROM tipos_tokens WHERE nome_tipo_token = "numeral"));
INSERT IGNORE INTO tokens (nome_token, acentuada, id_tipo_token) VALUES ("806", "806", (SELECT id_tipo_token FROM classificacoes_tokens WHERE nome_token = "806"));
  INSERT IGNORE INTO classificacoes_tokens (nome_token, id_tipo_token) VALUES ("46", (SELECT id_chave_tipo_token FROM tipos_tokens WHERE nome_tipo_token = "numeral"));
INSERT IGNORE INTO tokens (nome_token, acentuada, id_tipo_token) VALUES ("46", "46", (SELECT id_tipo_token FROM classificacoes_tokens WHERE nome_token = "46"));
  INSERT IGNORE INTO classificacoes_tokens (nome_token, id_tipo_token) VALUES ("16", (SELECT id_chave_tipo_token FROM tipos_tokens WHERE nome_tipo_token = "numeral"));
INSERT IGNORE INTO tokens (nome_token, acentuada, id_tipo_token) VALUES ("16", "16", (SELECT id_tipo_token FROM classificacoes_tokens WHERE nome_token = "16"));
  INSERT IGNORE INTO classificacoes_tokens (nome_token, id_tipo_token) VALUES ("30", (SELECT id_chave_tipo_token FROM tipos_tokens WHERE nome_tipo_token = "numeral"));
INSERT IGNORE INTO tokens (nome_token, acentuada, id_tipo_token) VALUES ("30", "30", (SELECT id_tipo_token FROM classificacoes_tokens WHERE nome_token = "30"));
  INSERT IGNORE INTO tokens (nome_token, acentuada, id_tipo_token) VALUES ("serigrafo", "serígrafo", (SELECT id_tipo_token FROM classificacoes_tokens WHERE nome_token = "serigrafo"));
  INSERT IGNORE INTO classificacoes_tokens (nome_token, id_tipo_token) VALUES ("1907", (SELECT id_chave_tipo_token FROM tipos_tokens WHERE nome_tipo_token = "numeral"));
INSERT IGNORE INTO tokens (nome_token, acentuada, id_tipo_token) VALUES ("1907", "1907", (SELECT id_tipo_token FROM classificacoes_tokens WHERE nome_token = "1907"));
  INSERT IGNORE INTO classificacoes_tokens (nome_token, id_tipo_token) VALUES ("36", (SELECT id_chave_tipo_token FROM tipos_tokens WHERE nome_tipo_token = "numeral"));
INSERT IGNORE INTO tokens (nome_token, acentuada, id_tipo_token) VALUES ("36", "36", (SELECT id_tipo_token FROM classificacoes_tokens WHERE nome_token = "36"));
  INSERT IGNORE INTO tokens (nome_token, acentuada, id_tipo_token) VALUES ("arte", "arte", (SELECT id_tipo_token FROM classificacoes_tokens WHERE nome_token = "arte"));
  INSERT IGNORE INTO classificacoes_tokens (nome_token, id_tipo_token) VALUES ("2789", (SELECT id_chave_tipo_token FROM tipos_tokens WHERE nome_tipo_token = "numeral"));
INSERT IGNORE INTO tokens (nome_token, acentuada, id_tipo_token) VALUES ("2789", "2789", (SELECT id_tipo_token FROM classificacoes_tokens WHERE nome_token = "2789"));
  INSERT IGNORE INTO classificacoes_tokens (nome_token, id_tipo_token) VALUES ("35", (SELECT id_chave_tipo_token FROM tipos_tokens WHERE nome_tipo_token = "numeral"));
INSERT IGNORE INTO tokens (nome_token, acentuada, id_tipo_token) VALUES ("35", "35", (SELECT id_tipo_token FROM classificacoes_tokens WHERE nome_token = "35"));
  INSERT IGNORE INTO tokens (nome_token, acentuada, id_tipo_token) VALUES ("audiovisual", "audiovisual", (SELECT id_tipo_token FROM classificacoes_tokens WHERE nome_token = "audiovisual"));
  INSERT IGNORE INTO tokens (nome_token, acentuada, id_tipo_token) VALUES ("producao", "produção", (SELECT id_tipo_token FROM classificacoes_tokens WHERE nome_token = "producao"));
  INSERT IGNORE INTO tokens (nome_token, acentuada, id_tipo_token) VALUES ("de", "de", (SELECT id_tipo_token FROM classificacoes_tokens WHERE nome_token = "de"));
  INSERT IGNORE INTO tokens (nome_token, acentuada, id_tipo_token) VALUES ("assistente", "assistente", (SELECT id_tipo_token FROM classificacoes_tokens WHERE nome_token = "assistente"));
  INSERT IGNORE INTO classificacoes_tokens (nome_token, id_tipo_token) VALUES ("3062", (SELECT id_chave_tipo_token FROM tipos_tokens WHERE nome_tipo_token = "numeral"));
INSERT IGNORE INTO tokens (nome_token, acentuada, id_tipo_token) VALUES ("3062", "3062", (SELECT id_tipo_token FROM classificacoes_tokens WHERE nome_token = "3062"));
  INSERT IGNORE INTO classificacoes_tokens (nome_token, id_tipo_token) VALUES ("26", (SELECT id_chave_tipo_token FROM tipos_tokens WHERE nome_tipo_token = "numeral"));
INSERT IGNORE INTO tokens (nome_token, acentuada, id_tipo_token) VALUES ("26", "26", (SELECT id_tipo_token FROM classificacoes_tokens WHERE nome_token = "26"));
  INSERT IGNORE INTO tokens (nome_token, acentuada, id_tipo_token) VALUES ("nulo", "nulo", (SELECT id_tipo_token FROM classificacoes_tokens WHERE nome_token = "nulo"));
  INSERT IGNORE INTO tokens (nome_token, acentuada, id_tipo_token) VALUES ("titulo", "título", (SELECT id_tipo_token FROM classificacoes_tokens WHERE nome_token = "titulo"));
  INSERT IGNORE INTO classificacoes_tokens (nome_token, id_tipo_token) VALUES ("1912", (SELECT id_chave_tipo_token FROM tipos_tokens WHERE nome_tipo_token = "numeral"));
INSERT IGNORE INTO tokens (nome_token, acentuada, id_tipo_token) VALUES ("1912", "1912", (SELECT id_tipo_token FROM classificacoes_tokens WHERE nome_token = "1912"));
  INSERT IGNORE INTO tokens (nome_token, acentuada, id_tipo_token) VALUES ("profissional", "profissional", (SELECT id_tipo_token FROM classificacoes_tokens WHERE nome_token = "profissional"));
  INSERT IGNORE INTO tokens (nome_token, acentuada, id_tipo_token) VALUES ("qualificacao", "qualificação", (SELECT id_tipo_token FROM classificacoes_tokens WHERE nome_token = "qualificacao"));
  INSERT IGNORE INTO tokens (nome_token, acentuada, id_tipo_token) VALUES ("artes", "artes", (SELECT id_tipo_token FROM classificacoes_tokens WHERE nome_token = "artes"));
  INSERT IGNORE INTO tipos_cursos (nome_tipo_curso) VALUES ("programas_instrumentais");
INSERT IGNORE INTO tipos_cursos (nome_tipo_curso) VALUES ("aperfeiçoamento");
INSERT IGNORE INTO tipos_cursos (nome_tipo_curso) VALUES ("qualificação_profissional");
INSERT INTO cursos (nome_curso, id_tipo_curso, id_instituicao) VALUES ("senac_1_1", (select id_chave_tipo_curso from tipos_cursos where nome_tipo_curso = "qualificação_profissional"), (SELECT id_chave_instituicao FROM instituicoes WHERE identificador = "senac"));
INSERT INTO cursos (nome_curso, id_tipo_curso, id_instituicao) VALUES ("senac_1_2", (select id_chave_tipo_curso from tipos_cursos where nome_tipo_curso = "qualificação_profissional"), (SELECT id_chave_instituicao FROM instituicoes WHERE identificador = "senac"));
INSERT INTO cursos (nome_curso, id_tipo_curso, id_instituicao) VALUES ("senac_1_3", (select id_chave_tipo_curso from tipos_cursos where nome_tipo_curso = "qualificação_profissional"), (SELECT id_chave_instituicao FROM instituicoes WHERE identificador = "senac"));
INSERT INTO cursos (nome_curso, id_tipo_curso, id_instituicao) VALUES ("senac_1_4", (select id_chave_tipo_curso from tipos_cursos where nome_tipo_curso = "qualificação_profissional"), (SELECT id_chave_instituicao FROM instituicoes WHERE identificador = "senac"));
INSERT INTO cursos (nome_curso, id_tipo_curso, id_instituicao) VALUES ("senac_1_5", (select id_chave_tipo_curso from tipos_cursos where nome_tipo_curso = "qualificação_profissional"), (SELECT id_chave_instituicao FROM instituicoes WHERE identificador = "senac"));
INSERT INTO cursos (nome_curso, id_tipo_curso, id_instituicao) VALUES ("senac_1_6", (select id_chave_tipo_curso from tipos_cursos where nome_tipo_curso = "qualificação_profissional"), (SELECT id_chave_instituicao FROM instituicoes WHERE identificador = "senac"));
INSERT INTO cursos (nome_curso, id_tipo_curso, id_instituicao) VALUES ("senac_1_7", (select id_chave_tipo_curso from tipos_cursos where nome_tipo_curso = "aperfeiçoamento"), (SELECT id_chave_instituicao FROM instituicoes WHERE identificador = "senac"));
INSERT INTO cursos (nome_curso, id_tipo_curso, id_instituicao) VALUES ("senac_1_8", (select id_chave_tipo_curso from tipos_cursos where nome_tipo_curso = "aperfeiçoamento"), (SELECT id_chave_instituicao FROM instituicoes WHERE identificador = "senac"));
INSERT INTO cursos (nome_curso, id_tipo_curso, id_instituicao) VALUES ("senac_1_9", (select id_chave_tipo_curso from tipos_cursos where nome_tipo_curso = "qualificação_profissional"), (SELECT id_chave_instituicao FROM instituicoes WHERE identificador = "senac"));
INSERT INTO cursos (nome_curso, id_tipo_curso, id_instituicao) VALUES ("senac_1_10", (select id_chave_tipo_curso from tipos_cursos where nome_tipo_curso = "qualificação_profissional"), (SELECT id_chave_instituicao FROM instituicoes WHERE identificador = "senac"));
INSERT INTO cursos (nome_curso, id_tipo_curso, id_instituicao) VALUES ("senac_1_11", (select id_chave_tipo_curso from tipos_cursos where nome_tipo_curso = "aperfeiçoamento"), (SELECT id_chave_instituicao FROM instituicoes WHERE identificador = "senac"));
INSERT INTO cursos (nome_curso, id_tipo_curso, id_instituicao) VALUES ("senac_1_12", (select id_chave_tipo_curso from tipos_cursos where nome_tipo_curso = "aperfeiçoamento"), (SELECT id_chave_instituicao FROM instituicoes WHERE identificador = "senac"));
INSERT INTO cursos (nome_curso, id_tipo_curso, id_instituicao) VALUES ("senac_1_13", (select id_chave_tipo_curso from tipos_cursos where nome_tipo_curso = "qualificação_profissional"), (SELECT id_chave_instituicao FROM instituicoes WHERE identificador = "senac"));
INSERT INTO cursos (nome_curso, id_tipo_curso, id_instituicao) VALUES ("senac_1_14", (select id_chave_tipo_curso from tipos_cursos where nome_tipo_curso = "aperfeiçoamento"), (SELECT id_chave_instituicao FROM instituicoes WHERE identificador = "senac"));
INSERT INTO cursos (nome_curso, id_tipo_curso, id_instituicao) VALUES ("senac_1_15", (select id_chave_tipo_curso from tipos_cursos where nome_tipo_curso = "qualificação_profissional"), (SELECT id_chave_instituicao FROM instituicoes WHERE identificador = "senac"));
INSERT INTO cursos (nome_curso, id_tipo_curso, id_instituicao) VALUES ("senac_1_16", (select id_chave_tipo_curso from tipos_cursos where nome_tipo_curso = "aperfeiçoamento"), (SELECT id_chave_instituicao FROM instituicoes WHERE identificador = "senac"));
INSERT INTO cursos (nome_curso, id_tipo_curso, id_instituicao) VALUES ("senac_1_17", (select id_chave_tipo_curso from tipos_cursos where nome_tipo_curso = "qualificação_profissional"), (SELECT id_chave_instituicao FROM instituicoes WHERE identificador = "senac"));
INSERT INTO cursos (nome_curso, id_tipo_curso, id_instituicao) VALUES ("senac_1_18", (select id_chave_tipo_curso from tipos_cursos where nome_tipo_curso = "qualificação_profissional"), (SELECT id_chave_instituicao FROM instituicoes WHERE identificador = "senac"));
INSERT INTO cursos (nome_curso, id_tipo_curso, id_instituicao) VALUES ("senac_1_19", (select id_chave_tipo_curso from tipos_cursos where nome_tipo_curso = "qualificação_profissional"), (SELECT id_chave_instituicao FROM instituicoes WHERE identificador = "senac"));
INSERT INTO cursos (nome_curso, id_tipo_curso, id_instituicao) VALUES ("senac_1_20", (select id_chave_tipo_curso from tipos_cursos where nome_tipo_curso = "qualificação_profissional"), (SELECT id_chave_instituicao FROM instituicoes WHERE identificador = "senac"));
INSERT INTO cursos (nome_curso, id_tipo_curso, id_instituicao) VALUES ("senac_1_21", (select id_chave_tipo_curso from tipos_cursos where nome_tipo_curso = "aperfeiçoamento"), (SELECT id_chave_instituicao FROM instituicoes WHERE identificador = "senac"));
INSERT INTO cursos (nome_curso, id_tipo_curso, id_instituicao) VALUES ("senac_1_22", (select id_chave_tipo_curso from tipos_cursos where nome_tipo_curso = "qualificação_profissional"), (SELECT id_chave_instituicao FROM instituicoes WHERE identificador = "senac"));
INSERT INTO cursos (nome_curso, id_tipo_curso, id_instituicao) VALUES ("senac_1_23", (select id_chave_tipo_curso from tipos_cursos where nome_tipo_curso = "qualificação_profissional"), (SELECT id_chave_instituicao FROM instituicoes WHERE identificador = "senac"));
INSERT INTO cursos (nome_curso, id_tipo_curso, id_instituicao) VALUES ("senac_1_24", (select id_chave_tipo_curso from tipos_cursos where nome_tipo_curso = "qualificação_profissional"), (SELECT id_chave_instituicao FROM instituicoes WHERE identificador = "senac"));
INSERT INTO cursos (nome_curso, id_tipo_curso, id_instituicao) VALUES ("senac_1_25", (select id_chave_tipo_curso from tipos_cursos where nome_tipo_curso = "qualificação_profissional"), (SELECT id_chave_instituicao FROM instituicoes WHERE identificador = "senac"));
INSERT INTO cursos (nome_curso, id_tipo_curso, id_instituicao) VALUES ("senac_1_26", (select id_chave_tipo_curso from tipos_cursos where nome_tipo_curso = "qualificação_profissional"), (SELECT id_chave_instituicao FROM instituicoes WHERE identificador = "senac"));
INSERT INTO cursos (nome_curso, id_tipo_curso, id_instituicao) VALUES ("senac_1_27", (select id_chave_tipo_curso from tipos_cursos where nome_tipo_curso = "aperfeiçoamento"), (SELECT id_chave_instituicao FROM instituicoes WHERE identificador = "senac"));
INSERT INTO cursos (nome_curso, id_tipo_curso, id_instituicao) VALUES ("senac_1_28", (select id_chave_tipo_curso from tipos_cursos where nome_tipo_curso = "aperfeiçoamento"), (SELECT id_chave_instituicao FROM instituicoes WHERE identificador = "senac"));
INSERT INTO cursos (nome_curso, id_tipo_curso, id_instituicao) VALUES ("senac_1_29", (select id_chave_tipo_curso from tipos_cursos where nome_tipo_curso = "aperfeiçoamento"), (SELECT id_chave_instituicao FROM instituicoes WHERE identificador = "senac"));
INSERT INTO cursos (nome_curso, id_tipo_curso, id_instituicao) VALUES ("senac_1_30", (select id_chave_tipo_curso from tipos_cursos where nome_tipo_curso = "aperfeiçoamento"), (SELECT id_chave_instituicao FROM instituicoes WHERE identificador = "senac"));
INSERT INTO cursos (nome_curso, id_tipo_curso, id_instituicao) VALUES ("senac_1_31", (select id_chave_tipo_curso from tipos_cursos where nome_tipo_curso = "aperfeiçoamento"), (SELECT id_chave_instituicao FROM instituicoes WHERE identificador = "senac"));
INSERT INTO cursos (nome_curso, id_tipo_curso, id_instituicao) VALUES ("senac_1_32", (select id_chave_tipo_curso from tipos_cursos where nome_tipo_curso = "aperfeiçoamento"), (SELECT id_chave_instituicao FROM instituicoes WHERE identificador = "senac"));
INSERT INTO cursos (nome_curso, id_tipo_curso, id_instituicao) VALUES ("senac_1_33", (select id_chave_tipo_curso from tipos_cursos where nome_tipo_curso = "aperfeiçoamento"), (SELECT id_chave_instituicao FROM instituicoes WHERE identificador = "senac"));
INSERT INTO cursos (nome_curso, id_tipo_curso, id_instituicao) VALUES ("senac_1_34", (select id_chave_tipo_curso from tipos_cursos where nome_tipo_curso = "aperfeiçoamento"), (SELECT id_chave_instituicao FROM instituicoes WHERE identificador = "senac"));
INSERT INTO cursos (nome_curso, id_tipo_curso, id_instituicao) VALUES ("senac_1_35", (select id_chave_tipo_curso from tipos_cursos where nome_tipo_curso = "aperfeiçoamento"), (SELECT id_chave_instituicao FROM instituicoes WHERE identificador = "senac"));
INSERT INTO cursos (nome_curso, id_tipo_curso, id_instituicao) VALUES ("senac_1_36", (select id_chave_tipo_curso from tipos_cursos where nome_tipo_curso = "qualificação_profissional"), (SELECT id_chave_instituicao FROM instituicoes WHERE identificador = "senac"));
INSERT INTO cursos (nome_curso, id_tipo_curso, id_instituicao) VALUES ("senac_1_37", (select id_chave_tipo_curso from tipos_cursos where nome_tipo_curso = "aperfeiçoamento"), (SELECT id_chave_instituicao FROM instituicoes WHERE identificador = "senac"));
INSERT INTO cursos (nome_curso, id_tipo_curso, id_instituicao) VALUES ("senac_1_38", (select id_chave_tipo_curso from tipos_cursos where nome_tipo_curso = "aperfeiçoamento"), (SELECT id_chave_instituicao FROM instituicoes WHERE identificador = "senac"));
INSERT INTO cursos (nome_curso, id_tipo_curso, id_instituicao) VALUES ("senac_1_39", (select id_chave_tipo_curso from tipos_cursos where nome_tipo_curso = "aperfeiçoamento"), (SELECT id_chave_instituicao FROM instituicoes WHERE identificador = "senac"));
INSERT INTO cursos (nome_curso, id_tipo_curso, id_instituicao) VALUES ("senac_1_40", (select id_chave_tipo_curso from tipos_cursos where nome_tipo_curso = "aperfeiçoamento"), (SELECT id_chave_instituicao FROM instituicoes WHERE identificador = "senac"));
INSERT INTO cursos (nome_curso, id_tipo_curso, id_instituicao) VALUES ("senac_1_41", (select id_chave_tipo_curso from tipos_cursos where nome_tipo_curso = "aperfeiçoamento"), (SELECT id_chave_instituicao FROM instituicoes WHERE identificador = "senac"));
INSERT INTO cursos (nome_curso, id_tipo_curso, id_instituicao) VALUES ("senac_1_42", (select id_chave_tipo_curso from tipos_cursos where nome_tipo_curso = "aperfeiçoamento"), (SELECT id_chave_instituicao FROM instituicoes WHERE identificador = "senac"));
INSERT INTO cursos (nome_curso, id_tipo_curso, id_instituicao) VALUES ("senac_1_43", (select id_chave_tipo_curso from tipos_cursos where nome_tipo_curso = "aperfeiçoamento"), (SELECT id_chave_instituicao FROM instituicoes WHERE identificador = "senac"));
INSERT INTO cursos (nome_curso, id_tipo_curso, id_instituicao) VALUES ("senac_1_44", (select id_chave_tipo_curso from tipos_cursos where nome_tipo_curso = "aperfeiçoamento"), (SELECT id_chave_instituicao FROM instituicoes WHERE identificador = "senac"));
INSERT INTO cursos (nome_curso, id_tipo_curso, id_instituicao) VALUES ("senac_1_45", (select id_chave_tipo_curso from tipos_cursos where nome_tipo_curso = "aperfeiçoamento"), (SELECT id_chave_instituicao FROM instituicoes WHERE identificador = "senac"));
INSERT INTO cursos (nome_curso, id_tipo_curso, id_instituicao) VALUES ("senac_1_46", (select id_chave_tipo_curso from tipos_cursos where nome_tipo_curso = "aperfeiçoamento"), (SELECT id_chave_instituicao FROM instituicoes WHERE identificador = "senac"));
INSERT INTO cursos (nome_curso, id_tipo_curso, id_instituicao) VALUES ("senac_1_47", (select id_chave_tipo_curso from tipos_cursos where nome_tipo_curso = "aperfeiçoamento"), (SELECT id_chave_instituicao FROM instituicoes WHERE identificador = "senac"));
INSERT INTO cursos (nome_curso, id_tipo_curso, id_instituicao) VALUES ("senac_1_48", (select id_chave_tipo_curso from tipos_cursos where nome_tipo_curso = "aperfeiçoamento"), (SELECT id_chave_instituicao FROM instituicoes WHERE identificador = "senac"));
INSERT INTO cursos (nome_curso, id_tipo_curso, id_instituicao) VALUES ("senac_1_49", (select id_chave_tipo_curso from tipos_cursos where nome_tipo_curso = "aperfeiçoamento"), (SELECT id_chave_instituicao FROM instituicoes WHERE identificador = "senac"));
INSERT INTO cursos (nome_curso, id_tipo_curso, id_instituicao) VALUES ("senac_1_50", (select id_chave_tipo_curso from tipos_cursos where nome_tipo_curso = "aperfeiçoamento"), (SELECT id_chave_instituicao FROM instituicoes WHERE identificador = "senac"));
INSERT INTO cursos (nome_curso, id_tipo_curso, id_instituicao) VALUES ("senac_1_51", (select id_chave_tipo_curso from tipos_cursos where nome_tipo_curso = "aperfeiçoamento"), (SELECT id_chave_instituicao FROM instituicoes WHERE identificador = "senac"));
INSERT INTO cursos (nome_curso, id_tipo_curso, id_instituicao) VALUES ("senac_1_52", (select id_chave_tipo_curso from tipos_cursos where nome_tipo_curso = "aperfeiçoamento"), (SELECT id_chave_instituicao FROM instituicoes WHERE identificador = "senac"));
INSERT INTO cursos (nome_curso, id_tipo_curso, id_instituicao) VALUES ("senac_1_53", (select id_chave_tipo_curso from tipos_cursos where nome_tipo_curso = "aperfeiçoamento"), (SELECT id_chave_instituicao FROM instituicoes WHERE identificador = "senac"));
INSERT INTO cursos (nome_curso, id_tipo_curso, id_instituicao) VALUES ("senac_1_54", (select id_chave_tipo_curso from tipos_cursos where nome_tipo_curso = "aperfeiçoamento"), (SELECT id_chave_instituicao FROM instituicoes WHERE identificador = "senac"));
INSERT INTO cursos (nome_curso, id_tipo_curso, id_instituicao) VALUES ("senac_1_55", (select id_chave_tipo_curso from tipos_cursos where nome_tipo_curso = "aperfeiçoamento"), (SELECT id_chave_instituicao FROM instituicoes WHERE identificador = "senac"));
INSERT INTO cursos (nome_curso, id_tipo_curso, id_instituicao) VALUES ("senac_1_56", (select id_chave_tipo_curso from tipos_cursos where nome_tipo_curso = "aperfeiçoamento"), (SELECT id_chave_instituicao FROM instituicoes WHERE identificador = "senac"));
INSERT INTO cursos (nome_curso, id_tipo_curso, id_instituicao) VALUES ("senac_1_57", (select id_chave_tipo_curso from tipos_cursos where nome_tipo_curso = "qualificação_profissional"), (SELECT id_chave_instituicao FROM instituicoes WHERE identificador = "senac"));
INSERT INTO cursos (nome_curso, id_tipo_curso, id_instituicao) VALUES ("senac_1_58", (select id_chave_tipo_curso from tipos_cursos where nome_tipo_curso = "aperfeiçoamento"), (SELECT id_chave_instituicao FROM instituicoes WHERE identificador = "senac"));
INSERT INTO cursos (nome_curso, id_tipo_curso, id_instituicao) VALUES ("senac_1_59", (select id_chave_tipo_curso from tipos_cursos where nome_tipo_curso = "aperfeiçoamento"), (SELECT id_chave_instituicao FROM instituicoes WHERE identificador = "senac"));
INSERT INTO cursos (nome_curso, id_tipo_curso, id_instituicao) VALUES ("senac_1_60", (select id_chave_tipo_curso from tipos_cursos where nome_tipo_curso = "qualificação_profissional"), (SELECT id_chave_instituicao FROM instituicoes WHERE identificador = "senac"));
INSERT INTO cursos (nome_curso, id_tipo_curso, id_instituicao) VALUES ("senac_1_61", (select id_chave_tipo_curso from tipos_cursos where nome_tipo_curso = "aperfeiçoamento"), (SELECT id_chave_instituicao FROM instituicoes WHERE identificador = "senac"));
INSERT INTO cursos (nome_curso, id_tipo_curso, id_instituicao) VALUES ("senac_1_62", (select id_chave_tipo_curso from tipos_cursos where nome_tipo_curso = "aperfeiçoamento"), (SELECT id_chave_instituicao FROM instituicoes WHERE identificador = "senac"));
INSERT INTO cursos (nome_curso, id_tipo_curso, id_instituicao) VALUES ("senac_1_63", (select id_chave_tipo_curso from tipos_cursos where nome_tipo_curso = "aperfeiçoamento"), (SELECT id_chave_instituicao FROM instituicoes WHERE identificador = "senac"));
INSERT INTO cursos (nome_curso, id_tipo_curso, id_instituicao) VALUES ("senac_1_64", (select id_chave_tipo_curso from tipos_cursos where nome_tipo_curso = "aperfeiçoamento"), (SELECT id_chave_instituicao FROM instituicoes WHERE identificador = "senac"));
INSERT INTO cursos (nome_curso, id_tipo_curso, id_instituicao) VALUES ("senac_1_65", (select id_chave_tipo_curso from tipos_cursos where nome_tipo_curso = "aperfeiçoamento"), (SELECT id_chave_instituicao FROM instituicoes WHERE identificador = "senac"));
INSERT INTO cursos (nome_curso, id_tipo_curso, id_instituicao) VALUES ("senac_1_66", (select id_chave_tipo_curso from tipos_cursos where nome_tipo_curso = "aperfeiçoamento"), (SELECT id_chave_instituicao FROM instituicoes WHERE identificador = "senac"));
INSERT INTO cursos (nome_curso, id_tipo_curso, id_instituicao) VALUES ("senac_1_67", (select id_chave_tipo_curso from tipos_cursos where nome_tipo_curso = "aperfeiçoamento"), (SELECT id_chave_instituicao FROM instituicoes WHERE identificador = "senac"));
INSERT INTO cursos (nome_curso, id_tipo_curso, id_instituicao) VALUES ("senac_1_68", (select id_chave_tipo_curso from tipos_cursos where nome_tipo_curso = "aperfeiçoamento"), (SELECT id_chave_instituicao FROM instituicoes WHERE identificador = "senac"));
INSERT INTO cursos (nome_curso, id_tipo_curso, id_instituicao) VALUES ("senac_1_69", (select id_chave_tipo_curso from tipos_cursos where nome_tipo_curso = "aperfeiçoamento"), (SELECT id_chave_instituicao FROM instituicoes WHERE identificador = "senac"));
INSERT INTO cursos (nome_curso, id_tipo_curso, id_instituicao) VALUES ("senac_1_70", (select id_chave_tipo_curso from tipos_cursos where nome_tipo_curso = "aperfeiçoamento"), (SELECT id_chave_instituicao FROM instituicoes WHERE identificador = "senac"));
INSERT INTO cursos (nome_curso, id_tipo_curso, id_instituicao) VALUES ("senac_1_71", (select id_chave_tipo_curso from tipos_cursos where nome_tipo_curso = "aperfeiçoamento"), (SELECT id_chave_instituicao FROM instituicoes WHERE identificador = "senac"));
INSERT INTO cursos (nome_curso, id_tipo_curso, id_instituicao) VALUES ("senac_1_72", (select id_chave_tipo_curso from tipos_cursos where nome_tipo_curso = "aperfeiçoamento"), (SELECT id_chave_instituicao FROM instituicoes WHERE identificador = "senac"));
INSERT INTO cursos (nome_curso, id_tipo_curso, id_instituicao) VALUES ("senac_1_73", (select id_chave_tipo_curso from tipos_cursos where nome_tipo_curso = "aperfeiçoamento"), (SELECT id_chave_instituicao FROM instituicoes WHERE identificador = "senac"));
INSERT INTO cursos (nome_curso, id_tipo_curso, id_instituicao) VALUES ("senac_1_74", (select id_chave_tipo_curso from tipos_cursos where nome_tipo_curso = "aperfeiçoamento"), (SELECT id_chave_instituicao FROM instituicoes WHERE identificador = "senac"));
INSERT INTO cursos (nome_curso, id_tipo_curso, id_instituicao) VALUES ("senac_1_75", (select id_chave_tipo_curso from tipos_cursos where nome_tipo_curso = "aperfeiçoamento"), (SELECT id_chave_instituicao FROM instituicoes WHERE identificador = "senac"));
INSERT INTO cursos (nome_curso, id_tipo_curso, id_instituicao) VALUES ("senac_1_76", (select id_chave_tipo_curso from tipos_cursos where nome_tipo_curso = "aperfeiçoamento"), (SELECT id_chave_instituicao FROM instituicoes WHERE identificador = "senac"));
INSERT INTO cursos (nome_curso, id_tipo_curso, id_instituicao) VALUES ("senac_1_77", (select id_chave_tipo_curso from tipos_cursos where nome_tipo_curso = "aperfeiçoamento"), (SELECT id_chave_instituicao FROM instituicoes WHERE identificador = "senac"));
INSERT INTO cursos (nome_curso, id_tipo_curso, id_instituicao) VALUES ("senac_1_78", (select id_chave_tipo_curso from tipos_cursos where nome_tipo_curso = "aperfeiçoamento"), (SELECT id_chave_instituicao FROM instituicoes WHERE identificador = "senac"));
INSERT INTO cursos (nome_curso, id_tipo_curso, id_instituicao) VALUES ("senac_1_79", (select id_chave_tipo_curso from tipos_cursos where nome_tipo_curso = "qualificação_profissional"), (SELECT id_chave_instituicao FROM instituicoes WHERE identificador = "senac"));
INSERT INTO cursos (nome_curso, id_tipo_curso, id_instituicao) VALUES ("senac_1_80", (select id_chave_tipo_curso from tipos_cursos where nome_tipo_curso = "aperfeiçoamento"), (SELECT id_chave_instituicao FROM instituicoes WHERE identificador = "senac"));
INSERT INTO cursos (nome_curso, id_tipo_curso, id_instituicao) VALUES ("senac_1_81", (select id_chave_tipo_curso from tipos_cursos where nome_tipo_curso = "aperfeiçoamento"), (SELECT id_chave_instituicao FROM instituicoes WHERE identificador = "senac"));
INSERT INTO cursos (nome_curso, id_tipo_curso, id_instituicao) VALUES ("senac_1_82", (select id_chave_tipo_curso from tipos_cursos where nome_tipo_curso = "aperfeiçoamento"), (SELECT id_chave_instituicao FROM instituicoes WHERE identificador = "senac"));
INSERT INTO cursos (nome_curso, id_tipo_curso, id_instituicao) VALUES ("senac_1_83", (select id_chave_tipo_curso from tipos_cursos where nome_tipo_curso = "qualificação_profissional"), (SELECT id_chave_instituicao FROM instituicoes WHERE identificador = "senac"));
INSERT INTO cursos (nome_curso, id_tipo_curso, id_instituicao) VALUES ("senac_1_84", (select id_chave_tipo_curso from tipos_cursos where nome_tipo_curso = "aperfeiçoamento"), (SELECT id_chave_instituicao FROM instituicoes WHERE identificador = "senac"));
INSERT INTO cursos (nome_curso, id_tipo_curso, id_instituicao) VALUES ("senac_1_85", (select id_chave_tipo_curso from tipos_cursos where nome_tipo_curso = "qualificação_profissional"), (SELECT id_chave_instituicao FROM instituicoes WHERE identificador = "senac"));
INSERT INTO cursos (nome_curso, id_tipo_curso, id_instituicao) VALUES ("senac_1_86", (select id_chave_tipo_curso from tipos_cursos where nome_tipo_curso = "qualificação_profissional"), (SELECT id_chave_instituicao FROM instituicoes WHERE identificador = "senac"));
INSERT INTO cursos (nome_curso, id_tipo_curso, id_instituicao) VALUES ("senac_1_87", (select id_chave_tipo_curso from tipos_cursos where nome_tipo_curso = "qualificação_profissional"), (SELECT id_chave_instituicao FROM instituicoes WHERE identificador = "senac"));
INSERT INTO cursos (nome_curso, id_tipo_curso, id_instituicao) VALUES ("senac_1_88", (select id_chave_tipo_curso from tipos_cursos where nome_tipo_curso = "qualificação_profissional"), (SELECT id_chave_instituicao FROM instituicoes WHERE identificador = "senac"));
INSERT INTO cursos (nome_curso, id_tipo_curso, id_instituicao) VALUES ("senac_1_89", (select id_chave_tipo_curso from tipos_cursos where nome_tipo_curso = "qualificação_profissional"), (SELECT id_chave_instituicao FROM instituicoes WHERE identificador = "senac"));
INSERT INTO cursos (nome_curso, id_tipo_curso, id_instituicao) VALUES ("senac_1_90", (select id_chave_tipo_curso from tipos_cursos where nome_tipo_curso = "qualificação_profissional"), (SELECT id_chave_instituicao FROM instituicoes WHERE identificador = "senac"));
INSERT INTO cursos (nome_curso, id_tipo_curso, id_instituicao) VALUES ("senac_1_91", (select id_chave_tipo_curso from tipos_cursos where nome_tipo_curso = "qualificação_profissional"), (SELECT id_chave_instituicao FROM instituicoes WHERE identificador = "senac"));
INSERT INTO cursos (nome_curso, id_tipo_curso, id_instituicao) VALUES ("senac_1_92", (select id_chave_tipo_curso from tipos_cursos where nome_tipo_curso = "qualificação_profissional"), (SELECT id_chave_instituicao FROM instituicoes WHERE identificador = "senac"));
INSERT INTO cursos (nome_curso, id_tipo_curso, id_instituicao) VALUES ("senac_1_93", (select id_chave_tipo_curso from tipos_cursos where nome_tipo_curso = "qualificação_profissional"), (SELECT id_chave_instituicao FROM instituicoes WHERE identificador = "senac"));
INSERT INTO cursos (nome_curso, id_tipo_curso, id_instituicao) VALUES ("senac_1_94", (select id_chave_tipo_curso from tipos_cursos where nome_tipo_curso = "qualificação_profissional"), (SELECT id_chave_instituicao FROM instituicoes WHERE identificador = "senac"));
INSERT INTO cursos (nome_curso, id_tipo_curso, id_instituicao) VALUES ("senac_1_95", (select id_chave_tipo_curso from tipos_cursos where nome_tipo_curso = "qualificação_profissional"), (SELECT id_chave_instituicao FROM instituicoes WHERE identificador = "senac"));
INSERT INTO cursos (nome_curso, id_tipo_curso, id_instituicao) VALUES ("senac_1_96", (select id_chave_tipo_curso from tipos_cursos where nome_tipo_curso = "aperfeiçoamento"), (SELECT id_chave_instituicao FROM instituicoes WHERE identificador = "senac"));
INSERT INTO cursos (nome_curso, id_tipo_curso, id_instituicao) VALUES ("senac_1_97", (select id_chave_tipo_curso from tipos_cursos where nome_tipo_curso = "aperfeiçoamento"), (SELECT id_chave_instituicao FROM instituicoes WHERE identificador = "senac"));
INSERT INTO cursos (nome_curso, id_tipo_curso, id_instituicao) VALUES ("senac_1_98", (select id_chave_tipo_curso from tipos_cursos where nome_tipo_curso = "aperfeiçoamento"), (SELECT id_chave_instituicao FROM instituicoes WHERE identificador = "senac"));
INSERT INTO cursos (nome_curso, id_tipo_curso, id_instituicao) VALUES ("senac_1_99", (select id_chave_tipo_curso from tipos_cursos where nome_tipo_curso = "aperfeiçoamento"), (SELECT id_chave_instituicao FROM instituicoes WHERE identificador = "senac"));
INSERT INTO cursos (nome_curso, id_tipo_curso, id_instituicao) VALUES ("senac_1_100", (select id_chave_tipo_curso from tipos_cursos where nome_tipo_curso = "aperfeiçoamento"), (SELECT id_chave_instituicao FROM instituicoes WHERE identificador = "senac"));
INSERT INTO cursos (nome_curso, id_tipo_curso, id_instituicao) VALUES ("senac_1_101", (select id_chave_tipo_curso from tipos_cursos where nome_tipo_curso = "aperfeiçoamento"), (SELECT id_chave_instituicao FROM instituicoes WHERE identificador = "senac"));
INSERT INTO cursos (nome_curso, id_tipo_curso, id_instituicao) VALUES ("senac_1_102", (select id_chave_tipo_curso from tipos_cursos where nome_tipo_curso = "aperfeiçoamento"), (SELECT id_chave_instituicao FROM instituicoes WHERE identificador = "senac"));
INSERT INTO cursos (nome_curso, id_tipo_curso, id_instituicao) VALUES ("senac_1_103", (select id_chave_tipo_curso from tipos_cursos where nome_tipo_curso = "aperfeiçoamento"), (SELECT id_chave_instituicao FROM instituicoes WHERE identificador = "senac"));
INSERT INTO cursos (nome_curso, id_tipo_curso, id_instituicao) VALUES ("senac_1_104", (select id_chave_tipo_curso from tipos_cursos where nome_tipo_curso = "aperfeiçoamento"), (SELECT id_chave_instituicao FROM instituicoes WHERE identificador = "senac"));
INSERT INTO cursos (nome_curso, id_tipo_curso, id_instituicao) VALUES ("senac_1_105", (select id_chave_tipo_curso from tipos_cursos where nome_tipo_curso = "aperfeiçoamento"), (SELECT id_chave_instituicao FROM instituicoes WHERE identificador = "senac"));
INSERT INTO cursos (nome_curso, id_tipo_curso, id_instituicao) VALUES ("senac_1_106", (select id_chave_tipo_curso from tipos_cursos where nome_tipo_curso = "aperfeiçoamento"), (SELECT id_chave_instituicao FROM instituicoes WHERE identificador = "senac"));
INSERT INTO cursos (nome_curso, id_tipo_curso, id_instituicao) VALUES ("senac_1_107", (select id_chave_tipo_curso from tipos_cursos where nome_tipo_curso = "aperfeiçoamento"), (SELECT id_chave_instituicao FROM instituicoes WHERE identificador = "senac"));
INSERT INTO cursos (nome_curso, id_tipo_curso, id_instituicao) VALUES ("senac_1_108", (select id_chave_tipo_curso from tipos_cursos where nome_tipo_curso = "aperfeiçoamento"), (SELECT id_chave_instituicao FROM instituicoes WHERE identificador = "senac"));
INSERT INTO cursos (nome_curso, id_tipo_curso, id_instituicao) VALUES ("senac_1_109", (select id_chave_tipo_curso from tipos_cursos where nome_tipo_curso = "aperfeiçoamento"), (SELECT id_chave_instituicao FROM instituicoes WHERE identificador = "senac"));
INSERT INTO cursos (nome_curso, id_tipo_curso, id_instituicao) VALUES ("senac_1_110", (select id_chave_tipo_curso from tipos_cursos where nome_tipo_curso = "aperfeiçoamento"), (SELECT id_chave_instituicao FROM instituicoes WHERE identificador = "senac"));
INSERT INTO cursos (nome_curso, id_tipo_curso, id_instituicao) VALUES ("senac_1_111", (select id_chave_tipo_curso from tipos_cursos where nome_tipo_curso = "qualificação_profissional"), (SELECT id_chave_instituicao FROM instituicoes WHERE identificador = "senac"));
INSERT INTO cursos (nome_curso, id_tipo_curso, id_instituicao) VALUES ("senac_1_112", (select id_chave_tipo_curso from tipos_cursos where nome_tipo_curso = "aperfeiçoamento"), (SELECT id_chave_instituicao FROM instituicoes WHERE identificador = "senac"));
INSERT INTO cursos (nome_curso, id_tipo_curso, id_instituicao) VALUES ("senac_1_113", (select id_chave_tipo_curso from tipos_cursos where nome_tipo_curso = "aperfeiçoamento"), (SELECT id_chave_instituicao FROM instituicoes WHERE identificador = "senac"));
INSERT INTO cursos (nome_curso, id_tipo_curso, id_instituicao) VALUES ("senac_1_114", (select id_chave_tipo_curso from tipos_cursos where nome_tipo_curso = "aperfeiçoamento"), (SELECT id_chave_instituicao FROM instituicoes WHERE identificador = "senac"));
INSERT INTO cursos (nome_curso, id_tipo_curso, id_instituicao) VALUES ("senac_1_115", (select id_chave_tipo_curso from tipos_cursos where nome_tipo_curso = "aperfeiçoamento"), (SELECT id_chave_instituicao FROM instituicoes WHERE identificador = "senac"));
INSERT INTO cursos (nome_curso, id_tipo_curso, id_instituicao) VALUES ("senac_1_116", (select id_chave_tipo_curso from tipos_cursos where nome_tipo_curso = "aperfeiçoamento"), (SELECT id_chave_instituicao FROM instituicoes WHERE identificador = "senac"));
INSERT INTO cursos (nome_curso, id_tipo_curso, id_instituicao) VALUES ("senac_1_117", (select id_chave_tipo_curso from tipos_cursos where nome_tipo_curso = "aperfeiçoamento"), (SELECT id_chave_instituicao FROM instituicoes WHERE identificador = "senac"));
INSERT INTO cursos (nome_curso, id_tipo_curso, id_instituicao) VALUES ("senac_1_118", (select id_chave_tipo_curso from tipos_cursos where nome_tipo_curso = "aperfeiçoamento"), (SELECT id_chave_instituicao FROM instituicoes WHERE identificador = "senac"));
INSERT INTO cursos (nome_curso, id_tipo_curso, id_instituicao) VALUES ("senac_1_119", (select id_chave_tipo_curso from tipos_cursos where nome_tipo_curso = "aperfeiçoamento"), (SELECT id_chave_instituicao FROM instituicoes WHERE identificador = "senac"));
INSERT INTO cursos (nome_curso, id_tipo_curso, id_instituicao) VALUES ("senac_1_120", (select id_chave_tipo_curso from tipos_cursos where nome_tipo_curso = "aperfeiçoamento"), (SELECT id_chave_instituicao FROM instituicoes WHERE identificador = "senac"));
INSERT INTO cursos (nome_curso, id_tipo_curso, id_instituicao) VALUES ("senac_1_121", (select id_chave_tipo_curso from tipos_cursos where nome_tipo_curso = "aperfeiçoamento"), (SELECT id_chave_instituicao FROM instituicoes WHERE identificador = "senac"));
INSERT INTO cursos (nome_curso, id_tipo_curso, id_instituicao) VALUES ("senac_1_122", (select id_chave_tipo_curso from tipos_cursos where nome_tipo_curso = "aperfeiçoamento"), (SELECT id_chave_instituicao FROM instituicoes WHERE identificador = "senac"));
INSERT INTO cursos (nome_curso, id_tipo_curso, id_instituicao) VALUES ("senac_1_123", (select id_chave_tipo_curso from tipos_cursos where nome_tipo_curso = "aperfeiçoamento"), (SELECT id_chave_instituicao FROM instituicoes WHERE identificador = "senac"));
INSERT INTO cursos (nome_curso, id_tipo_curso, id_instituicao) VALUES ("senac_1_124", (select id_chave_tipo_curso from tipos_cursos where nome_tipo_curso = "aperfeiçoamento"), (SELECT id_chave_instituicao FROM instituicoes WHERE identificador = "senac"));
INSERT INTO cursos (nome_curso, id_tipo_curso, id_instituicao) VALUES ("senac_1_125", (select id_chave_tipo_curso from tipos_cursos where nome_tipo_curso = "aperfeiçoamento"), (SELECT id_chave_instituicao FROM instituicoes WHERE identificador = "senac"));
INSERT INTO cursos (nome_curso, id_tipo_curso, id_instituicao) VALUES ("senac_1_126", (select id_chave_tipo_curso from tipos_cursos where nome_tipo_curso = "aperfeiçoamento"), (SELECT id_chave_instituicao FROM instituicoes WHERE identificador = "senac"));
INSERT INTO cursos (nome_curso, id_tipo_curso, id_instituicao) VALUES ("senac_1_127", (select id_chave_tipo_curso from tipos_cursos where nome_tipo_curso = "qualificação_profissional"), (SELECT id_chave_instituicao FROM instituicoes WHERE identificador = "senac"));
INSERT INTO cursos (nome_curso, id_tipo_curso, id_instituicao) VALUES ("senac_1_128", (select id_chave_tipo_curso from tipos_cursos where nome_tipo_curso = "aperfeiçoamento"), (SELECT id_chave_instituicao FROM instituicoes WHERE identificador = "senac"));
INSERT INTO cursos (nome_curso, id_tipo_curso, id_instituicao) VALUES ("senac_1_129", (select id_chave_tipo_curso from tipos_cursos where nome_tipo_curso = "qualificação_profissional"), (SELECT id_chave_instituicao FROM instituicoes WHERE identificador = "senac"));
INSERT INTO cursos (nome_curso, id_tipo_curso, id_instituicao) VALUES ("senac_1_130", (select id_chave_tipo_curso from tipos_cursos where nome_tipo_curso = "aperfeiçoamento"), (SELECT id_chave_instituicao FROM instituicoes WHERE identificador = "senac"));
INSERT INTO cursos (nome_curso, id_tipo_curso, id_instituicao) VALUES ("senac_1_131", (select id_chave_tipo_curso from tipos_cursos where nome_tipo_curso = "aperfeiçoamento"), (SELECT id_chave_instituicao FROM instituicoes WHERE identificador = "senac"));
INSERT INTO cursos (nome_curso, id_tipo_curso, id_instituicao) VALUES ("senac_1_132", (select id_chave_tipo_curso from tipos_cursos where nome_tipo_curso = "aperfeiçoamento"), (SELECT id_chave_instituicao FROM instituicoes WHERE identificador = "senac"));
INSERT INTO cursos (nome_curso, id_tipo_curso, id_instituicao) VALUES ("senac_1_133", (select id_chave_tipo_curso from tipos_cursos where nome_tipo_curso = "qualificação_profissional"), (SELECT id_chave_instituicao FROM instituicoes WHERE identificador = "senac"));
INSERT INTO cursos (nome_curso, id_tipo_curso, id_instituicao) VALUES ("senac_1_134", (select id_chave_tipo_curso from tipos_cursos where nome_tipo_curso = "qualificação_profissional"), (SELECT id_chave_instituicao FROM instituicoes WHERE identificador = "senac"));
INSERT INTO cursos (nome_curso, id_tipo_curso, id_instituicao) VALUES ("senac_1_135", (select id_chave_tipo_curso from tipos_cursos where nome_tipo_curso = "aperfeiçoamento"), (SELECT id_chave_instituicao FROM instituicoes WHERE identificador = "senac"));
INSERT INTO cursos (nome_curso, id_tipo_curso, id_instituicao) VALUES ("senac_1_136", (select id_chave_tipo_curso from tipos_cursos where nome_tipo_curso = "qualificação_profissional"), (SELECT id_chave_instituicao FROM instituicoes WHERE identificador = "senac"));
INSERT INTO cursos (nome_curso, id_tipo_curso, id_instituicao) VALUES ("senac_1_137", (select id_chave_tipo_curso from tipos_cursos where nome_tipo_curso = "aperfeiçoamento"), (SELECT id_chave_instituicao FROM instituicoes WHERE identificador = "senac"));
INSERT INTO cursos (nome_curso, id_tipo_curso, id_instituicao) VALUES ("senac_1_138", (select id_chave_tipo_curso from tipos_cursos where nome_tipo_curso = "aperfeiçoamento"), (SELECT id_chave_instituicao FROM instituicoes WHERE identificador = "senac"));
INSERT INTO cursos (nome_curso, id_tipo_curso, id_instituicao) VALUES ("senac_1_139", (select id_chave_tipo_curso from tipos_cursos where nome_tipo_curso = "qualificação_profissional"), (SELECT id_chave_instituicao FROM instituicoes WHERE identificador = "senac"));
INSERT INTO cursos (nome_curso, id_tipo_curso, id_instituicao) VALUES ("senac_1_140", (select id_chave_tipo_curso from tipos_cursos where nome_tipo_curso = "aperfeiçoamento"), (SELECT id_chave_instituicao FROM instituicoes WHERE identificador = "senac"));
INSERT INTO cursos (nome_curso, id_tipo_curso, id_instituicao) VALUES ("senac_1_141", (select id_chave_tipo_curso from tipos_cursos where nome_tipo_curso = "aperfeiçoamento"), (SELECT id_chave_instituicao FROM instituicoes WHERE identificador = "senac"));
INSERT INTO cursos (nome_curso, id_tipo_curso, id_instituicao) VALUES ("senac_1_142", (select id_chave_tipo_curso from tipos_cursos where nome_tipo_curso = "qualificação_profissional"), (SELECT id_chave_instituicao FROM instituicoes WHERE identificador = "senac"));
INSERT INTO cursos (nome_curso, id_tipo_curso, id_instituicao) VALUES ("senac_1_143", (select id_chave_tipo_curso from tipos_cursos where nome_tipo_curso = "aperfeiçoamento"), (SELECT id_chave_instituicao FROM instituicoes WHERE identificador = "senac"));
INSERT INTO cursos (nome_curso, id_tipo_curso, id_instituicao) VALUES ("senac_1_144", (select id_chave_tipo_curso from tipos_cursos where nome_tipo_curso = "qualificação_profissional"), (SELECT id_chave_instituicao FROM instituicoes WHERE identificador = "senac"));
INSERT INTO cursos (nome_curso, id_tipo_curso, id_instituicao) VALUES ("senac_1_145", (select id_chave_tipo_curso from tipos_cursos where nome_tipo_curso = "qualificação_profissional"), (SELECT id_chave_instituicao FROM instituicoes WHERE identificador = "senac"));
INSERT INTO cursos (nome_curso, id_tipo_curso, id_instituicao) VALUES ("senac_1_146", (select id_chave_tipo_curso from tipos_cursos where nome_tipo_curso = "aperfeiçoamento"), (SELECT id_chave_instituicao FROM instituicoes WHERE identificador = "senac"));
INSERT INTO cursos (nome_curso, id_tipo_curso, id_instituicao) VALUES ("senac_1_147", (select id_chave_tipo_curso from tipos_cursos where nome_tipo_curso = "qualificação_profissional"), (SELECT id_chave_instituicao FROM instituicoes WHERE identificador = "senac"));
INSERT INTO cursos (nome_curso, id_tipo_curso, id_instituicao) VALUES ("senac_1_148", (select id_chave_tipo_curso from tipos_cursos where nome_tipo_curso = "qualificação_profissional"), (SELECT id_chave_instituicao FROM instituicoes WHERE identificador = "senac"));
INSERT INTO cursos (nome_curso, id_tipo_curso, id_instituicao) VALUES ("senac_1_149", (select id_chave_tipo_curso from tipos_cursos where nome_tipo_curso = "qualificação_profissional"), (SELECT id_chave_instituicao FROM instituicoes WHERE identificador = "senac"));
INSERT INTO cursos (nome_curso, id_tipo_curso, id_instituicao) VALUES ("senac_1_150", (select id_chave_tipo_curso from tipos_cursos where nome_tipo_curso = "qualificação_profissional"), (SELECT id_chave_instituicao FROM instituicoes WHERE identificador = "senac"));
INSERT INTO cursos (nome_curso, id_tipo_curso, id_instituicao) VALUES ("senac_1_151", (select id_chave_tipo_curso from tipos_cursos where nome_tipo_curso = "qualificação_profissional"), (SELECT id_chave_instituicao FROM instituicoes WHERE identificador = "senac"));
INSERT INTO cursos (nome_curso, id_tipo_curso, id_instituicao) VALUES ("senac_1_152", (select id_chave_tipo_curso from tipos_cursos where nome_tipo_curso = "qualificação_profissional"), (SELECT id_chave_instituicao FROM instituicoes WHERE identificador = "senac"));
INSERT INTO cursos (nome_curso, id_tipo_curso, id_instituicao) VALUES ("senac_1_153", (select id_chave_tipo_curso from tipos_cursos where nome_tipo_curso = "qualificação_profissional"), (SELECT id_chave_instituicao FROM instituicoes WHERE identificador = "senac"));
INSERT INTO cursos (nome_curso, id_tipo_curso, id_instituicao) VALUES ("senac_1_154", (select id_chave_tipo_curso from tipos_cursos where nome_tipo_curso = "qualificação_profissional"), (SELECT id_chave_instituicao FROM instituicoes WHERE identificador = "senac"));
INSERT INTO cursos (nome_curso, id_tipo_curso, id_instituicao) VALUES ("senac_1_155", (select id_chave_tipo_curso from tipos_cursos where nome_tipo_curso = "qualificação_profissional"), (SELECT id_chave_instituicao FROM instituicoes WHERE identificador = "senac"));
INSERT INTO cursos (nome_curso, id_tipo_curso, id_instituicao) VALUES ("senac_1_156", (select id_chave_tipo_curso from tipos_cursos where nome_tipo_curso = "qualificação_profissional"), (SELECT id_chave_instituicao FROM instituicoes WHERE identificador = "senac"));
INSERT INTO cursos (nome_curso, id_tipo_curso, id_instituicao) VALUES ("senac_1_157", (select id_chave_tipo_curso from tipos_cursos where nome_tipo_curso = "qualificação_profissional"), (SELECT id_chave_instituicao FROM instituicoes WHERE identificador = "senac"));
INSERT INTO cursos (nome_curso, id_tipo_curso, id_instituicao) VALUES ("senac_1_158", (select id_chave_tipo_curso from tipos_cursos where nome_tipo_curso = "qualificação_profissional"), (SELECT id_chave_instituicao FROM instituicoes WHERE identificador = "senac"));
INSERT INTO cursos (nome_curso, id_tipo_curso, id_instituicao) VALUES ("senac_1_159", (select id_chave_tipo_curso from tipos_cursos where nome_tipo_curso = "qualificação_profissional"), (SELECT id_chave_instituicao FROM instituicoes WHERE identificador = "senac"));
INSERT INTO cursos (nome_curso, id_tipo_curso, id_instituicao) VALUES ("senac_1_160", (select id_chave_tipo_curso from tipos_cursos where nome_tipo_curso = "aperfeiçoamento"), (SELECT id_chave_instituicao FROM instituicoes WHERE identificador = "senac"));
INSERT INTO cursos (nome_curso, id_tipo_curso, id_instituicao) VALUES ("senac_1_161", (select id_chave_tipo_curso from tipos_cursos where nome_tipo_curso = "aperfeiçoamento"), (SELECT id_chave_instituicao FROM instituicoes WHERE identificador = "senac"));
INSERT INTO cursos (nome_curso, id_tipo_curso, id_instituicao) VALUES ("senac_1_162", (select id_chave_tipo_curso from tipos_cursos where nome_tipo_curso = "qualificação_profissional"), (SELECT id_chave_instituicao FROM instituicoes WHERE identificador = "senac"));
INSERT INTO cursos (nome_curso, id_tipo_curso, id_instituicao) VALUES ("senac_1_163", (select id_chave_tipo_curso from tipos_cursos where nome_tipo_curso = "aperfeiçoamento"), (SELECT id_chave_instituicao FROM instituicoes WHERE identificador = "senac"));
INSERT INTO cursos (nome_curso, id_tipo_curso, id_instituicao) VALUES ("senac_1_164", (select id_chave_tipo_curso from tipos_cursos where nome_tipo_curso = "aperfeiçoamento"), (SELECT id_chave_instituicao FROM instituicoes WHERE identificador = "senac"));
INSERT INTO cursos (nome_curso, id_tipo_curso, id_instituicao) VALUES ("senac_1_165", (select id_chave_tipo_curso from tipos_cursos where nome_tipo_curso = "qualificação_profissional"), (SELECT id_chave_instituicao FROM instituicoes WHERE identificador = "senac"));
INSERT INTO cursos (nome_curso, id_tipo_curso, id_instituicao) VALUES ("senac_1_166", (select id_chave_tipo_curso from tipos_cursos where nome_tipo_curso = "aperfeiçoamento"), (SELECT id_chave_instituicao FROM instituicoes WHERE identificador = "senac"));
INSERT INTO cursos (nome_curso, id_tipo_curso, id_instituicao) VALUES ("senac_1_167", (select id_chave_tipo_curso from tipos_cursos where nome_tipo_curso = "aperfeiçoamento"), (SELECT id_chave_instituicao FROM instituicoes WHERE identificador = "senac"));
INSERT INTO cursos (nome_curso, id_tipo_curso, id_instituicao) VALUES ("senac_1_168", (select id_chave_tipo_curso from tipos_cursos where nome_tipo_curso = "aperfeiçoamento"), (SELECT id_chave_instituicao FROM instituicoes WHERE identificador = "senac"));
INSERT INTO cursos (nome_curso, id_tipo_curso, id_instituicao) VALUES ("senac_1_169", (select id_chave_tipo_curso from tipos_cursos where nome_tipo_curso = "aperfeiçoamento"), (SELECT id_chave_instituicao FROM instituicoes WHERE identificador = "senac"));
INSERT INTO cursos (nome_curso, id_tipo_curso, id_instituicao) VALUES ("senac_1_170", (select id_chave_tipo_curso from tipos_cursos where nome_tipo_curso = "aperfeiçoamento"), (SELECT id_chave_instituicao FROM instituicoes WHERE identificador = "senac"));
INSERT INTO cursos (nome_curso, id_tipo_curso, id_instituicao) VALUES ("senac_1_171", (select id_chave_tipo_curso from tipos_cursos where nome_tipo_curso = "aperfeiçoamento"), (SELECT id_chave_instituicao FROM instituicoes WHERE identificador = "senac"));
INSERT INTO cursos (nome_curso, id_tipo_curso, id_instituicao) VALUES ("senac_1_172", (select id_chave_tipo_curso from tipos_cursos where nome_tipo_curso = "aperfeiçoamento"), (SELECT id_chave_instituicao FROM instituicoes WHERE identificador = "senac"));
INSERT INTO cursos (nome_curso, id_tipo_curso, id_instituicao) VALUES ("senac_1_173", (select id_chave_tipo_curso from tipos_cursos where nome_tipo_curso = "qualificação_profissional"), (SELECT id_chave_instituicao FROM instituicoes WHERE identificador = "senac"));
INSERT INTO cursos (nome_curso, id_tipo_curso, id_instituicao) VALUES ("senac_1_174", (select id_chave_tipo_curso from tipos_cursos where nome_tipo_curso = "aperfeiçoamento"), (SELECT id_chave_instituicao FROM instituicoes WHERE identificador = "senac"));
INSERT INTO cursos (nome_curso, id_tipo_curso, id_instituicao) VALUES ("senac_1_175", (select id_chave_tipo_curso from tipos_cursos where nome_tipo_curso = "aperfeiçoamento"), (SELECT id_chave_instituicao FROM instituicoes WHERE identificador = "senac"));
INSERT INTO cursos (nome_curso, id_tipo_curso, id_instituicao) VALUES ("senac_1_176", (select id_chave_tipo_curso from tipos_cursos where nome_tipo_curso = "qualificação_profissional"), (SELECT id_chave_instituicao FROM instituicoes WHERE identificador = "senac"));
INSERT INTO cursos (nome_curso, id_tipo_curso, id_instituicao) VALUES ("senac_1_177", (select id_chave_tipo_curso from tipos_cursos where nome_tipo_curso = "qualificação_profissional"), (SELECT id_chave_instituicao FROM instituicoes WHERE identificador = "senac"));
INSERT INTO cursos (nome_curso, id_tipo_curso, id_instituicao) VALUES ("senac_1_178", (select id_chave_tipo_curso from tipos_cursos where nome_tipo_curso = "qualificação_profissional"), (SELECT id_chave_instituicao FROM instituicoes WHERE identificador = "senac"));
INSERT INTO cursos (nome_curso, id_tipo_curso, id_instituicao) VALUES ("senac_1_179", (select id_chave_tipo_curso from tipos_cursos where nome_tipo_curso = "aperfeiçoamento"), (SELECT id_chave_instituicao FROM instituicoes WHERE identificador = "senac"));
INSERT INTO cursos (nome_curso, id_tipo_curso, id_instituicao) VALUES ("senac_1_180", (select id_chave_tipo_curso from tipos_cursos where nome_tipo_curso = "aperfeiçoamento"), (SELECT id_chave_instituicao FROM instituicoes WHERE identificador = "senac"));
INSERT INTO cursos (nome_curso, id_tipo_curso, id_instituicao) VALUES ("senac_1_181", (select id_chave_tipo_curso from tipos_cursos where nome_tipo_curso = "aperfeiçoamento"), (SELECT id_chave_instituicao FROM instituicoes WHERE identificador = "senac"));
INSERT INTO cursos (nome_curso, id_tipo_curso, id_instituicao) VALUES ("senac_1_182", (select id_chave_tipo_curso from tipos_cursos where nome_tipo_curso = "aperfeiçoamento"), (SELECT id_chave_instituicao FROM instituicoes WHERE identificador = "senac"));
INSERT INTO cursos (nome_curso, id_tipo_curso, id_instituicao) VALUES ("senac_1_183", (select id_chave_tipo_curso from tipos_cursos where nome_tipo_curso = "aperfeiçoamento"), (SELECT id_chave_instituicao FROM instituicoes WHERE identificador = "senac"));
INSERT INTO cursos (nome_curso, id_tipo_curso, id_instituicao) VALUES ("senac_1_184", (select id_chave_tipo_curso from tipos_cursos where nome_tipo_curso = "aperfeiçoamento"), (SELECT id_chave_instituicao FROM instituicoes WHERE identificador = "senac"));
INSERT INTO cursos (nome_curso, id_tipo_curso, id_instituicao) VALUES ("senac_1_185", (select id_chave_tipo_curso from tipos_cursos where nome_tipo_curso = "aperfeiçoamento"), (SELECT id_chave_instituicao FROM instituicoes WHERE identificador = "senac"));
INSERT INTO cursos (nome_curso, id_tipo_curso, id_instituicao) VALUES ("senac_1_186", (select id_chave_tipo_curso from tipos_cursos where nome_tipo_curso = "qualificação_profissional"), (SELECT id_chave_instituicao FROM instituicoes WHERE identificador = "senac"));
INSERT INTO cursos (nome_curso, id_tipo_curso, id_instituicao) VALUES ("senac_1_187", (select id_chave_tipo_curso from tipos_cursos where nome_tipo_curso = "aperfeiçoamento"), (SELECT id_chave_instituicao FROM instituicoes WHERE identificador = "senac"));
INSERT INTO cursos (nome_curso, id_tipo_curso, id_instituicao) VALUES ("senac_1_188", (select id_chave_tipo_curso from tipos_cursos where nome_tipo_curso = "aperfeiçoamento"), (SELECT id_chave_instituicao FROM instituicoes WHERE identificador = "senac"));
INSERT INTO cursos (nome_curso, id_tipo_curso, id_instituicao) VALUES ("senac_1_189", (select id_chave_tipo_curso from tipos_cursos where nome_tipo_curso = "aperfeiçoamento"), (SELECT id_chave_instituicao FROM instituicoes WHERE identificador = "senac"));
INSERT INTO cursos (nome_curso, id_tipo_curso, id_instituicao) VALUES ("senac_1_190", (select id_chave_tipo_curso from tipos_cursos where nome_tipo_curso = "qualificação_profissional"), (SELECT id_chave_instituicao FROM instituicoes WHERE identificador = "senac"));
INSERT INTO cursos (nome_curso, id_tipo_curso, id_instituicao) VALUES ("senac_1_191", (select id_chave_tipo_curso from tipos_cursos where nome_tipo_curso = "qualificação_profissional"), (SELECT id_chave_instituicao FROM instituicoes WHERE identificador = "senac"));
INSERT INTO cursos (nome_curso, id_tipo_curso, id_instituicao) VALUES ("senac_1_192", (select id_chave_tipo_curso from tipos_cursos where nome_tipo_curso = "qualificação_profissional"), (SELECT id_chave_instituicao FROM instituicoes WHERE identificador = "senac"));
INSERT INTO cursos (nome_curso, id_tipo_curso, id_instituicao) VALUES ("senac_1_193", (select id_chave_tipo_curso from tipos_cursos where nome_tipo_curso = "qualificação_profissional"), (SELECT id_chave_instituicao FROM instituicoes WHERE identificador = "senac"));
INSERT INTO cursos (nome_curso, id_tipo_curso, id_instituicao) VALUES ("senac_1_194", (select id_chave_tipo_curso from tipos_cursos where nome_tipo_curso = "qualificação_profissional"), (SELECT id_chave_instituicao FROM instituicoes WHERE identificador = "senac"));
INSERT INTO cursos (nome_curso, id_tipo_curso, id_instituicao) VALUES ("senac_1_195", (select id_chave_tipo_curso from tipos_cursos where nome_tipo_curso = "qualificação_profissional"), (SELECT id_chave_instituicao FROM instituicoes WHERE identificador = "senac"));
INSERT INTO cursos (nome_curso, id_tipo_curso, id_instituicao) VALUES ("senac_1_196", (select id_chave_tipo_curso from tipos_cursos where nome_tipo_curso = "qualificação_profissional"), (SELECT id_chave_instituicao FROM instituicoes WHERE identificador = "senac"));
INSERT INTO cursos (nome_curso, id_tipo_curso, id_instituicao) VALUES ("senac_1_197", (select id_chave_tipo_curso from tipos_cursos where nome_tipo_curso = "qualificação_profissional"), (SELECT id_chave_instituicao FROM instituicoes WHERE identificador = "senac"));
INSERT INTO cursos (nome_curso, id_tipo_curso, id_instituicao) VALUES ("senac_1_198", (select id_chave_tipo_curso from tipos_cursos where nome_tipo_curso = "qualificação_profissional"), (SELECT id_chave_instituicao FROM instituicoes WHERE identificador = "senac"));
INSERT INTO cursos (nome_curso, id_tipo_curso, id_instituicao) VALUES ("senac_1_199", (select id_chave_tipo_curso from tipos_cursos where nome_tipo_curso = "aperfeiçoamento"), (SELECT id_chave_instituicao FROM instituicoes WHERE identificador = "senac"));
INSERT INTO cursos (nome_curso, id_tipo_curso, id_instituicao) VALUES ("senac_1_200", (select id_chave_tipo_curso from tipos_cursos where nome_tipo_curso = "aperfeiçoamento"), (SELECT id_chave_instituicao FROM instituicoes WHERE identificador = "senac"));
INSERT INTO cursos (nome_curso, id_tipo_curso, id_instituicao) VALUES ("senac_1_201", (select id_chave_tipo_curso from tipos_cursos where nome_tipo_curso = "aperfeiçoamento"), (SELECT id_chave_instituicao FROM instituicoes WHERE identificador = "senac"));
INSERT INTO cursos (nome_curso, id_tipo_curso, id_instituicao) VALUES ("senac_1_202", (select id_chave_tipo_curso from tipos_cursos where nome_tipo_curso = "aperfeiçoamento"), (SELECT id_chave_instituicao FROM instituicoes WHERE identificador = "senac"));
INSERT INTO cursos (nome_curso, id_tipo_curso, id_instituicao) VALUES ("senac_1_203", (select id_chave_tipo_curso from tipos_cursos where nome_tipo_curso = "aperfeiçoamento"), (SELECT id_chave_instituicao FROM instituicoes WHERE identificador = "senac"));
INSERT INTO cursos (nome_curso, id_tipo_curso, id_instituicao) VALUES ("senac_1_204", (select id_chave_tipo_curso from tipos_cursos where nome_tipo_curso = "aperfeiçoamento"), (SELECT id_chave_instituicao FROM instituicoes WHERE identificador = "senac"));
INSERT INTO cursos (nome_curso, id_tipo_curso, id_instituicao) VALUES ("senac_1_205", (select id_chave_tipo_curso from tipos_cursos where nome_tipo_curso = "aperfeiçoamento"), (SELECT id_chave_instituicao FROM instituicoes WHERE identificador = "senac"));
INSERT INTO cursos (nome_curso, id_tipo_curso, id_instituicao) VALUES ("senac_1_206", (select id_chave_tipo_curso from tipos_cursos where nome_tipo_curso = "aperfeiçoamento"), (SELECT id_chave_instituicao FROM instituicoes WHERE identificador = "senac"));
INSERT INTO cursos (nome_curso, id_tipo_curso, id_instituicao) VALUES ("senac_1_207", (select id_chave_tipo_curso from tipos_cursos where nome_tipo_curso = "aperfeiçoamento"), (SELECT id_chave_instituicao FROM instituicoes WHERE identificador = "senac"));
INSERT INTO cursos (nome_curso, id_tipo_curso, id_instituicao) VALUES ("senac_1_208", (select id_chave_tipo_curso from tipos_cursos where nome_tipo_curso = "aperfeiçoamento"), (SELECT id_chave_instituicao FROM instituicoes WHERE identificador = "senac"));
INSERT INTO cursos (nome_curso, id_tipo_curso, id_instituicao) VALUES ("senac_1_209", (select id_chave_tipo_curso from tipos_cursos where nome_tipo_curso = "aperfeiçoamento"), (SELECT id_chave_instituicao FROM instituicoes WHERE identificador = "senac"));
INSERT INTO cursos (nome_curso, id_tipo_curso, id_instituicao) VALUES ("senac_1_210", (select id_chave_tipo_curso from tipos_cursos where nome_tipo_curso = "aperfeiçoamento"), (SELECT id_chave_instituicao FROM instituicoes WHERE identificador = "senac"));
INSERT INTO cursos (nome_curso, id_tipo_curso, id_instituicao) VALUES ("senac_1_211", (select id_chave_tipo_curso from tipos_cursos where nome_tipo_curso = "qualificação_profissional"), (SELECT id_chave_instituicao FROM instituicoes WHERE identificador = "senac"));
INSERT INTO cursos (nome_curso, id_tipo_curso, id_instituicao) VALUES ("senac_1_212", (select id_chave_tipo_curso from tipos_cursos where nome_tipo_curso = "aperfeiçoamento"), (SELECT id_chave_instituicao FROM instituicoes WHERE identificador = "senac"));
INSERT INTO cursos (nome_curso, id_tipo_curso, id_instituicao) VALUES ("senac_1_213", (select id_chave_tipo_curso from tipos_cursos where nome_tipo_curso = "aperfeiçoamento"), (SELECT id_chave_instituicao FROM instituicoes WHERE identificador = "senac"));
INSERT INTO cursos (nome_curso, id_tipo_curso, id_instituicao) VALUES ("senac_1_214", (select id_chave_tipo_curso from tipos_cursos where nome_tipo_curso = "programas_instrumentais"), (SELECT id_chave_instituicao FROM instituicoes WHERE identificador = "senac"));
INSERT INTO cursos (nome_curso, id_tipo_curso, id_instituicao) VALUES ("senac_1_215", (select id_chave_tipo_curso from tipos_cursos where nome_tipo_curso = "programas_instrumentais"), (SELECT id_chave_instituicao FROM instituicoes WHERE identificador = "senac"));
INSERT INTO cursos (nome_curso, id_tipo_curso, id_instituicao) VALUES ("senac_1_216", (select id_chave_tipo_curso from tipos_cursos where nome_tipo_curso = "qualificação_profissional"), (SELECT id_chave_instituicao FROM instituicoes WHERE identificador = "senac"));
INSERT INTO cursos (nome_curso, id_tipo_curso, id_instituicao) VALUES ("senac_1_217", (select id_chave_tipo_curso from tipos_cursos where nome_tipo_curso = "aperfeiçoamento"), (SELECT id_chave_instituicao FROM instituicoes WHERE identificador = "senac"));
INSERT INTO cursos (nome_curso, id_tipo_curso, id_instituicao) VALUES ("senac_1_218", (select id_chave_tipo_curso from tipos_cursos where nome_tipo_curso = "aperfeiçoamento"), (SELECT id_chave_instituicao FROM instituicoes WHERE identificador = "senac"));
INSERT INTO cursos (nome_curso, id_tipo_curso, id_instituicao) VALUES ("senac_1_219", (select id_chave_tipo_curso from tipos_cursos where nome_tipo_curso = "qualificação_profissional"), (SELECT id_chave_instituicao FROM instituicoes WHERE identificador = "senac"));
INSERT INTO cursos (nome_curso, id_tipo_curso, id_instituicao) VALUES ("senac_1_220", (select id_chave_tipo_curso from tipos_cursos where nome_tipo_curso = "qualificação_profissional"), (SELECT id_chave_instituicao FROM instituicoes WHERE identificador = "senac"));
INSERT INTO cursos (nome_curso, id_tipo_curso, id_instituicao) VALUES ("senac_1_221", (select id_chave_tipo_curso from tipos_cursos where nome_tipo_curso = "programas_instrumentais"), (SELECT id_chave_instituicao FROM instituicoes WHERE identificador = "senac"));
INSERT INTO cursos (nome_curso, id_tipo_curso, id_instituicao) VALUES ("senac_1_222", (select id_chave_tipo_curso from tipos_cursos where nome_tipo_curso = "aperfeiçoamento"), (SELECT id_chave_instituicao FROM instituicoes WHERE identificador = "senac"));
INSERT INTO cursos (nome_curso, id_tipo_curso, id_instituicao) VALUES ("senac_1_223", (select id_chave_tipo_curso from tipos_cursos where nome_tipo_curso = "aperfeiçoamento"), (SELECT id_chave_instituicao FROM instituicoes WHERE identificador = "senac"));
INSERT INTO cursos (nome_curso, id_tipo_curso, id_instituicao) VALUES ("senac_1_224", (select id_chave_tipo_curso from tipos_cursos where nome_tipo_curso = "aperfeiçoamento"), (SELECT id_chave_instituicao FROM instituicoes WHERE identificador = "senac"));
INSERT INTO cursos (nome_curso, id_tipo_curso, id_instituicao) VALUES ("senac_1_225", (select id_chave_tipo_curso from tipos_cursos where nome_tipo_curso = "qualificação_profissional"), (SELECT id_chave_instituicao FROM instituicoes WHERE identificador = "senac"));
INSERT INTO cursos (nome_curso, id_tipo_curso, id_instituicao) VALUES ("senac_1_226", (select id_chave_tipo_curso from tipos_cursos where nome_tipo_curso = "programas_instrumentais"), (SELECT id_chave_instituicao FROM instituicoes WHERE identificador = "senac"));
INSERT INTO cursos (nome_curso, id_tipo_curso, id_instituicao) VALUES ("senac_1_227", (select id_chave_tipo_curso from tipos_cursos where nome_tipo_curso = "qualificação_profissional"), (SELECT id_chave_instituicao FROM instituicoes WHERE identificador = "senac"));
INSERT INTO cursos (nome_curso, id_tipo_curso, id_instituicao) VALUES ("senac_1_228", (select id_chave_tipo_curso from tipos_cursos where nome_tipo_curso = "qualificação_profissional"), (SELECT id_chave_instituicao FROM instituicoes WHERE identificador = "senac"));
INSERT INTO cursos (nome_curso, id_tipo_curso, id_instituicao) VALUES ("senac_1_229", (select id_chave_tipo_curso from tipos_cursos where nome_tipo_curso = "aperfeiçoamento"), (SELECT id_chave_instituicao FROM instituicoes WHERE identificador = "senac"));
INSERT INTO cursos (nome_curso, id_tipo_curso, id_instituicao) VALUES ("senac_1_230", (select id_chave_tipo_curso from tipos_cursos where nome_tipo_curso = "qualificação_profissional"), (SELECT id_chave_instituicao FROM instituicoes WHERE identificador = "senac"));
INSERT INTO cursos (nome_curso, id_tipo_curso, id_instituicao) VALUES ("senac_1_231", (select id_chave_tipo_curso from tipos_cursos where nome_tipo_curso = "aperfeiçoamento"), (SELECT id_chave_instituicao FROM instituicoes WHERE identificador = "senac"));
INSERT INTO cursos (nome_curso, id_tipo_curso, id_instituicao) VALUES ("senac_1_232", (select id_chave_tipo_curso from tipos_cursos where nome_tipo_curso = "aperfeiçoamento"), (SELECT id_chave_instituicao FROM instituicoes WHERE identificador = "senac"));
INSERT INTO cursos (nome_curso, id_tipo_curso, id_instituicao) VALUES ("senac_1_233", (select id_chave_tipo_curso from tipos_cursos where nome_tipo_curso = "aperfeiçoamento"), (SELECT id_chave_instituicao FROM instituicoes WHERE identificador = "senac"));
INSERT INTO cursos (nome_curso, id_tipo_curso, id_instituicao) VALUES ("senac_1_234", (select id_chave_tipo_curso from tipos_cursos where nome_tipo_curso = "aperfeiçoamento"), (SELECT id_chave_instituicao FROM instituicoes WHERE identificador = "senac"));
INSERT INTO cursos (nome_curso, id_tipo_curso, id_instituicao) VALUES ("senac_1_235", (select id_chave_tipo_curso from tipos_cursos where nome_tipo_curso = "qualificação_profissional"), (SELECT id_chave_instituicao FROM instituicoes WHERE identificador = "senac"));
INSERT INTO cursos (nome_curso, id_tipo_curso, id_instituicao) VALUES ("senac_1_236", (select id_chave_tipo_curso from tipos_cursos where nome_tipo_curso = "aperfeiçoamento"), (SELECT id_chave_instituicao FROM instituicoes WHERE identificador = "senac"));
INSERT INTO cursos (nome_curso, id_tipo_curso, id_instituicao) VALUES ("senac_1_237", (select id_chave_tipo_curso from tipos_cursos where nome_tipo_curso = "qualificação_profissional"), (SELECT id_chave_instituicao FROM instituicoes WHERE identificador = "senac"));
INSERT INTO cursos (nome_curso, id_tipo_curso, id_instituicao) VALUES ("senac_1_238", (select id_chave_tipo_curso from tipos_cursos where nome_tipo_curso = "qualificação_profissional"), (SELECT id_chave_instituicao FROM instituicoes WHERE identificador = "senac"));
INSERT INTO cursos (nome_curso, id_tipo_curso, id_instituicao) VALUES ("senac_1_239", (select id_chave_tipo_curso from tipos_cursos where nome_tipo_curso = "qualificação_profissional"), (SELECT id_chave_instituicao FROM instituicoes WHERE identificador = "senac"));
INSERT INTO cursos (nome_curso, id_tipo_curso, id_instituicao) VALUES ("senac_1_240", (select id_chave_tipo_curso from tipos_cursos where nome_tipo_curso = "qualificação_profissional"), (SELECT id_chave_instituicao FROM instituicoes WHERE identificador = "senac"));
INSERT INTO cursos (nome_curso, id_tipo_curso, id_instituicao) VALUES ("senac_1_241", (select id_chave_tipo_curso from tipos_cursos where nome_tipo_curso = "qualificação_profissional"), (SELECT id_chave_instituicao FROM instituicoes WHERE identificador = "senac"));
INSERT INTO cursos (nome_curso, id_tipo_curso, id_instituicao) VALUES ("senac_1_242", (select id_chave_tipo_curso from tipos_cursos where nome_tipo_curso = "qualificação_profissional"), (SELECT id_chave_instituicao FROM instituicoes WHERE identificador = "senac"));
INSERT INTO cursos (nome_curso, id_tipo_curso, id_instituicao) VALUES ("senac_1_243", (select id_chave_tipo_curso from tipos_cursos where nome_tipo_curso = "qualificação_profissional"), (SELECT id_chave_instituicao FROM instituicoes WHERE identificador = "senac"));
INSERT INTO cursos (nome_curso, id_tipo_curso, id_instituicao) VALUES ("senac_1_244", (select id_chave_tipo_curso from tipos_cursos where nome_tipo_curso = "qualificação_profissional"), (SELECT id_chave_instituicao FROM instituicoes WHERE identificador = "senac"));
INSERT INTO cursos (nome_curso, id_tipo_curso, id_instituicao) VALUES ("senac_1_245", (select id_chave_tipo_curso from tipos_cursos where nome_tipo_curso = "qualificação_profissional"), (SELECT id_chave_instituicao FROM instituicoes WHERE identificador = "senac"));
INSERT INTO cursos (nome_curso, id_tipo_curso, id_instituicao) VALUES ("senac_1_246", (select id_chave_tipo_curso from tipos_cursos where nome_tipo_curso = "qualificação_profissional"), (SELECT id_chave_instituicao FROM instituicoes WHERE identificador = "senac"));
INSERT INTO cursos (nome_curso, id_tipo_curso, id_instituicao) VALUES ("senac_1_247", (select id_chave_tipo_curso from tipos_cursos where nome_tipo_curso = "qualificação_profissional"), (SELECT id_chave_instituicao FROM instituicoes WHERE identificador = "senac"));
INSERT INTO cursos (nome_curso, id_tipo_curso, id_instituicao) VALUES ("senac_1_248", (select id_chave_tipo_curso from tipos_cursos where nome_tipo_curso = "qualificação_profissional"), (SELECT id_chave_instituicao FROM instituicoes WHERE identificador = "senac"));
INSERT INTO cursos (nome_curso, id_tipo_curso, id_instituicao) VALUES ("senac_1_249", (select id_chave_tipo_curso from tipos_cursos where nome_tipo_curso = "qualificação_profissional"), (SELECT id_chave_instituicao FROM instituicoes WHERE identificador = "senac"));
INSERT INTO cursos (nome_curso, id_tipo_curso, id_instituicao) VALUES ("senac_1_250", (select id_chave_tipo_curso from tipos_cursos where nome_tipo_curso = "qualificação_profissional"), (SELECT id_chave_instituicao FROM instituicoes WHERE identificador = "senac"));
INSERT INTO cursos (nome_curso, id_tipo_curso, id_instituicao) VALUES ("senac_1_251", (select id_chave_tipo_curso from tipos_cursos where nome_tipo_curso = "programas_instrumentais"), (SELECT id_chave_instituicao FROM instituicoes WHERE identificador = "senac"));
INSERT INTO cursos (nome_curso, id_tipo_curso, id_instituicao) VALUES ("senac_1_252", (select id_chave_tipo_curso from tipos_cursos where nome_tipo_curso = "aperfeiçoamento"), (SELECT id_chave_instituicao FROM instituicoes WHERE identificador = "senac"));
INSERT INTO cursos (nome_curso, id_tipo_curso, id_instituicao) VALUES ("senac_1_253", (select id_chave_tipo_curso from tipos_cursos where nome_tipo_curso = "qualificação_profissional"), (SELECT id_chave_instituicao FROM instituicoes WHERE identificador = "senac"));
INSERT INTO cursos (nome_curso, id_tipo_curso, id_instituicao) VALUES ("senac_1_254", (select id_chave_tipo_curso from tipos_cursos where nome_tipo_curso = "aperfeiçoamento"), (SELECT id_chave_instituicao FROM instituicoes WHERE identificador = "senac"));
INSERT INTO cursos (nome_curso, id_tipo_curso, id_instituicao) VALUES ("senac_1_255", (select id_chave_tipo_curso from tipos_cursos where nome_tipo_curso = "aperfeiçoamento"), (SELECT id_chave_instituicao FROM instituicoes WHERE identificador = "senac"));
INSERT INTO cursos (nome_curso, id_tipo_curso, id_instituicao) VALUES ("senac_1_256", (select id_chave_tipo_curso from tipos_cursos where nome_tipo_curso = "aperfeiçoamento"), (SELECT id_chave_instituicao FROM instituicoes WHERE identificador = "senac"));
INSERT INTO cursos (nome_curso, id_tipo_curso, id_instituicao) VALUES ("senac_1_257", (select id_chave_tipo_curso from tipos_cursos where nome_tipo_curso = "aperfeiçoamento"), (SELECT id_chave_instituicao FROM instituicoes WHERE identificador = "senac"));
INSERT INTO cursos (nome_curso, id_tipo_curso, id_instituicao) VALUES ("senac_1_258", (select id_chave_tipo_curso from tipos_cursos where nome_tipo_curso = "aperfeiçoamento"), (SELECT id_chave_instituicao FROM instituicoes WHERE identificador = "senac"));
INSERT INTO cursos (nome_curso, id_tipo_curso, id_instituicao) VALUES ("senac_1_259", (select id_chave_tipo_curso from tipos_cursos where nome_tipo_curso = "qualificação_profissional"), (SELECT id_chave_instituicao FROM instituicoes WHERE identificador = "senac"));
INSERT INTO cursos (nome_curso, id_tipo_curso, id_instituicao) VALUES ("senac_1_260", (select id_chave_tipo_curso from tipos_cursos where nome_tipo_curso = "aperfeiçoamento"), (SELECT id_chave_instituicao FROM instituicoes WHERE identificador = "senac"));
INSERT INTO cursos (nome_curso, id_tipo_curso, id_instituicao) VALUES ("senac_1_261", (select id_chave_tipo_curso from tipos_cursos where nome_tipo_curso = "aperfeiçoamento"), (SELECT id_chave_instituicao FROM instituicoes WHERE identificador = "senac"));
INSERT INTO cursos (nome_curso, id_tipo_curso, id_instituicao) VALUES ("senac_1_262", (select id_chave_tipo_curso from tipos_cursos where nome_tipo_curso = "aperfeiçoamento"), (SELECT id_chave_instituicao FROM instituicoes WHERE identificador = "senac"));
INSERT INTO cursos (nome_curso, id_tipo_curso, id_instituicao) VALUES ("senac_1_263", (select id_chave_tipo_curso from tipos_cursos where nome_tipo_curso = "aperfeiçoamento"), (SELECT id_chave_instituicao FROM instituicoes WHERE identificador = "senac"));
INSERT INTO cursos (nome_curso, id_tipo_curso, id_instituicao) VALUES ("senac_1_264", (select id_chave_tipo_curso from tipos_cursos where nome_tipo_curso = "aperfeiçoamento"), (SELECT id_chave_instituicao FROM instituicoes WHERE identificador = "senac"));
INSERT INTO cursos (nome_curso, id_tipo_curso, id_instituicao) VALUES ("senac_1_265", (select id_chave_tipo_curso from tipos_cursos where nome_tipo_curso = "aperfeiçoamento"), (SELECT id_chave_instituicao FROM instituicoes WHERE identificador = "senac"));
INSERT INTO cursos (nome_curso, id_tipo_curso, id_instituicao) VALUES ("senac_1_266", (select id_chave_tipo_curso from tipos_cursos where nome_tipo_curso = "aperfeiçoamento"), (SELECT id_chave_instituicao FROM instituicoes WHERE identificador = "senac"));
INSERT INTO cursos (nome_curso, id_tipo_curso, id_instituicao) VALUES ("senac_1_267", (select id_chave_tipo_curso from tipos_cursos where nome_tipo_curso = "aperfeiçoamento"), (SELECT id_chave_instituicao FROM instituicoes WHERE identificador = "senac"));
INSERT INTO cursos (nome_curso, id_tipo_curso, id_instituicao) VALUES ("senac_1_268", (select id_chave_tipo_curso from tipos_cursos where nome_tipo_curso = "aperfeiçoamento"), (SELECT id_chave_instituicao FROM instituicoes WHERE identificador = "senac"));
INSERT INTO cursos (nome_curso, id_tipo_curso, id_instituicao) VALUES ("senac_1_269", (select id_chave_tipo_curso from tipos_cursos where nome_tipo_curso = "qualificação_profissional"), (SELECT id_chave_instituicao FROM instituicoes WHERE identificador = "senac"));
INSERT INTO cursos (nome_curso, id_tipo_curso, id_instituicao) VALUES ("senac_1_270", (select id_chave_tipo_curso from tipos_cursos where nome_tipo_curso = "aperfeiçoamento"), (SELECT id_chave_instituicao FROM instituicoes WHERE identificador = "senac"));
INSERT INTO cursos (nome_curso, id_tipo_curso, id_instituicao) VALUES ("senac_1_271", (select id_chave_tipo_curso from tipos_cursos where nome_tipo_curso = "aperfeiçoamento"), (SELECT id_chave_instituicao FROM instituicoes WHERE identificador = "senac"));
INSERT INTO cursos (nome_curso, id_tipo_curso, id_instituicao) VALUES ("senac_1_272", (select id_chave_tipo_curso from tipos_cursos where nome_tipo_curso = "aperfeiçoamento"), (SELECT id_chave_instituicao FROM instituicoes WHERE identificador = "senac"));
INSERT INTO cursos (nome_curso, id_tipo_curso, id_instituicao) VALUES ("senac_1_273", (select id_chave_tipo_curso from tipos_cursos where nome_tipo_curso = "aperfeiçoamento"), (SELECT id_chave_instituicao FROM instituicoes WHERE identificador = "senac"));
INSERT INTO cursos (nome_curso, id_tipo_curso, id_instituicao) VALUES ("senac_1_274", (select id_chave_tipo_curso from tipos_cursos where nome_tipo_curso = "aperfeiçoamento"), (SELECT id_chave_instituicao FROM instituicoes WHERE identificador = "senac"));
INSERT INTO cursos (nome_curso, id_tipo_curso, id_instituicao) VALUES ("senac_1_275", (select id_chave_tipo_curso from tipos_cursos where nome_tipo_curso = "aperfeiçoamento"), (SELECT id_chave_instituicao FROM instituicoes WHERE identificador = "senac"));
INSERT INTO cursos (nome_curso, id_tipo_curso, id_instituicao) VALUES ("senac_1_276", (select id_chave_tipo_curso from tipos_cursos where nome_tipo_curso = "aperfeiçoamento"), (SELECT id_chave_instituicao FROM instituicoes WHERE identificador = "senac"));
INSERT INTO cursos (nome_curso, id_tipo_curso, id_instituicao) VALUES ("senac_1_277", (select id_chave_tipo_curso from tipos_cursos where nome_tipo_curso = "aperfeiçoamento"), (SELECT id_chave_instituicao FROM instituicoes WHERE identificador = "senac"));
INSERT INTO cursos (nome_curso, id_tipo_curso, id_instituicao) VALUES ("senac_1_278", (select id_chave_tipo_curso from tipos_cursos where nome_tipo_curso = "aperfeiçoamento"), (SELECT id_chave_instituicao FROM instituicoes WHERE identificador = "senac"));
INSERT INTO cursos (nome_curso, id_tipo_curso, id_instituicao) VALUES ("senac_1_279", (select id_chave_tipo_curso from tipos_cursos where nome_tipo_curso = "aperfeiçoamento"), (SELECT id_chave_instituicao FROM instituicoes WHERE identificador = "senac"));
INSERT INTO cursos (nome_curso, id_tipo_curso, id_instituicao) VALUES ("senac_1_280", (select id_chave_tipo_curso from tipos_cursos where nome_tipo_curso = "aperfeiçoamento"), (SELECT id_chave_instituicao FROM instituicoes WHERE identificador = "senac"));
INSERT INTO cursos (nome_curso, id_tipo_curso, id_instituicao) VALUES ("senac_1_281", (select id_chave_tipo_curso from tipos_cursos where nome_tipo_curso = "aperfeiçoamento"), (SELECT id_chave_instituicao FROM instituicoes WHERE identificador = "senac"));
INSERT INTO cursos (nome_curso, id_tipo_curso, id_instituicao) VALUES ("senac_1_282", (select id_chave_tipo_curso from tipos_cursos where nome_tipo_curso = "aperfeiçoamento"), (SELECT id_chave_instituicao FROM instituicoes WHERE identificador = "senac"));
INSERT INTO cursos (nome_curso, id_tipo_curso, id_instituicao) VALUES ("senac_1_283", (select id_chave_tipo_curso from tipos_cursos where nome_tipo_curso = "aperfeiçoamento"), (SELECT id_chave_instituicao FROM instituicoes WHERE identificador = "senac"));
INSERT INTO cursos (nome_curso, id_tipo_curso, id_instituicao) VALUES ("senac_1_284", (select id_chave_tipo_curso from tipos_cursos where nome_tipo_curso = "aperfeiçoamento"), (SELECT id_chave_instituicao FROM instituicoes WHERE identificador = "senac"));
INSERT INTO cursos (nome_curso, id_tipo_curso, id_instituicao) VALUES ("senac_1_285", (select id_chave_tipo_curso from tipos_cursos where nome_tipo_curso = "aperfeiçoamento"), (SELECT id_chave_instituicao FROM instituicoes WHERE identificador = "senac"));
INSERT INTO cursos (nome_curso, id_tipo_curso, id_instituicao) VALUES ("senac_1_286", (select id_chave_tipo_curso from tipos_cursos where nome_tipo_curso = "aperfeiçoamento"), (SELECT id_chave_instituicao FROM instituicoes WHERE identificador = "senac"));
INSERT INTO cursos (nome_curso, id_tipo_curso, id_instituicao) VALUES ("senac_1_287", (select id_chave_tipo_curso from tipos_cursos where nome_tipo_curso = "aperfeiçoamento"), (SELECT id_chave_instituicao FROM instituicoes WHERE identificador = "senac"));
INSERT INTO cursos (nome_curso, id_tipo_curso, id_instituicao) VALUES ("senac_1_288", (select id_chave_tipo_curso from tipos_cursos where nome_tipo_curso = "aperfeiçoamento"), (SELECT id_chave_instituicao FROM instituicoes WHERE identificador = "senac"));
INSERT INTO cursos (nome_curso, id_tipo_curso, id_instituicao) VALUES ("senac_1_289", (select id_chave_tipo_curso from tipos_cursos where nome_tipo_curso = "aperfeiçoamento"), (SELECT id_chave_instituicao FROM instituicoes WHERE identificador = "senac"));
INSERT INTO cursos (nome_curso, id_tipo_curso, id_instituicao) VALUES ("senac_1_290", (select id_chave_tipo_curso from tipos_cursos where nome_tipo_curso = "aperfeiçoamento"), (SELECT id_chave_instituicao FROM instituicoes WHERE identificador = "senac"));
INSERT INTO cursos (nome_curso, id_tipo_curso, id_instituicao) VALUES ("senac_1_291", (select id_chave_tipo_curso from tipos_cursos where nome_tipo_curso = "aperfeiçoamento"), (SELECT id_chave_instituicao FROM instituicoes WHERE identificador = "senac"));
INSERT INTO cursos (nome_curso, id_tipo_curso, id_instituicao) VALUES ("senac_1_292", (select id_chave_tipo_curso from tipos_cursos where nome_tipo_curso = "aperfeiçoamento"), (SELECT id_chave_instituicao FROM instituicoes WHERE identificador = "senac"));
INSERT INTO cursos (nome_curso, id_tipo_curso, id_instituicao) VALUES ("senac_1_293", (select id_chave_tipo_curso from tipos_cursos where nome_tipo_curso = "aperfeiçoamento"), (SELECT id_chave_instituicao FROM instituicoes WHERE identificador = "senac"));
INSERT INTO cursos (nome_curso, id_tipo_curso, id_instituicao) VALUES ("senac_1_294", (select id_chave_tipo_curso from tipos_cursos where nome_tipo_curso = "aperfeiçoamento"), (SELECT id_chave_instituicao FROM instituicoes WHERE identificador = "senac"));
INSERT INTO cursos (nome_curso, id_tipo_curso, id_instituicao) VALUES ("senac_1_295", (select id_chave_tipo_curso from tipos_cursos where nome_tipo_curso = "aperfeiçoamento"), (SELECT id_chave_instituicao FROM instituicoes WHERE identificador = "senac"));
INSERT INTO cursos (nome_curso, id_tipo_curso, id_instituicao) VALUES ("senac_1_296", (select id_chave_tipo_curso from tipos_cursos where nome_tipo_curso = "aperfeiçoamento"), (SELECT id_chave_instituicao FROM instituicoes WHERE identificador = "senac"));
INSERT INTO cursos (nome_curso, id_tipo_curso, id_instituicao) VALUES ("senac_1_297", (select id_chave_tipo_curso from tipos_cursos where nome_tipo_curso = "aperfeiçoamento"), (SELECT id_chave_instituicao FROM instituicoes WHERE identificador = "senac"));
INSERT INTO cursos (nome_curso, id_tipo_curso, id_instituicao) VALUES ("senac_1_298", (select id_chave_tipo_curso from tipos_cursos where nome_tipo_curso = "aperfeiçoamento"), (SELECT id_chave_instituicao FROM instituicoes WHERE identificador = "senac"));
INSERT INTO cursos (nome_curso, id_tipo_curso, id_instituicao) VALUES ("senac_1_299", (select id_chave_tipo_curso from tipos_cursos where nome_tipo_curso = "qualificação_profissional"), (SELECT id_chave_instituicao FROM instituicoes WHERE identificador = "senac"));
INSERT INTO cursos (nome_curso, id_tipo_curso, id_instituicao) VALUES ("senac_1_300", (select id_chave_tipo_curso from tipos_cursos where nome_tipo_curso = "aperfeiçoamento"), (SELECT id_chave_instituicao FROM instituicoes WHERE identificador = "senac"));
INSERT INTO cursos (nome_curso, id_tipo_curso, id_instituicao) VALUES ("senac_1_301", (select id_chave_tipo_curso from tipos_cursos where nome_tipo_curso = "aperfeiçoamento"), (SELECT id_chave_instituicao FROM instituicoes WHERE identificador = "senac"));
INSERT INTO cursos (nome_curso, id_tipo_curso, id_instituicao) VALUES ("senac_1_302", (select id_chave_tipo_curso from tipos_cursos where nome_tipo_curso = "aperfeiçoamento"), (SELECT id_chave_instituicao FROM instituicoes WHERE identificador = "senac"));
INSERT INTO cursos (nome_curso, id_tipo_curso, id_instituicao) VALUES ("senac_1_303", (select id_chave_tipo_curso from tipos_cursos where nome_tipo_curso = "aperfeiçoamento"), (SELECT id_chave_instituicao FROM instituicoes WHERE identificador = "senac"));
INSERT INTO cursos (nome_curso, id_tipo_curso, id_instituicao) VALUES ("senac_1_304", (select id_chave_tipo_curso from tipos_cursos where nome_tipo_curso = "aperfeiçoamento"), (SELECT id_chave_instituicao FROM instituicoes WHERE identificador = "senac"));
INSERT INTO cursos (nome_curso, id_tipo_curso, id_instituicao) VALUES ("senac_1_305", (select id_chave_tipo_curso from tipos_cursos where nome_tipo_curso = "aperfeiçoamento"), (SELECT id_chave_instituicao FROM instituicoes WHERE identificador = "senac"));
INSERT INTO cursos (nome_curso, id_tipo_curso, id_instituicao) VALUES ("senac_1_306", (select id_chave_tipo_curso from tipos_cursos where nome_tipo_curso = "aperfeiçoamento"), (SELECT id_chave_instituicao FROM instituicoes WHERE identificador = "senac"));
INSERT INTO cursos (nome_curso, id_tipo_curso, id_instituicao) VALUES ("senac_1_307", (select id_chave_tipo_curso from tipos_cursos where nome_tipo_curso = "aperfeiçoamento"), (SELECT id_chave_instituicao FROM instituicoes WHERE identificador = "senac"));
INSERT INTO cursos (nome_curso, id_tipo_curso, id_instituicao) VALUES ("senac_1_308", (select id_chave_tipo_curso from tipos_cursos where nome_tipo_curso = "aperfeiçoamento"), (SELECT id_chave_instituicao FROM instituicoes WHERE identificador = "senac"));
INSERT INTO cursos (nome_curso, id_tipo_curso, id_instituicao) VALUES ("senac_1_309", (select id_chave_tipo_curso from tipos_cursos where nome_tipo_curso = "aperfeiçoamento"), (SELECT id_chave_instituicao FROM instituicoes WHERE identificador = "senac"));
INSERT INTO cursos (nome_curso, id_tipo_curso, id_instituicao) VALUES ("senac_1_310", (select id_chave_tipo_curso from tipos_cursos where nome_tipo_curso = "aperfeiçoamento"), (SELECT id_chave_instituicao FROM instituicoes WHERE identificador = "senac"));
INSERT INTO cursos (nome_curso, id_tipo_curso, id_instituicao) VALUES ("senac_1_311", (select id_chave_tipo_curso from tipos_cursos where nome_tipo_curso = "aperfeiçoamento"), (SELECT id_chave_instituicao FROM instituicoes WHERE identificador = "senac"));
INSERT INTO cursos (nome_curso, id_tipo_curso, id_instituicao) VALUES ("senac_1_312", (select id_chave_tipo_curso from tipos_cursos where nome_tipo_curso = "aperfeiçoamento"), (SELECT id_chave_instituicao FROM instituicoes WHERE identificador = "senac"));
INSERT INTO cursos (nome_curso, id_tipo_curso, id_instituicao) VALUES ("senac_1_313", (select id_chave_tipo_curso from tipos_cursos where nome_tipo_curso = "aperfeiçoamento"), (SELECT id_chave_instituicao FROM instituicoes WHERE identificador = "senac"));
INSERT INTO cursos (nome_curso, id_tipo_curso, id_instituicao) VALUES ("senac_1_314", (select id_chave_tipo_curso from tipos_cursos where nome_tipo_curso = "qualificação_profissional"), (SELECT id_chave_instituicao FROM instituicoes WHERE identificador = "senac"));
INSERT INTO cursos (nome_curso, id_tipo_curso, id_instituicao) VALUES ("senac_1_315", (select id_chave_tipo_curso from tipos_cursos where nome_tipo_curso = "qualificação_profissional"), (SELECT id_chave_instituicao FROM instituicoes WHERE identificador = "senac"));
INSERT INTO cursos (nome_curso, id_tipo_curso, id_instituicao) VALUES ("senac_1_316", (select id_chave_tipo_curso from tipos_cursos where nome_tipo_curso = "qualificação_profissional"), (SELECT id_chave_instituicao FROM instituicoes WHERE identificador = "senac"));
INSERT INTO cursos (nome_curso, id_tipo_curso, id_instituicao) VALUES ("senac_1_317", (select id_chave_tipo_curso from tipos_cursos where nome_tipo_curso = "qualificação_profissional"), (SELECT id_chave_instituicao FROM instituicoes WHERE identificador = "senac"));
INSERT INTO cursos (nome_curso, id_tipo_curso, id_instituicao) VALUES ("senac_1_318", (select id_chave_tipo_curso from tipos_cursos where nome_tipo_curso = "qualificação_profissional"), (SELECT id_chave_instituicao FROM instituicoes WHERE identificador = "senac"));
INSERT INTO cursos (nome_curso, id_tipo_curso, id_instituicao) VALUES ("senac_1_319", (select id_chave_tipo_curso from tipos_cursos where nome_tipo_curso = "programas_instrumentais"), (SELECT id_chave_instituicao FROM instituicoes WHERE identificador = "senac"));
INSERT INTO cursos (nome_curso, id_tipo_curso, id_instituicao) VALUES ("senac_1_320", (select id_chave_tipo_curso from tipos_cursos where nome_tipo_curso = "qualificação_profissional"), (SELECT id_chave_instituicao FROM instituicoes WHERE identificador = "senac"));
INSERT INTO cursos (nome_curso, id_tipo_curso, id_instituicao) VALUES ("senac_1_321", (select id_chave_tipo_curso from tipos_cursos where nome_tipo_curso = "qualificação_profissional"), (SELECT id_chave_instituicao FROM instituicoes WHERE identificador = "senac"));
INSERT INTO cursos (nome_curso, id_tipo_curso, id_instituicao) VALUES ("senac_1_322", (select id_chave_tipo_curso from tipos_cursos where nome_tipo_curso = "qualificação_profissional"), (SELECT id_chave_instituicao FROM instituicoes WHERE identificador = "senac"));
INSERT INTO cursos (nome_curso, id_tipo_curso, id_instituicao) VALUES ("senac_1_323", (select id_chave_tipo_curso from tipos_cursos where nome_tipo_curso = "qualificação_profissional"), (SELECT id_chave_instituicao FROM instituicoes WHERE identificador = "senac"));
INSERT INTO cursos (nome_curso, id_tipo_curso, id_instituicao) VALUES ("senac_1_324", (select id_chave_tipo_curso from tipos_cursos where nome_tipo_curso = "qualificação_profissional"), (SELECT id_chave_instituicao FROM instituicoes WHERE identificador = "senac"));
INSERT INTO cursos (nome_curso, id_tipo_curso, id_instituicao) VALUES ("senac_1_325", (select id_chave_tipo_curso from tipos_cursos where nome_tipo_curso = "qualificação_profissional"), (SELECT id_chave_instituicao FROM instituicoes WHERE identificador = "senac"));
INSERT INTO cursos (nome_curso, id_tipo_curso, id_instituicao) VALUES ("senac_1_326", (select id_chave_tipo_curso from tipos_cursos where nome_tipo_curso = "qualificação_profissional"), (SELECT id_chave_instituicao FROM instituicoes WHERE identificador = "senac"));
INSERT INTO cursos (nome_curso, id_tipo_curso, id_instituicao) VALUES ("senac_1_327", (select id_chave_tipo_curso from tipos_cursos where nome_tipo_curso = "qualificação_profissional"), (SELECT id_chave_instituicao FROM instituicoes WHERE identificador = "senac"));
INSERT INTO cursos (nome_curso, id_tipo_curso, id_instituicao) VALUES ("senac_1_328", (select id_chave_tipo_curso from tipos_cursos where nome_tipo_curso = "qualificação_profissional"), (SELECT id_chave_instituicao FROM instituicoes WHERE identificador = "senac"));
INSERT INTO cursos (nome_curso, id_tipo_curso, id_instituicao) VALUES ("senac_1_329", (select id_chave_tipo_curso from tipos_cursos where nome_tipo_curso = "qualificação_profissional"), (SELECT id_chave_instituicao FROM instituicoes WHERE identificador = "senac"));
INSERT INTO cursos (nome_curso, id_tipo_curso, id_instituicao) VALUES ("senac_1_330", (select id_chave_tipo_curso from tipos_cursos where nome_tipo_curso = "qualificação_profissional"), (SELECT id_chave_instituicao FROM instituicoes WHERE identificador = "senac"));
INSERT INTO cursos (nome_curso, id_tipo_curso, id_instituicao) VALUES ("senac_1_331", (select id_chave_tipo_curso from tipos_cursos where nome_tipo_curso = "qualificação_profissional"), (SELECT id_chave_instituicao FROM instituicoes WHERE identificador = "senac"));
INSERT INTO cursos (nome_curso, id_tipo_curso, id_instituicao) VALUES ("senac_1_332", (select id_chave_tipo_curso from tipos_cursos where nome_tipo_curso = "qualificação_profissional"), (SELECT id_chave_instituicao FROM instituicoes WHERE identificador = "senac"));
INSERT INTO cursos (nome_curso, id_tipo_curso, id_instituicao) VALUES ("senac_1_333", (select id_chave_tipo_curso from tipos_cursos where nome_tipo_curso = "qualificação_profissional"), (SELECT id_chave_instituicao FROM instituicoes WHERE identificador = "senac"));
INSERT INTO cursos (nome_curso, id_tipo_curso, id_instituicao) VALUES ("senac_1_334", (select id_chave_tipo_curso from tipos_cursos where nome_tipo_curso = "aperfeiçoamento"), (SELECT id_chave_instituicao FROM instituicoes WHERE identificador = "senac"));
INSERT INTO cursos (nome_curso, id_tipo_curso, id_instituicao) VALUES ("senac_1_335", (select id_chave_tipo_curso from tipos_cursos where nome_tipo_curso = "qualificação_profissional"), (SELECT id_chave_instituicao FROM instituicoes WHERE identificador = "senac"));
INSERT INTO cursos (nome_curso, id_tipo_curso, id_instituicao) VALUES ("senac_1_336", (select id_chave_tipo_curso from tipos_cursos where nome_tipo_curso = "aperfeiçoamento"), (SELECT id_chave_instituicao FROM instituicoes WHERE identificador = "senac"));
INSERT INTO cursos (nome_curso, id_tipo_curso, id_instituicao) VALUES ("senac_1_337", (select id_chave_tipo_curso from tipos_cursos where nome_tipo_curso = "aperfeiçoamento"), (SELECT id_chave_instituicao FROM instituicoes WHERE identificador = "senac"));
INSERT INTO cursos (nome_curso, id_tipo_curso, id_instituicao) VALUES ("senac_1_338", (select id_chave_tipo_curso from tipos_cursos where nome_tipo_curso = "aperfeiçoamento"), (SELECT id_chave_instituicao FROM instituicoes WHERE identificador = "senac"));
INSERT INTO cursos (nome_curso, id_tipo_curso, id_instituicao) VALUES ("senac_1_339", (select id_chave_tipo_curso from tipos_cursos where nome_tipo_curso = "aperfeiçoamento"), (SELECT id_chave_instituicao FROM instituicoes WHERE identificador = "senac"));
INSERT INTO cursos (nome_curso, id_tipo_curso, id_instituicao) VALUES ("senac_1_340", (select id_chave_tipo_curso from tipos_cursos where nome_tipo_curso = "programas_instrumentais"), (SELECT id_chave_instituicao FROM instituicoes WHERE identificador = "senac"));
INSERT INTO cursos (nome_curso, id_tipo_curso, id_instituicao) VALUES ("senac_1_341", (select id_chave_tipo_curso from tipos_cursos where nome_tipo_curso = "aperfeiçoamento"), (SELECT id_chave_instituicao FROM instituicoes WHERE identificador = "senac"));
INSERT INTO cursos (nome_curso, id_tipo_curso, id_instituicao) VALUES ("senac_1_342", (select id_chave_tipo_curso from tipos_cursos where nome_tipo_curso = "aperfeiçoamento"), (SELECT id_chave_instituicao FROM instituicoes WHERE identificador = "senac"));
INSERT INTO cursos (nome_curso, id_tipo_curso, id_instituicao) VALUES ("senac_1_343", (select id_chave_tipo_curso from tipos_cursos where nome_tipo_curso = "qualificação_profissional"), (SELECT id_chave_instituicao FROM instituicoes WHERE identificador = "senac"));
INSERT INTO cursos (nome_curso, id_tipo_curso, id_instituicao) VALUES ("senac_1_344", (select id_chave_tipo_curso from tipos_cursos where nome_tipo_curso = "aperfeiçoamento"), (SELECT id_chave_instituicao FROM instituicoes WHERE identificador = "senac"));
INSERT INTO cursos (nome_curso, id_tipo_curso, id_instituicao) VALUES ("senac_1_345", (select id_chave_tipo_curso from tipos_cursos where nome_tipo_curso = "aperfeiçoamento"), (SELECT id_chave_instituicao FROM instituicoes WHERE identificador = "senac"));
INSERT INTO cursos (nome_curso, id_tipo_curso, id_instituicao) VALUES ("senac_1_346", (select id_chave_tipo_curso from tipos_cursos where nome_tipo_curso = "qualificação_profissional"), (SELECT id_chave_instituicao FROM instituicoes WHERE identificador = "senac"));
INSERT INTO cursos (nome_curso, id_tipo_curso, id_instituicao) VALUES ("senac_1_347", (select id_chave_tipo_curso from tipos_cursos where nome_tipo_curso = "aperfeiçoamento"), (SELECT id_chave_instituicao FROM instituicoes WHERE identificador = "senac"));
INSERT INTO cursos (nome_curso, id_tipo_curso, id_instituicao) VALUES ("senac_1_348", (select id_chave_tipo_curso from tipos_cursos where nome_tipo_curso = "aperfeiçoamento"), (SELECT id_chave_instituicao FROM instituicoes WHERE identificador = "senac"));
INSERT INTO cursos (nome_curso, id_tipo_curso, id_instituicao) VALUES ("senac_1_349", (select id_chave_tipo_curso from tipos_cursos where nome_tipo_curso = "aperfeiçoamento"), (SELECT id_chave_instituicao FROM instituicoes WHERE identificador = "senac"));
INSERT INTO cursos (nome_curso, id_tipo_curso, id_instituicao) VALUES ("senac_1_350", (select id_chave_tipo_curso from tipos_cursos where nome_tipo_curso = "aperfeiçoamento"), (SELECT id_chave_instituicao FROM instituicoes WHERE identificador = "senac"));
INSERT INTO cursos (nome_curso, id_tipo_curso, id_instituicao) VALUES ("senac_1_351", (select id_chave_tipo_curso from tipos_cursos where nome_tipo_curso = "aperfeiçoamento"), (SELECT id_chave_instituicao FROM instituicoes WHERE identificador = "senac"));
INSERT INTO cursos (nome_curso, id_tipo_curso, id_instituicao) VALUES ("senac_1_352", (select id_chave_tipo_curso from tipos_cursos where nome_tipo_curso = "aperfeiçoamento"), (SELECT id_chave_instituicao FROM instituicoes WHERE identificador = "senac"));
INSERT INTO cursos (nome_curso, id_tipo_curso, id_instituicao) VALUES ("senac_1_353", (select id_chave_tipo_curso from tipos_cursos where nome_tipo_curso = "programas_instrumentais"), (SELECT id_chave_instituicao FROM instituicoes WHERE identificador = "senac"));
INSERT INTO cursos (nome_curso, id_tipo_curso, id_instituicao) VALUES ("senac_1_354", (select id_chave_tipo_curso from tipos_cursos where nome_tipo_curso = "qualificação_profissional"), (SELECT id_chave_instituicao FROM instituicoes WHERE identificador = "senac"));
INSERT INTO cursos (nome_curso, id_tipo_curso, id_instituicao) VALUES ("senac_1_355", (select id_chave_tipo_curso from tipos_cursos where nome_tipo_curso = "aperfeiçoamento"), (SELECT id_chave_instituicao FROM instituicoes WHERE identificador = "senac"));
INSERT INTO cursos (nome_curso, id_tipo_curso, id_instituicao) VALUES ("senac_1_356", (select id_chave_tipo_curso from tipos_cursos where nome_tipo_curso = "aperfeiçoamento"), (SELECT id_chave_instituicao FROM instituicoes WHERE identificador = "senac"));
INSERT INTO cursos (nome_curso, id_tipo_curso, id_instituicao) VALUES ("senac_1_357", (select id_chave_tipo_curso from tipos_cursos where nome_tipo_curso = "aperfeiçoamento"), (SELECT id_chave_instituicao FROM instituicoes WHERE identificador = "senac"));
INSERT INTO cursos (nome_curso, id_tipo_curso, id_instituicao) VALUES ("senac_1_358", (select id_chave_tipo_curso from tipos_cursos where nome_tipo_curso = "aperfeiçoamento"), (SELECT id_chave_instituicao FROM instituicoes WHERE identificador = "senac"));
INSERT INTO cursos (nome_curso, id_tipo_curso, id_instituicao) VALUES ("senac_1_359", (select id_chave_tipo_curso from tipos_cursos where nome_tipo_curso = "aperfeiçoamento"), (SELECT id_chave_instituicao FROM instituicoes WHERE identificador = "senac"));
INSERT INTO cursos (nome_curso, id_tipo_curso, id_instituicao) VALUES ("senac_1_360", (select id_chave_tipo_curso from tipos_cursos where nome_tipo_curso = "aperfeiçoamento"), (SELECT id_chave_instituicao FROM instituicoes WHERE identificador = "senac"));
INSERT INTO cursos (nome_curso, id_tipo_curso, id_instituicao) VALUES ("senac_1_361", (select id_chave_tipo_curso from tipos_cursos where nome_tipo_curso = "aperfeiçoamento"), (SELECT id_chave_instituicao FROM instituicoes WHERE identificador = "senac"));
INSERT INTO cursos (nome_curso, id_tipo_curso, id_instituicao) VALUES ("senac_1_362", (select id_chave_tipo_curso from tipos_cursos where nome_tipo_curso = "programas_instrumentais"), (SELECT id_chave_instituicao FROM instituicoes WHERE identificador = "senac"));
INSERT INTO cursos (nome_curso, id_tipo_curso, id_instituicao) VALUES ("senac_1_363", (select id_chave_tipo_curso from tipos_cursos where nome_tipo_curso = "aperfeiçoamento"), (SELECT id_chave_instituicao FROM instituicoes WHERE identificador = "senac"));
INSERT INTO cursos (nome_curso, id_tipo_curso, id_instituicao) VALUES ("senac_1_364", (select id_chave_tipo_curso from tipos_cursos where nome_tipo_curso = "aperfeiçoamento"), (SELECT id_chave_instituicao FROM instituicoes WHERE identificador = "senac"));
INSERT INTO cursos (nome_curso, id_tipo_curso, id_instituicao) VALUES ("senac_1_365", (select id_chave_tipo_curso from tipos_cursos where nome_tipo_curso = "aperfeiçoamento"), (SELECT id_chave_instituicao FROM instituicoes WHERE identificador = "senac"));
INSERT INTO cursos (nome_curso, id_tipo_curso, id_instituicao) VALUES ("senac_1_366", (select id_chave_tipo_curso from tipos_cursos where nome_tipo_curso = "aperfeiçoamento"), (SELECT id_chave_instituicao FROM instituicoes WHERE identificador = "senac"));
INSERT INTO cursos (nome_curso, id_tipo_curso, id_instituicao) VALUES ("senac_1_367", (select id_chave_tipo_curso from tipos_cursos where nome_tipo_curso = "aperfeiçoamento"), (SELECT id_chave_instituicao FROM instituicoes WHERE identificador = "senac"));
INSERT INTO cursos (nome_curso, id_tipo_curso, id_instituicao) VALUES ("senac_1_368", (select id_chave_tipo_curso from tipos_cursos where nome_tipo_curso = "aperfeiçoamento"), (SELECT id_chave_instituicao FROM instituicoes WHERE identificador = "senac"));
INSERT INTO cursos (nome_curso, id_tipo_curso, id_instituicao) VALUES ("senac_1_369", (select id_chave_tipo_curso from tipos_cursos where nome_tipo_curso = "qualificação_profissional"), (SELECT id_chave_instituicao FROM instituicoes WHERE identificador = "senac"));
INSERT INTO cursos (nome_curso, id_tipo_curso, id_instituicao) VALUES ("senac_1_370", (select id_chave_tipo_curso from tipos_cursos where nome_tipo_curso = "aperfeiçoamento"), (SELECT id_chave_instituicao FROM instituicoes WHERE identificador = "senac"));
INSERT INTO cursos (nome_curso, id_tipo_curso, id_instituicao) VALUES ("senac_1_371", (select id_chave_tipo_curso from tipos_cursos where nome_tipo_curso = "aperfeiçoamento"), (SELECT id_chave_instituicao FROM instituicoes WHERE identificador = "senac"));
INSERT INTO cursos (nome_curso, id_tipo_curso, id_instituicao) VALUES ("senac_1_372", (select id_chave_tipo_curso from tipos_cursos where nome_tipo_curso = "aperfeiçoamento"), (SELECT id_chave_instituicao FROM instituicoes WHERE identificador = "senac"));
INSERT INTO cursos (nome_curso, id_tipo_curso, id_instituicao) VALUES ("senac_1_373", (select id_chave_tipo_curso from tipos_cursos where nome_tipo_curso = "aperfeiçoamento"), (SELECT id_chave_instituicao FROM instituicoes WHERE identificador = "senac"));
INSERT INTO cursos (nome_curso, id_tipo_curso, id_instituicao) VALUES ("senac_1_374", (select id_chave_tipo_curso from tipos_cursos where nome_tipo_curso = "aperfeiçoamento"), (SELECT id_chave_instituicao FROM instituicoes WHERE identificador = "senac"));
INSERT INTO cursos (nome_curso, id_tipo_curso, id_instituicao) VALUES ("senac_1_375", (select id_chave_tipo_curso from tipos_cursos where nome_tipo_curso = "aperfeiçoamento"), (SELECT id_chave_instituicao FROM instituicoes WHERE identificador = "senac"));
INSERT INTO cursos (nome_curso, id_tipo_curso, id_instituicao) VALUES ("senac_1_376", (select id_chave_tipo_curso from tipos_cursos where nome_tipo_curso = "aperfeiçoamento"), (SELECT id_chave_instituicao FROM instituicoes WHERE identificador = "senac"));
INSERT INTO cursos (nome_curso, id_tipo_curso, id_instituicao) VALUES ("senac_1_377", (select id_chave_tipo_curso from tipos_cursos where nome_tipo_curso = "qualificação_profissional"), (SELECT id_chave_instituicao FROM instituicoes WHERE identificador = "senac"));
INSERT INTO cursos (nome_curso, id_tipo_curso, id_instituicao) VALUES ("senac_1_378", (select id_chave_tipo_curso from tipos_cursos where nome_tipo_curso = "aperfeiçoamento"), (SELECT id_chave_instituicao FROM instituicoes WHERE identificador = "senac"));
INSERT INTO cursos (nome_curso, id_tipo_curso, id_instituicao) VALUES ("senac_1_379", (select id_chave_tipo_curso from tipos_cursos where nome_tipo_curso = "aperfeiçoamento"), (SELECT id_chave_instituicao FROM instituicoes WHERE identificador = "senac"));
INSERT INTO cursos (nome_curso, id_tipo_curso, id_instituicao) VALUES ("senac_1_380", (select id_chave_tipo_curso from tipos_cursos where nome_tipo_curso = "aperfeiçoamento"), (SELECT id_chave_instituicao FROM instituicoes WHERE identificador = "senac"));
INSERT INTO cursos (nome_curso, id_tipo_curso, id_instituicao) VALUES ("senac_1_381", (select id_chave_tipo_curso from tipos_cursos where nome_tipo_curso = "aperfeiçoamento"), (SELECT id_chave_instituicao FROM instituicoes WHERE identificador = "senac"));
INSERT INTO cursos (nome_curso, id_tipo_curso, id_instituicao) VALUES ("senac_1_382", (select id_chave_tipo_curso from tipos_cursos where nome_tipo_curso = "aperfeiçoamento"), (SELECT id_chave_instituicao FROM instituicoes WHERE identificador = "senac"));
INSERT INTO cursos (nome_curso, id_tipo_curso, id_instituicao) VALUES ("senac_1_383", (select id_chave_tipo_curso from tipos_cursos where nome_tipo_curso = "aperfeiçoamento"), (SELECT id_chave_instituicao FROM instituicoes WHERE identificador = "senac"));
INSERT INTO cursos (nome_curso, id_tipo_curso, id_instituicao) VALUES ("senac_1_384", (select id_chave_tipo_curso from tipos_cursos where nome_tipo_curso = "aperfeiçoamento"), (SELECT id_chave_instituicao FROM instituicoes WHERE identificador = "senac"));
INSERT INTO cursos (nome_curso, id_tipo_curso, id_instituicao) VALUES ("senac_1_385", (select id_chave_tipo_curso from tipos_cursos where nome_tipo_curso = "aperfeiçoamento"), (SELECT id_chave_instituicao FROM instituicoes WHERE identificador = "senac"));
INSERT INTO cursos (nome_curso, id_tipo_curso, id_instituicao) VALUES ("senac_1_386", (select id_chave_tipo_curso from tipos_cursos where nome_tipo_curso = "aperfeiçoamento"), (SELECT id_chave_instituicao FROM instituicoes WHERE identificador = "senac"));
INSERT INTO cursos (nome_curso, id_tipo_curso, id_instituicao) VALUES ("senac_1_387", (select id_chave_tipo_curso from tipos_cursos where nome_tipo_curso = "aperfeiçoamento"), (SELECT id_chave_instituicao FROM instituicoes WHERE identificador = "senac"));
INSERT INTO cursos (nome_curso, id_tipo_curso, id_instituicao) VALUES ("senac_1_388", (select id_chave_tipo_curso from tipos_cursos where nome_tipo_curso = "aperfeiçoamento"), (SELECT id_chave_instituicao FROM instituicoes WHERE identificador = "senac"));
INSERT INTO cursos (nome_curso, id_tipo_curso, id_instituicao) VALUES ("senac_1_389", (select id_chave_tipo_curso from tipos_cursos where nome_tipo_curso = "aperfeiçoamento"), (SELECT id_chave_instituicao FROM instituicoes WHERE identificador = "senac"));
INSERT INTO cursos (nome_curso, id_tipo_curso, id_instituicao) VALUES ("senac_1_390", (select id_chave_tipo_curso from tipos_cursos where nome_tipo_curso = "aperfeiçoamento"), (SELECT id_chave_instituicao FROM instituicoes WHERE identificador = "senac"));
INSERT INTO cursos (nome_curso, id_tipo_curso, id_instituicao) VALUES ("senac_1_391", (select id_chave_tipo_curso from tipos_cursos where nome_tipo_curso = "aperfeiçoamento"), (SELECT id_chave_instituicao FROM instituicoes WHERE identificador = "senac"));
INSERT INTO cursos (nome_curso, id_tipo_curso, id_instituicao) VALUES ("senac_1_392", (select id_chave_tipo_curso from tipos_cursos where nome_tipo_curso = "aperfeiçoamento"), (SELECT id_chave_instituicao FROM instituicoes WHERE identificador = "senac"));
INSERT INTO cursos (nome_curso, id_tipo_curso, id_instituicao) VALUES ("senac_1_393", (select id_chave_tipo_curso from tipos_cursos where nome_tipo_curso = "qualificação_profissional"), (SELECT id_chave_instituicao FROM instituicoes WHERE identificador = "senac"));
INSERT INTO cursos (nome_curso, id_tipo_curso, id_instituicao) VALUES ("senac_1_394", (select id_chave_tipo_curso from tipos_cursos where nome_tipo_curso = "aperfeiçoamento"), (SELECT id_chave_instituicao FROM instituicoes WHERE identificador = "senac"));
INSERT INTO cursos (nome_curso, id_tipo_curso, id_instituicao) VALUES ("senac_1_395", (select id_chave_tipo_curso from tipos_cursos where nome_tipo_curso = "aperfeiçoamento"), (SELECT id_chave_instituicao FROM instituicoes WHERE identificador = "senac"));
INSERT INTO cursos (nome_curso, id_tipo_curso, id_instituicao) VALUES ("senac_1_396", (select id_chave_tipo_curso from tipos_cursos where nome_tipo_curso = "aperfeiçoamento"), (SELECT id_chave_instituicao FROM instituicoes WHERE identificador = "senac"));
INSERT INTO cursos (nome_curso, id_tipo_curso, id_instituicao) VALUES ("senac_1_397", (select id_chave_tipo_curso from tipos_cursos where nome_tipo_curso = "aperfeiçoamento"), (SELECT id_chave_instituicao FROM instituicoes WHERE identificador = "senac"));
INSERT INTO cursos (nome_curso, id_tipo_curso, id_instituicao) VALUES ("senac_1_398", (select id_chave_tipo_curso from tipos_cursos where nome_tipo_curso = "aperfeiçoamento"), (SELECT id_chave_instituicao FROM instituicoes WHERE identificador = "senac"));
INSERT INTO cursos (nome_curso, id_tipo_curso, id_instituicao) VALUES ("senac_1_399", (select id_chave_tipo_curso from tipos_cursos where nome_tipo_curso = "aperfeiçoamento"), (SELECT id_chave_instituicao FROM instituicoes WHERE identificador = "senac"));
INSERT INTO cursos (nome_curso, id_tipo_curso, id_instituicao) VALUES ("senac_1_400", (select id_chave_tipo_curso from tipos_cursos where nome_tipo_curso = "aperfeiçoamento"), (SELECT id_chave_instituicao FROM instituicoes WHERE identificador = "senac"));
INSERT INTO cursos (nome_curso, id_tipo_curso, id_instituicao) VALUES ("senac_1_401", (select id_chave_tipo_curso from tipos_cursos where nome_tipo_curso = "aperfeiçoamento"), (SELECT id_chave_instituicao FROM instituicoes WHERE identificador = "senac"));
INSERT INTO cursos (nome_curso, id_tipo_curso, id_instituicao) VALUES ("senac_1_402", (select id_chave_tipo_curso from tipos_cursos where nome_tipo_curso = "aperfeiçoamento"), (SELECT id_chave_instituicao FROM instituicoes WHERE identificador = "senac"));
INSERT INTO cursos (nome_curso, id_tipo_curso, id_instituicao) VALUES ("senac_1_403", (select id_chave_tipo_curso from tipos_cursos where nome_tipo_curso = "aperfeiçoamento"), (SELECT id_chave_instituicao FROM instituicoes WHERE identificador = "senac"));
INSERT INTO cursos (nome_curso, id_tipo_curso, id_instituicao) VALUES ("senac_1_404", (select id_chave_tipo_curso from tipos_cursos where nome_tipo_curso = "qualificação_profissional"), (SELECT id_chave_instituicao FROM instituicoes WHERE identificador = "senac"));
INSERT INTO cursos (nome_curso, id_tipo_curso, id_instituicao) VALUES ("senac_1_405", (select id_chave_tipo_curso from tipos_cursos where nome_tipo_curso = "qualificação_profissional"), (SELECT id_chave_instituicao FROM instituicoes WHERE identificador = "senac"));
INSERT INTO cursos (nome_curso, id_tipo_curso, id_instituicao) VALUES ("senac_1_406", (select id_chave_tipo_curso from tipos_cursos where nome_tipo_curso = "qualificação_profissional"), (SELECT id_chave_instituicao FROM instituicoes WHERE identificador = "senac"));
INSERT INTO cursos (nome_curso, id_tipo_curso, id_instituicao) VALUES ("senac_1_407", (select id_chave_tipo_curso from tipos_cursos where nome_tipo_curso = "qualificação_profissional"), (SELECT id_chave_instituicao FROM instituicoes WHERE identificador = "senac"));
INSERT INTO cursos (nome_curso, id_tipo_curso, id_instituicao) VALUES ("senac_1_408", (select id_chave_tipo_curso from tipos_cursos where nome_tipo_curso = "aperfeiçoamento"), (SELECT id_chave_instituicao FROM instituicoes WHERE identificador = "senac"));
INSERT INTO cursos (nome_curso, id_tipo_curso, id_instituicao) VALUES ("senac_1_409", (select id_chave_tipo_curso from tipos_cursos where nome_tipo_curso = "qualificação_profissional"), (SELECT id_chave_instituicao FROM instituicoes WHERE identificador = "senac"));
INSERT INTO cursos (nome_curso, id_tipo_curso, id_instituicao) VALUES ("senac_1_410", (select id_chave_tipo_curso from tipos_cursos where nome_tipo_curso = "qualificação_profissional"), (SELECT id_chave_instituicao FROM instituicoes WHERE identificador = "senac"));
INSERT INTO cursos (nome_curso, id_tipo_curso, id_instituicao) VALUES ("senac_1_411", (select id_chave_tipo_curso from tipos_cursos where nome_tipo_curso = "qualificação_profissional"), (SELECT id_chave_instituicao FROM instituicoes WHERE identificador = "senac"));
INSERT INTO cursos (nome_curso, id_tipo_curso, id_instituicao) VALUES ("senac_1_412", (select id_chave_tipo_curso from tipos_cursos where nome_tipo_curso = "qualificação_profissional"), (SELECT id_chave_instituicao FROM instituicoes WHERE identificador = "senac"));
INSERT INTO cursos (nome_curso, id_tipo_curso, id_instituicao) VALUES ("senac_1_413", (select id_chave_tipo_curso from tipos_cursos where nome_tipo_curso = "qualificação_profissional"), (SELECT id_chave_instituicao FROM instituicoes WHERE identificador = "senac"));
INSERT INTO cursos (nome_curso, id_tipo_curso, id_instituicao) VALUES ("senac_1_414", (select id_chave_tipo_curso from tipos_cursos where nome_tipo_curso = "qualificação_profissional"), (SELECT id_chave_instituicao FROM instituicoes WHERE identificador = "senac"));
INSERT INTO cursos (nome_curso, id_tipo_curso, id_instituicao) VALUES ("senac_1_415", (select id_chave_tipo_curso from tipos_cursos where nome_tipo_curso = "qualificação_profissional"), (SELECT id_chave_instituicao FROM instituicoes WHERE identificador = "senac"));
INSERT INTO cursos (nome_curso, id_tipo_curso, id_instituicao) VALUES ("senac_1_416", (select id_chave_tipo_curso from tipos_cursos where nome_tipo_curso = "qualificação_profissional"), (SELECT id_chave_instituicao FROM instituicoes WHERE identificador = "senac"));
INSERT INTO cursos (nome_curso, id_tipo_curso, id_instituicao) VALUES ("senac_1_417", (select id_chave_tipo_curso from tipos_cursos where nome_tipo_curso = "aperfeiçoamento"), (SELECT id_chave_instituicao FROM instituicoes WHERE identificador = "senac"));
INSERT INTO cursos (nome_curso, id_tipo_curso, id_instituicao) VALUES ("senac_1_418", (select id_chave_tipo_curso from tipos_cursos where nome_tipo_curso = "aperfeiçoamento"), (SELECT id_chave_instituicao FROM instituicoes WHERE identificador = "senac"));
INSERT INTO cursos (nome_curso, id_tipo_curso, id_instituicao) VALUES ("senac_1_419", (select id_chave_tipo_curso from tipos_cursos where nome_tipo_curso = "aperfeiçoamento"), (SELECT id_chave_instituicao FROM instituicoes WHERE identificador = "senac"));
INSERT INTO cursos (nome_curso, id_tipo_curso, id_instituicao) VALUES ("senac_1_420", (select id_chave_tipo_curso from tipos_cursos where nome_tipo_curso = "aperfeiçoamento"), (SELECT id_chave_instituicao FROM instituicoes WHERE identificador = "senac"));
INSERT INTO cursos (nome_curso, id_tipo_curso, id_instituicao) VALUES ("senac_1_421", (select id_chave_tipo_curso from tipos_cursos where nome_tipo_curso = "qualificação_profissional"), (SELECT id_chave_instituicao FROM instituicoes WHERE identificador = "senac"));
INSERT INTO cursos (nome_curso, id_tipo_curso, id_instituicao) VALUES ("senac_1_422", (select id_chave_tipo_curso from tipos_cursos where nome_tipo_curso = "aperfeiçoamento"), (SELECT id_chave_instituicao FROM instituicoes WHERE identificador = "senac"));
INSERT INTO cursos (nome_curso, id_tipo_curso, id_instituicao) VALUES ("senac_1_423", (select id_chave_tipo_curso from tipos_cursos where nome_tipo_curso = "aperfeiçoamento"), (SELECT id_chave_instituicao FROM instituicoes WHERE identificador = "senac"));
INSERT INTO cursos (nome_curso, id_tipo_curso, id_instituicao) VALUES ("senac_1_424", (select id_chave_tipo_curso from tipos_cursos where nome_tipo_curso = "qualificação_profissional"), (SELECT id_chave_instituicao FROM instituicoes WHERE identificador = "senac"));
INSERT INTO cursos (nome_curso, id_tipo_curso, id_instituicao) VALUES ("senac_1_425", (select id_chave_tipo_curso from tipos_cursos where nome_tipo_curso = "aperfeiçoamento"), (SELECT id_chave_instituicao FROM instituicoes WHERE identificador = "senac"));
INSERT INTO cursos (nome_curso, id_tipo_curso, id_instituicao) VALUES ("senac_1_426", (select id_chave_tipo_curso from tipos_cursos where nome_tipo_curso = "aperfeiçoamento"), (SELECT id_chave_instituicao FROM instituicoes WHERE identificador = "senac"));
INSERT INTO cursos (nome_curso, id_tipo_curso, id_instituicao) VALUES ("senac_1_427", (select id_chave_tipo_curso from tipos_cursos where nome_tipo_curso = "aperfeiçoamento"), (SELECT id_chave_instituicao FROM instituicoes WHERE identificador = "senac"));
INSERT INTO cursos (nome_curso, id_tipo_curso, id_instituicao) VALUES ("senac_1_428", (select id_chave_tipo_curso from tipos_cursos where nome_tipo_curso = "aperfeiçoamento"), (SELECT id_chave_instituicao FROM instituicoes WHERE identificador = "senac"));
INSERT INTO cursos (nome_curso, id_tipo_curso, id_instituicao) VALUES ("senac_1_429", (select id_chave_tipo_curso from tipos_cursos where nome_tipo_curso = "aperfeiçoamento"), (SELECT id_chave_instituicao FROM instituicoes WHERE identificador = "senac"));
INSERT INTO cursos (nome_curso, id_tipo_curso, id_instituicao) VALUES ("senac_1_430", (select id_chave_tipo_curso from tipos_cursos where nome_tipo_curso = "aperfeiçoamento"), (SELECT id_chave_instituicao FROM instituicoes WHERE identificador = "senac"));
INSERT INTO cursos (nome_curso, id_tipo_curso, id_instituicao) VALUES ("senac_1_431", (select id_chave_tipo_curso from tipos_cursos where nome_tipo_curso = "qualificação_profissional"), (SELECT id_chave_instituicao FROM instituicoes WHERE identificador = "senac"));
INSERT INTO cursos (nome_curso, id_tipo_curso, id_instituicao) VALUES ("senac_1_432", (select id_chave_tipo_curso from tipos_cursos where nome_tipo_curso = "qualificação_profissional"), (SELECT id_chave_instituicao FROM instituicoes WHERE identificador = "senac"));
INSERT INTO cursos (nome_curso, id_tipo_curso, id_instituicao) VALUES ("senac_1_433", (select id_chave_tipo_curso from tipos_cursos where nome_tipo_curso = "programas_instrumentais"), (SELECT id_chave_instituicao FROM instituicoes WHERE identificador = "senac"));
INSERT INTO cursos (nome_curso, id_tipo_curso, id_instituicao) VALUES ("senac_1_434", (select id_chave_tipo_curso from tipos_cursos where nome_tipo_curso = "programas_instrumentais"), (SELECT id_chave_instituicao FROM instituicoes WHERE identificador = "senac"));
INSERT INTO cursos (nome_curso, id_tipo_curso, id_instituicao) VALUES ("senac_1_435", (select id_chave_tipo_curso from tipos_cursos where nome_tipo_curso = "programas_instrumentais"), (SELECT id_chave_instituicao FROM instituicoes WHERE identificador = "senac"));
INSERT INTO cursos (nome_curso, id_tipo_curso, id_instituicao) VALUES ("senac_1_436", (select id_chave_tipo_curso from tipos_cursos where nome_tipo_curso = "programas_instrumentais"), (SELECT id_chave_instituicao FROM instituicoes WHERE identificador = "senac"));
INSERT INTO cursos (nome_curso, id_tipo_curso, id_instituicao) VALUES ("senac_1_437", (select id_chave_tipo_curso from tipos_cursos where nome_tipo_curso = "programas_instrumentais"), (SELECT id_chave_instituicao FROM instituicoes WHERE identificador = "senac"));
INSERT INTO cursos (nome_curso, id_tipo_curso, id_instituicao) VALUES ("senac_1_438", (select id_chave_tipo_curso from tipos_cursos where nome_tipo_curso = "programas_instrumentais"), (SELECT id_chave_instituicao FROM instituicoes WHERE identificador = "senac"));
INSERT INTO cursos (nome_curso, id_tipo_curso, id_instituicao) VALUES ("senac_1_439", (select id_chave_tipo_curso from tipos_cursos where nome_tipo_curso = "programas_instrumentais"), (SELECT id_chave_instituicao FROM instituicoes WHERE identificador = "senac"));
INSERT INTO cursos (nome_curso, id_tipo_curso, id_instituicao) VALUES ("senac_1_440", (select id_chave_tipo_curso from tipos_cursos where nome_tipo_curso = "programas_instrumentais"), (SELECT id_chave_instituicao FROM instituicoes WHERE identificador = "senac"));
INSERT INTO cursos (nome_curso, id_tipo_curso, id_instituicao) VALUES ("senac_1_441", (select id_chave_tipo_curso from tipos_cursos where nome_tipo_curso = "programas_instrumentais"), (SELECT id_chave_instituicao FROM instituicoes WHERE identificador = "senac"));
INSERT INTO cursos (nome_curso, id_tipo_curso, id_instituicao) VALUES ("senac_1_442", (select id_chave_tipo_curso from tipos_cursos where nome_tipo_curso = "programas_instrumentais"), (SELECT id_chave_instituicao FROM instituicoes WHERE identificador = "senac"));
INSERT INTO cursos (nome_curso, id_tipo_curso, id_instituicao) VALUES ("senac_1_443", (select id_chave_tipo_curso from tipos_cursos where nome_tipo_curso = "programas_instrumentais"), (SELECT id_chave_instituicao FROM instituicoes WHERE identificador = "senac"));
INSERT INTO cursos (nome_curso, id_tipo_curso, id_instituicao) VALUES ("senac_1_444", (select id_chave_tipo_curso from tipos_cursos where nome_tipo_curso = "programas_instrumentais"), (SELECT id_chave_instituicao FROM instituicoes WHERE identificador = "senac"));
INSERT INTO cursos (nome_curso, id_tipo_curso, id_instituicao) VALUES ("senac_1_445", (select id_chave_tipo_curso from tipos_cursos where nome_tipo_curso = "programas_instrumentais"), (SELECT id_chave_instituicao FROM instituicoes WHERE identificador = "senac"));
INSERT INTO cursos (nome_curso, id_tipo_curso, id_instituicao) VALUES ("senac_1_446", (select id_chave_tipo_curso from tipos_cursos where nome_tipo_curso = "programas_instrumentais"), (SELECT id_chave_instituicao FROM instituicoes WHERE identificador = "senac"));
INSERT INTO cursos (nome_curso, id_tipo_curso, id_instituicao) VALUES ("senac_1_447", (select id_chave_tipo_curso from tipos_cursos where nome_tipo_curso = "programas_instrumentais"), (SELECT id_chave_instituicao FROM instituicoes WHERE identificador = "senac"));
INSERT INTO cursos (nome_curso, id_tipo_curso, id_instituicao) VALUES ("senac_1_448", (select id_chave_tipo_curso from tipos_cursos where nome_tipo_curso = "programas_instrumentais"), (SELECT id_chave_instituicao FROM instituicoes WHERE identificador = "senac"));
INSERT INTO cursos (nome_curso, id_tipo_curso, id_instituicao) VALUES ("senac_1_449", (select id_chave_tipo_curso from tipos_cursos where nome_tipo_curso = "programas_instrumentais"), (SELECT id_chave_instituicao FROM instituicoes WHERE identificador = "senac"));
INSERT INTO cursos (nome_curso, id_tipo_curso, id_instituicao) VALUES ("senac_1_450", (select id_chave_tipo_curso from tipos_cursos where nome_tipo_curso = "programas_instrumentais"), (SELECT id_chave_instituicao FROM instituicoes WHERE identificador = "senac"));
INSERT INTO cursos (nome_curso, id_tipo_curso, id_instituicao) VALUES ("senac_1_451", (select id_chave_tipo_curso from tipos_cursos where nome_tipo_curso = "programas_instrumentais"), (SELECT id_chave_instituicao FROM instituicoes WHERE identificador = "senac"));
INSERT INTO cursos (nome_curso, id_tipo_curso, id_instituicao) VALUES ("senac_1_452", (select id_chave_tipo_curso from tipos_cursos where nome_tipo_curso = "programas_instrumentais"), (SELECT id_chave_instituicao FROM instituicoes WHERE identificador = "senac"));
INSERT INTO cursos (nome_curso, id_tipo_curso, id_instituicao) VALUES ("senac_1_453", (select id_chave_tipo_curso from tipos_cursos where nome_tipo_curso = "programas_instrumentais"), (SELECT id_chave_instituicao FROM instituicoes WHERE identificador = "senac"));
INSERT INTO cursos (nome_curso, id_tipo_curso, id_instituicao) VALUES ("senac_1_454", (select id_chave_tipo_curso from tipos_cursos where nome_tipo_curso = "programas_instrumentais"), (SELECT id_chave_instituicao FROM instituicoes WHERE identificador = "senac"));
INSERT INTO cursos (nome_curso, id_tipo_curso, id_instituicao) VALUES ("senac_1_455", (select id_chave_tipo_curso from tipos_cursos where nome_tipo_curso = "programas_instrumentais"), (SELECT id_chave_instituicao FROM instituicoes WHERE identificador = "senac"));
INSERT INTO cursos (nome_curso, id_tipo_curso, id_instituicao) VALUES ("senac_1_456", (select id_chave_tipo_curso from tipos_cursos where nome_tipo_curso = "programas_instrumentais"), (SELECT id_chave_instituicao FROM instituicoes WHERE identificador = "senac"));
INSERT INTO cursos (nome_curso, id_tipo_curso, id_instituicao) VALUES ("senac_1_457", (select id_chave_tipo_curso from tipos_cursos where nome_tipo_curso = "programas_instrumentais"), (SELECT id_chave_instituicao FROM instituicoes WHERE identificador = "senac"));
INSERT INTO cursos (nome_curso, id_tipo_curso, id_instituicao) VALUES ("senac_1_458", (select id_chave_tipo_curso from tipos_cursos where nome_tipo_curso = "programas_instrumentais"), (SELECT id_chave_instituicao FROM instituicoes WHERE identificador = "senac"));
INSERT INTO cursos (nome_curso, id_tipo_curso, id_instituicao) VALUES ("senac_1_459", (select id_chave_tipo_curso from tipos_cursos where nome_tipo_curso = "programas_instrumentais"), (SELECT id_chave_instituicao FROM instituicoes WHERE identificador = "senac"));
INSERT INTO cursos (nome_curso, id_tipo_curso, id_instituicao) VALUES ("senac_1_460", (select id_chave_tipo_curso from tipos_cursos where nome_tipo_curso = "programas_instrumentais"), (SELECT id_chave_instituicao FROM instituicoes WHERE identificador = "senac"));
INSERT INTO cursos (nome_curso, id_tipo_curso, id_instituicao) VALUES ("senac_1_461", (select id_chave_tipo_curso from tipos_cursos where nome_tipo_curso = "programas_instrumentais"), (SELECT id_chave_instituicao FROM instituicoes WHERE identificador = "senac"));
INSERT INTO cursos (nome_curso, id_tipo_curso, id_instituicao) VALUES ("senac_1_462", (select id_chave_tipo_curso from tipos_cursos where nome_tipo_curso = "programas_instrumentais"), (SELECT id_chave_instituicao FROM instituicoes WHERE identificador = "senac"));
INSERT INTO cursos (nome_curso, id_tipo_curso, id_instituicao) VALUES ("senac_1_463", (select id_chave_tipo_curso from tipos_cursos where nome_tipo_curso = "qualificação_profissional"), (SELECT id_chave_instituicao FROM instituicoes WHERE identificador = "senac"));
INSERT INTO cursos (nome_curso, id_tipo_curso, id_instituicao) VALUES ("senac_1_464", (select id_chave_tipo_curso from tipos_cursos where nome_tipo_curso = "qualificação_profissional"), (SELECT id_chave_instituicao FROM instituicoes WHERE identificador = "senac"));
INSERT INTO cursos (nome_curso, id_tipo_curso, id_instituicao) VALUES ("senac_1_465", (select id_chave_tipo_curso from tipos_cursos where nome_tipo_curso = "qualificação_profissional"), (SELECT id_chave_instituicao FROM instituicoes WHERE identificador = "senac"));
INSERT INTO cursos (nome_curso, id_tipo_curso, id_instituicao) VALUES ("senac_1_466", (select id_chave_tipo_curso from tipos_cursos where nome_tipo_curso = "aperfeiçoamento"), (SELECT id_chave_instituicao FROM instituicoes WHERE identificador = "senac"));
INSERT INTO cursos (nome_curso, id_tipo_curso, id_instituicao) VALUES ("senac_1_467", (select id_chave_tipo_curso from tipos_cursos where nome_tipo_curso = "aperfeiçoamento"), (SELECT id_chave_instituicao FROM instituicoes WHERE identificador = "senac"));
INSERT INTO cursos (nome_curso, id_tipo_curso, id_instituicao) VALUES ("senac_1_468", (select id_chave_tipo_curso from tipos_cursos where nome_tipo_curso = "qualificação_profissional"), (SELECT id_chave_instituicao FROM instituicoes WHERE identificador = "senac"));
INSERT INTO cursos (nome_curso, id_tipo_curso, id_instituicao) VALUES ("senac_1_469", (select id_chave_tipo_curso from tipos_cursos where nome_tipo_curso = "qualificação_profissional"), (SELECT id_chave_instituicao FROM instituicoes WHERE identificador = "senac"));
INSERT INTO cursos (nome_curso, id_tipo_curso, id_instituicao) VALUES ("senac_1_470", (select id_chave_tipo_curso from tipos_cursos where nome_tipo_curso = "qualificação_profissional"), (SELECT id_chave_instituicao FROM instituicoes WHERE identificador = "senac"));
INSERT INTO cursos (nome_curso, id_tipo_curso, id_instituicao) VALUES ("senac_1_471", (select id_chave_tipo_curso from tipos_cursos where nome_tipo_curso = "aperfeiçoamento"), (SELECT id_chave_instituicao FROM instituicoes WHERE identificador = "senac"));
INSERT INTO cursos (nome_curso, id_tipo_curso, id_instituicao) VALUES ("senac_1_472", (select id_chave_tipo_curso from tipos_cursos where nome_tipo_curso = "qualificação_profissional"), (SELECT id_chave_instituicao FROM instituicoes WHERE identificador = "senac"));
INSERT INTO cursos (nome_curso, id_tipo_curso, id_instituicao) VALUES ("senac_1_473", (select id_chave_tipo_curso from tipos_cursos where nome_tipo_curso = "aperfeiçoamento"), (SELECT id_chave_instituicao FROM instituicoes WHERE identificador = "senac"));
INSERT INTO cursos (nome_curso, id_tipo_curso, id_instituicao) VALUES ("senac_1_474", (select id_chave_tipo_curso from tipos_cursos where nome_tipo_curso = "qualificação_profissional"), (SELECT id_chave_instituicao FROM instituicoes WHERE identificador = "senac"));
INSERT INTO cursos (nome_curso, id_tipo_curso, id_instituicao) VALUES ("senac_1_475", (select id_chave_tipo_curso from tipos_cursos where nome_tipo_curso = "qualificação_profissional"), (SELECT id_chave_instituicao FROM instituicoes WHERE identificador = "senac"));
INSERT INTO cursos (nome_curso, id_tipo_curso, id_instituicao) VALUES ("senac_1_476", (select id_chave_tipo_curso from tipos_cursos where nome_tipo_curso = "qualificação_profissional"), (SELECT id_chave_instituicao FROM instituicoes WHERE identificador = "senac"));
INSERT INTO cursos (nome_curso, id_tipo_curso, id_instituicao) VALUES ("senac_1_477", (select id_chave_tipo_curso from tipos_cursos where nome_tipo_curso = "qualificação_profissional"), (SELECT id_chave_instituicao FROM instituicoes WHERE identificador = "senac"));
INSERT INTO cursos (nome_curso, id_tipo_curso, id_instituicao) VALUES ("senac_1_478", (select id_chave_tipo_curso from tipos_cursos where nome_tipo_curso = "qualificação_profissional"), (SELECT id_chave_instituicao FROM instituicoes WHERE identificador = "senac"));
INSERT INTO cursos (nome_curso, id_tipo_curso, id_instituicao) VALUES ("senac_1_479", (select id_chave_tipo_curso from tipos_cursos where nome_tipo_curso = "aperfeiçoamento"), (SELECT id_chave_instituicao FROM instituicoes WHERE identificador = "senac"));
INSERT INTO cursos (nome_curso, id_tipo_curso, id_instituicao) VALUES ("senac_1_480", (select id_chave_tipo_curso from tipos_cursos where nome_tipo_curso = "qualificação_profissional"), (SELECT id_chave_instituicao FROM instituicoes WHERE identificador = "senac"));
INSERT INTO cursos (nome_curso, id_tipo_curso, id_instituicao) VALUES ("senac_1_481", (select id_chave_tipo_curso from tipos_cursos where nome_tipo_curso = "aperfeiçoamento"), (SELECT id_chave_instituicao FROM instituicoes WHERE identificador = "senac"));
INSERT INTO cursos (nome_curso, id_tipo_curso, id_instituicao) VALUES ("senac_1_482", (select id_chave_tipo_curso from tipos_cursos where nome_tipo_curso = "aperfeiçoamento"), (SELECT id_chave_instituicao FROM instituicoes WHERE identificador = "senac"));
INSERT INTO cursos (nome_curso, id_tipo_curso, id_instituicao) VALUES ("senac_1_483", (select id_chave_tipo_curso from tipos_cursos where nome_tipo_curso = "aperfeiçoamento"), (SELECT id_chave_instituicao FROM instituicoes WHERE identificador = "senac"));
INSERT INTO cursos (nome_curso, id_tipo_curso, id_instituicao) VALUES ("senac_1_484", (select id_chave_tipo_curso from tipos_cursos where nome_tipo_curso = "aperfeiçoamento"), (SELECT id_chave_instituicao FROM instituicoes WHERE identificador = "senac"));
INSERT INTO cursos (nome_curso, id_tipo_curso, id_instituicao) VALUES ("senac_1_485", (select id_chave_tipo_curso from tipos_cursos where nome_tipo_curso = "qualificação_profissional"), (SELECT id_chave_instituicao FROM instituicoes WHERE identificador = "senac"));
INSERT INTO cursos (nome_curso, id_tipo_curso, id_instituicao) VALUES ("senac_1_486", (select id_chave_tipo_curso from tipos_cursos where nome_tipo_curso = "aperfeiçoamento"), (SELECT id_chave_instituicao FROM instituicoes WHERE identificador = "senac"));
INSERT INTO cursos (nome_curso, id_tipo_curso, id_instituicao) VALUES ("senac_1_487", (select id_chave_tipo_curso from tipos_cursos where nome_tipo_curso = "aperfeiçoamento"), (SELECT id_chave_instituicao FROM instituicoes WHERE identificador = "senac"));
INSERT INTO cursos (nome_curso, id_tipo_curso, id_instituicao) VALUES ("senac_1_488", (select id_chave_tipo_curso from tipos_cursos where nome_tipo_curso = "aperfeiçoamento"), (SELECT id_chave_instituicao FROM instituicoes WHERE identificador = "senac"));
INSERT INTO cursos (nome_curso, id_tipo_curso, id_instituicao) VALUES ("senac_1_489", (select id_chave_tipo_curso from tipos_cursos where nome_tipo_curso = "aperfeiçoamento"), (SELECT id_chave_instituicao FROM instituicoes WHERE identificador = "senac"));
INSERT INTO cursos (nome_curso, id_tipo_curso, id_instituicao) VALUES ("senac_1_490", (select id_chave_tipo_curso from tipos_cursos where nome_tipo_curso = "aperfeiçoamento"), (SELECT id_chave_instituicao FROM instituicoes WHERE identificador = "senac"));
INSERT INTO cursos (nome_curso, id_tipo_curso, id_instituicao) VALUES ("senac_1_491", (select id_chave_tipo_curso from tipos_cursos where nome_tipo_curso = "aperfeiçoamento"), (SELECT id_chave_instituicao FROM instituicoes WHERE identificador = "senac"));
INSERT INTO cursos (nome_curso, id_tipo_curso, id_instituicao) VALUES ("senac_1_492", (select id_chave_tipo_curso from tipos_cursos where nome_tipo_curso = "aperfeiçoamento"), (SELECT id_chave_instituicao FROM instituicoes WHERE identificador = "senac"));
INSERT INTO cursos (nome_curso, id_tipo_curso, id_instituicao) VALUES ("senac_1_493", (select id_chave_tipo_curso from tipos_cursos where nome_tipo_curso = "aperfeiçoamento"), (SELECT id_chave_instituicao FROM instituicoes WHERE identificador = "senac"));
INSERT INTO cursos (nome_curso, id_tipo_curso, id_instituicao) VALUES ("senac_1_494", (select id_chave_tipo_curso from tipos_cursos where nome_tipo_curso = "qualificação_profissional"), (SELECT id_chave_instituicao FROM instituicoes WHERE identificador = "senac"));
INSERT INTO cursos (nome_curso, id_tipo_curso, id_instituicao) VALUES ("senac_1_495", (select id_chave_tipo_curso from tipos_cursos where nome_tipo_curso = "aperfeiçoamento"), (SELECT id_chave_instituicao FROM instituicoes WHERE identificador = "senac"));
INSERT INTO cursos (nome_curso, id_tipo_curso, id_instituicao) VALUES ("senac_1_496", (select id_chave_tipo_curso from tipos_cursos where nome_tipo_curso = "aperfeiçoamento"), (SELECT id_chave_instituicao FROM instituicoes WHERE identificador = "senac"));
INSERT INTO cursos (nome_curso, id_tipo_curso, id_instituicao) VALUES ("senac_1_497", (select id_chave_tipo_curso from tipos_cursos where nome_tipo_curso = "aperfeiçoamento"), (SELECT id_chave_instituicao FROM instituicoes WHERE identificador = "senac"));
INSERT INTO cursos (nome_curso, id_tipo_curso, id_instituicao) VALUES ("senac_1_498", (select id_chave_tipo_curso from tipos_cursos where nome_tipo_curso = "aperfeiçoamento"), (SELECT id_chave_instituicao FROM instituicoes WHERE identificador = "senac"));
INSERT INTO cursos (nome_curso, id_tipo_curso, id_instituicao) VALUES ("senac_1_499", (select id_chave_tipo_curso from tipos_cursos where nome_tipo_curso = "aperfeiçoamento"), (SELECT id_chave_instituicao FROM instituicoes WHERE identificador = "senac"));
INSERT INTO cursos (nome_curso, id_tipo_curso, id_instituicao) VALUES ("senac_1_500", (select id_chave_tipo_curso from tipos_cursos where nome_tipo_curso = "aperfeiçoamento"), (SELECT id_chave_instituicao FROM instituicoes WHERE identificador = "senac"));
INSERT INTO cursos (nome_curso, id_tipo_curso, id_instituicao) VALUES ("senac_1_501", (select id_chave_tipo_curso from tipos_cursos where nome_tipo_curso = "qualificação_profissional"), (SELECT id_chave_instituicao FROM instituicoes WHERE identificador = "senac"));
INSERT INTO cursos (nome_curso, id_tipo_curso, id_instituicao) VALUES ("senac_1_502", (select id_chave_tipo_curso from tipos_cursos where nome_tipo_curso = "qualificação_profissional"), (SELECT id_chave_instituicao FROM instituicoes WHERE identificador = "senac"));
INSERT INTO cursos (nome_curso, id_tipo_curso, id_instituicao) VALUES ("senac_1_503", (select id_chave_tipo_curso from tipos_cursos where nome_tipo_curso = "qualificação_profissional"), (SELECT id_chave_instituicao FROM instituicoes WHERE identificador = "senac"));
INSERT INTO cursos (nome_curso, id_tipo_curso, id_instituicao) VALUES ("senac_1_504", (select id_chave_tipo_curso from tipos_cursos where nome_tipo_curso = "qualificação_profissional"), (SELECT id_chave_instituicao FROM instituicoes WHERE identificador = "senac"));
INSERT INTO cursos (nome_curso, id_tipo_curso, id_instituicao) VALUES ("senac_1_505", (select id_chave_tipo_curso from tipos_cursos where nome_tipo_curso = "qualificação_profissional"), (SELECT id_chave_instituicao FROM instituicoes WHERE identificador = "senac"));
INSERT INTO cursos (nome_curso, id_tipo_curso, id_instituicao) VALUES ("senac_1_506", (select id_chave_tipo_curso from tipos_cursos where nome_tipo_curso = "qualificação_profissional"), (SELECT id_chave_instituicao FROM instituicoes WHERE identificador = "senac"));
INSERT INTO cursos (nome_curso, id_tipo_curso, id_instituicao) VALUES ("senac_1_507", (select id_chave_tipo_curso from tipos_cursos where nome_tipo_curso = "qualificação_profissional"), (SELECT id_chave_instituicao FROM instituicoes WHERE identificador = "senac"));
INSERT INTO cursos (nome_curso, id_tipo_curso, id_instituicao) VALUES ("senac_1_508", (select id_chave_tipo_curso from tipos_cursos where nome_tipo_curso = "qualificação_profissional"), (SELECT id_chave_instituicao FROM instituicoes WHERE identificador = "senac"));
INSERT INTO cursos (nome_curso, id_tipo_curso, id_instituicao) VALUES ("senac_1_509", (select id_chave_tipo_curso from tipos_cursos where nome_tipo_curso = "aperfeiçoamento"), (SELECT id_chave_instituicao FROM instituicoes WHERE identificador = "senac"));
INSERT INTO cursos (nome_curso, id_tipo_curso, id_instituicao) VALUES ("senac_1_510", (select id_chave_tipo_curso from tipos_cursos where nome_tipo_curso = "aperfeiçoamento"), (SELECT id_chave_instituicao FROM instituicoes WHERE identificador = "senac"));
INSERT INTO cursos (nome_curso, id_tipo_curso, id_instituicao) VALUES ("senac_1_511", (select id_chave_tipo_curso from tipos_cursos where nome_tipo_curso = "aperfeiçoamento"), (SELECT id_chave_instituicao FROM instituicoes WHERE identificador = "senac"));
INSERT INTO cursos (nome_curso, id_tipo_curso, id_instituicao) VALUES ("senac_1_512", (select id_chave_tipo_curso from tipos_cursos where nome_tipo_curso = "qualificação_profissional"), (SELECT id_chave_instituicao FROM instituicoes WHERE identificador = "senac"));
INSERT INTO cursos (nome_curso, id_tipo_curso, id_instituicao) VALUES ("senac_1_513", (select id_chave_tipo_curso from tipos_cursos where nome_tipo_curso = "aperfeiçoamento"), (SELECT id_chave_instituicao FROM instituicoes WHERE identificador = "senac"));
INSERT INTO cursos (nome_curso, id_tipo_curso, id_instituicao) VALUES ("senac_1_514", (select id_chave_tipo_curso from tipos_cursos where nome_tipo_curso = "aperfeiçoamento"), (SELECT id_chave_instituicao FROM instituicoes WHERE identificador = "senac"));
INSERT INTO cursos (nome_curso, id_tipo_curso, id_instituicao) VALUES ("senac_1_515", (select id_chave_tipo_curso from tipos_cursos where nome_tipo_curso = "aperfeiçoamento"), (SELECT id_chave_instituicao FROM instituicoes WHERE identificador = "senac"));
INSERT INTO cursos (nome_curso, id_tipo_curso, id_instituicao) VALUES ("senac_1_516", (select id_chave_tipo_curso from tipos_cursos where nome_tipo_curso = "aperfeiçoamento"), (SELECT id_chave_instituicao FROM instituicoes WHERE identificador = "senac"));
INSERT INTO cursos (nome_curso, id_tipo_curso, id_instituicao) VALUES ("senac_1_517", (select id_chave_tipo_curso from tipos_cursos where nome_tipo_curso = "aperfeiçoamento"), (SELECT id_chave_instituicao FROM instituicoes WHERE identificador = "senac"));
INSERT INTO cursos (nome_curso, id_tipo_curso, id_instituicao) VALUES ("senac_1_518", (select id_chave_tipo_curso from tipos_cursos where nome_tipo_curso = "aperfeiçoamento"), (SELECT id_chave_instituicao FROM instituicoes WHERE identificador = "senac"));
INSERT INTO cursos (nome_curso, id_tipo_curso, id_instituicao) VALUES ("senac_1_519", (select id_chave_tipo_curso from tipos_cursos where nome_tipo_curso = "aperfeiçoamento"), (SELECT id_chave_instituicao FROM instituicoes WHERE identificador = "senac"));
INSERT INTO cursos (nome_curso, id_tipo_curso, id_instituicao) VALUES ("senac_1_520", (select id_chave_tipo_curso from tipos_cursos where nome_tipo_curso = "qualificação_profissional"), (SELECT id_chave_instituicao FROM instituicoes WHERE identificador = "senac"));
INSERT INTO cursos (nome_curso, id_tipo_curso, id_instituicao) VALUES ("senac_1_521", (select id_chave_tipo_curso from tipos_cursos where nome_tipo_curso = "aperfeiçoamento"), (SELECT id_chave_instituicao FROM instituicoes WHERE identificador = "senac"));
INSERT INTO cursos (nome_curso, id_tipo_curso, id_instituicao) VALUES ("senac_1_522", (select id_chave_tipo_curso from tipos_cursos where nome_tipo_curso = "qualificação_profissional"), (SELECT id_chave_instituicao FROM instituicoes WHERE identificador = "senac"));
INSERT INTO cursos (nome_curso, id_tipo_curso, id_instituicao) VALUES ("senac_1_523", (select id_chave_tipo_curso from tipos_cursos where nome_tipo_curso = "aperfeiçoamento"), (SELECT id_chave_instituicao FROM instituicoes WHERE identificador = "senac"));
INSERT INTO cursos (nome_curso, id_tipo_curso, id_instituicao) VALUES ("senac_1_524", (select id_chave_tipo_curso from tipos_cursos where nome_tipo_curso = "aperfeiçoamento"), (SELECT id_chave_instituicao FROM instituicoes WHERE identificador = "senac"));
INSERT INTO cursos (nome_curso, id_tipo_curso, id_instituicao) VALUES ("senac_1_525", (select id_chave_tipo_curso from tipos_cursos where nome_tipo_curso = "aperfeiçoamento"), (SELECT id_chave_instituicao FROM instituicoes WHERE identificador = "senac"));
INSERT INTO cursos (nome_curso, id_tipo_curso, id_instituicao) VALUES ("senac_1_526", (select id_chave_tipo_curso from tipos_cursos where nome_tipo_curso = "aperfeiçoamento"), (SELECT id_chave_instituicao FROM instituicoes WHERE identificador = "senac"));
INSERT INTO cursos (nome_curso, id_tipo_curso, id_instituicao) VALUES ("senac_1_527", (select id_chave_tipo_curso from tipos_cursos where nome_tipo_curso = "aperfeiçoamento"), (SELECT id_chave_instituicao FROM instituicoes WHERE identificador = "senac"));
INSERT INTO cursos (nome_curso, id_tipo_curso, id_instituicao) VALUES ("senac_1_528", (select id_chave_tipo_curso from tipos_cursos where nome_tipo_curso = "aperfeiçoamento"), (SELECT id_chave_instituicao FROM instituicoes WHERE identificador = "senac"));
INSERT INTO cursos (nome_curso, id_tipo_curso, id_instituicao) VALUES ("senac_1_529", (select id_chave_tipo_curso from tipos_cursos where nome_tipo_curso = "aperfeiçoamento"), (SELECT id_chave_instituicao FROM instituicoes WHERE identificador = "senac"));
INSERT INTO cursos (nome_curso, id_tipo_curso, id_instituicao) VALUES ("senac_1_530", (select id_chave_tipo_curso from tipos_cursos where nome_tipo_curso = "aperfeiçoamento"), (SELECT id_chave_instituicao FROM instituicoes WHERE identificador = "senac"));
INSERT INTO cursos (nome_curso, id_tipo_curso, id_instituicao) VALUES ("senac_1_531", (select id_chave_tipo_curso from tipos_cursos where nome_tipo_curso = "aperfeiçoamento"), (SELECT id_chave_instituicao FROM instituicoes WHERE identificador = "senac"));
INSERT INTO cursos (nome_curso, id_tipo_curso, id_instituicao) VALUES ("senac_1_532", (select id_chave_tipo_curso from tipos_cursos where nome_tipo_curso = "aperfeiçoamento"), (SELECT id_chave_instituicao FROM instituicoes WHERE identificador = "senac"));
INSERT INTO cursos (nome_curso, id_tipo_curso, id_instituicao) VALUES ("senac_1_533", (select id_chave_tipo_curso from tipos_cursos where nome_tipo_curso = "qualificação_profissional"), (SELECT id_chave_instituicao FROM instituicoes WHERE identificador = "senac"));
INSERT INTO cursos (nome_curso, id_tipo_curso, id_instituicao) VALUES ("senac_1_534", (select id_chave_tipo_curso from tipos_cursos where nome_tipo_curso = "aperfeiçoamento"), (SELECT id_chave_instituicao FROM instituicoes WHERE identificador = "senac"));
INSERT INTO cursos (nome_curso, id_tipo_curso, id_instituicao) VALUES ("senac_1_535", (select id_chave_tipo_curso from tipos_cursos where nome_tipo_curso = "qualificação_profissional"), (SELECT id_chave_instituicao FROM instituicoes WHERE identificador = "senac"));
INSERT INTO cursos (nome_curso, id_tipo_curso, id_instituicao) VALUES ("senac_1_536", (select id_chave_tipo_curso from tipos_cursos where nome_tipo_curso = "qualificação_profissional"), (SELECT id_chave_instituicao FROM instituicoes WHERE identificador = "senac"));
INSERT INTO cursos (nome_curso, id_tipo_curso, id_instituicao) VALUES ("senac_1_537", (select id_chave_tipo_curso from tipos_cursos where nome_tipo_curso = "aperfeiçoamento"), (SELECT id_chave_instituicao FROM instituicoes WHERE identificador = "senac"));
INSERT INTO cursos (nome_curso, id_tipo_curso, id_instituicao) VALUES ("senac_1_538", (select id_chave_tipo_curso from tipos_cursos where nome_tipo_curso = "aperfeiçoamento"), (SELECT id_chave_instituicao FROM instituicoes WHERE identificador = "senac"));
INSERT INTO cursos (nome_curso, id_tipo_curso, id_instituicao) VALUES ("senac_1_539", (select id_chave_tipo_curso from tipos_cursos where nome_tipo_curso = "aperfeiçoamento"), (SELECT id_chave_instituicao FROM instituicoes WHERE identificador = "senac"));
INSERT INTO cursos (nome_curso, id_tipo_curso, id_instituicao) VALUES ("senac_1_540", (select id_chave_tipo_curso from tipos_cursos where nome_tipo_curso = "aperfeiçoamento"), (SELECT id_chave_instituicao FROM instituicoes WHERE identificador = "senac"));
INSERT INTO cursos (nome_curso, id_tipo_curso, id_instituicao) VALUES ("senac_1_541", (select id_chave_tipo_curso from tipos_cursos where nome_tipo_curso = "programas_instrumentais"), (SELECT id_chave_instituicao FROM instituicoes WHERE identificador = "senac"));
INSERT INTO cursos (nome_curso, id_tipo_curso, id_instituicao) VALUES ("senac_1_542", (select id_chave_tipo_curso from tipos_cursos where nome_tipo_curso = "qualificação_profissional"), (SELECT id_chave_instituicao FROM instituicoes WHERE identificador = "senac"));
INSERT INTO cursos (nome_curso, id_tipo_curso, id_instituicao) VALUES ("senac_1_543", (select id_chave_tipo_curso from tipos_cursos where nome_tipo_curso = "qualificação_profissional"), (SELECT id_chave_instituicao FROM instituicoes WHERE identificador = "senac"));
INSERT INTO cursos (nome_curso, id_tipo_curso, id_instituicao) VALUES ("senac_1_544", (select id_chave_tipo_curso from tipos_cursos where nome_tipo_curso = "programas_instrumentais"), (SELECT id_chave_instituicao FROM instituicoes WHERE identificador = "senac"));
INSERT INTO cursos (nome_curso, id_tipo_curso, id_instituicao) VALUES ("senac_1_545", (select id_chave_tipo_curso from tipos_cursos where nome_tipo_curso = "qualificação_profissional"), (SELECT id_chave_instituicao FROM instituicoes WHERE identificador = "senac"));
INSERT INTO cursos (nome_curso, id_tipo_curso, id_instituicao) VALUES ("senac_1_546", (select id_chave_tipo_curso from tipos_cursos where nome_tipo_curso = "qualificação_profissional"), (SELECT id_chave_instituicao FROM instituicoes WHERE identificador = "senac"));
INSERT INTO cursos (nome_curso, id_tipo_curso, id_instituicao) VALUES ("senac_1_547", (select id_chave_tipo_curso from tipos_cursos where nome_tipo_curso = "qualificação_profissional"), (SELECT id_chave_instituicao FROM instituicoes WHERE identificador = "senac"));
INSERT INTO cursos (nome_curso, id_tipo_curso, id_instituicao) VALUES ("senac_1_548", (select id_chave_tipo_curso from tipos_cursos where nome_tipo_curso = "qualificação_profissional"), (SELECT id_chave_instituicao FROM instituicoes WHERE identificador = "senac"));
INSERT INTO cursos (nome_curso, id_tipo_curso, id_instituicao) VALUES ("senac_1_549", (select id_chave_tipo_curso from tipos_cursos where nome_tipo_curso = "qualificação_profissional"), (SELECT id_chave_instituicao FROM instituicoes WHERE identificador = "senac"));
INSERT INTO cursos (nome_curso, id_tipo_curso, id_instituicao) VALUES ("senac_1_550", (select id_chave_tipo_curso from tipos_cursos where nome_tipo_curso = "qualificação_profissional"), (SELECT id_chave_instituicao FROM instituicoes WHERE identificador = "senac"));
INSERT INTO cursos (nome_curso, id_tipo_curso, id_instituicao) VALUES ("senac_1_551", (select id_chave_tipo_curso from tipos_cursos where nome_tipo_curso = "qualificação_profissional"), (SELECT id_chave_instituicao FROM instituicoes WHERE identificador = "senac"));
INSERT INTO cursos (nome_curso, id_tipo_curso, id_instituicao) VALUES ("senac_1_552", (select id_chave_tipo_curso from tipos_cursos where nome_tipo_curso = "qualificação_profissional"), (SELECT id_chave_instituicao FROM instituicoes WHERE identificador = "senac"));
INSERT INTO cursos (nome_curso, id_tipo_curso, id_instituicao) VALUES ("senac_1_553", (select id_chave_tipo_curso from tipos_cursos where nome_tipo_curso = "qualificação_profissional"), (SELECT id_chave_instituicao FROM instituicoes WHERE identificador = "senac"));
INSERT INTO cursos (nome_curso, id_tipo_curso, id_instituicao) VALUES ("senac_1_554", (select id_chave_tipo_curso from tipos_cursos where nome_tipo_curso = "aperfeiçoamento"), (SELECT id_chave_instituicao FROM instituicoes WHERE identificador = "senac"));
INSERT INTO cursos (nome_curso, id_tipo_curso, id_instituicao) VALUES ("senac_1_555", (select id_chave_tipo_curso from tipos_cursos where nome_tipo_curso = "aperfeiçoamento"), (SELECT id_chave_instituicao FROM instituicoes WHERE identificador = "senac"));
INSERT INTO cursos (nome_curso, id_tipo_curso, id_instituicao) VALUES ("senac_1_556", (select id_chave_tipo_curso from tipos_cursos where nome_tipo_curso = "aperfeiçoamento"), (SELECT id_chave_instituicao FROM instituicoes WHERE identificador = "senac"));
INSERT INTO cursos (nome_curso, id_tipo_curso, id_instituicao) VALUES ("senac_1_557", (select id_chave_tipo_curso from tipos_cursos where nome_tipo_curso = "aperfeiçoamento"), (SELECT id_chave_instituicao FROM instituicoes WHERE identificador = "senac"));
INSERT INTO cursos (nome_curso, id_tipo_curso, id_instituicao) VALUES ("senac_1_558", (select id_chave_tipo_curso from tipos_cursos where nome_tipo_curso = "qualificação_profissional"), (SELECT id_chave_instituicao FROM instituicoes WHERE identificador = "senac"));
INSERT INTO cursos (nome_curso, id_tipo_curso, id_instituicao) VALUES ("senac_1_559", (select id_chave_tipo_curso from tipos_cursos where nome_tipo_curso = "aperfeiçoamento"), (SELECT id_chave_instituicao FROM instituicoes WHERE identificador = "senac"));
INSERT INTO cursos (nome_curso, id_tipo_curso, id_instituicao) VALUES ("senac_1_560", (select id_chave_tipo_curso from tipos_cursos where nome_tipo_curso = "aperfeiçoamento"), (SELECT id_chave_instituicao FROM instituicoes WHERE identificador = "senac"));
INSERT INTO cursos (nome_curso, id_tipo_curso, id_instituicao) VALUES ("senac_1_561", (select id_chave_tipo_curso from tipos_cursos where nome_tipo_curso = "qualificação_profissional"), (SELECT id_chave_instituicao FROM instituicoes WHERE identificador = "senac"));
INSERT INTO cursos (nome_curso, id_tipo_curso, id_instituicao) VALUES ("senac_1_562", (select id_chave_tipo_curso from tipos_cursos where nome_tipo_curso = "aperfeiçoamento"), (SELECT id_chave_instituicao FROM instituicoes WHERE identificador = "senac"));
INSERT INTO cursos (nome_curso, id_tipo_curso, id_instituicao) VALUES ("senac_1_563", (select id_chave_tipo_curso from tipos_cursos where nome_tipo_curso = "aperfeiçoamento"), (SELECT id_chave_instituicao FROM instituicoes WHERE identificador = "senac"));
INSERT INTO cursos (nome_curso, id_tipo_curso, id_instituicao) VALUES ("senac_1_564", (select id_chave_tipo_curso from tipos_cursos where nome_tipo_curso = "aperfeiçoamento"), (SELECT id_chave_instituicao FROM instituicoes WHERE identificador = "senac"));
INSERT INTO cursos (nome_curso, id_tipo_curso, id_instituicao) VALUES ("senac_1_565", (select id_chave_tipo_curso from tipos_cursos where nome_tipo_curso = "aperfeiçoamento"), (SELECT id_chave_instituicao FROM instituicoes WHERE identificador = "senac"));
INSERT INTO cursos (nome_curso, id_tipo_curso, id_instituicao) VALUES ("senac_1_566", (select id_chave_tipo_curso from tipos_cursos where nome_tipo_curso = "aperfeiçoamento"), (SELECT id_chave_instituicao FROM instituicoes WHERE identificador = "senac"));
INSERT INTO cursos (nome_curso, id_tipo_curso, id_instituicao) VALUES ("senac_1_567", (select id_chave_tipo_curso from tipos_cursos where nome_tipo_curso = "aperfeiçoamento"), (SELECT id_chave_instituicao FROM instituicoes WHERE identificador = "senac"));
INSERT INTO cursos (nome_curso, id_tipo_curso, id_instituicao) VALUES ("senac_1_568", (select id_chave_tipo_curso from tipos_cursos where nome_tipo_curso = "aperfeiçoamento"), (SELECT id_chave_instituicao FROM instituicoes WHERE identificador = "senac"));
INSERT INTO cursos (nome_curso, id_tipo_curso, id_instituicao) VALUES ("senac_1_569", (select id_chave_tipo_curso from tipos_cursos where nome_tipo_curso = "aperfeiçoamento"), (SELECT id_chave_instituicao FROM instituicoes WHERE identificador = "senac"));
INSERT INTO cursos (nome_curso, id_tipo_curso, id_instituicao) VALUES ("senac_1_570", (select id_chave_tipo_curso from tipos_cursos where nome_tipo_curso = "aperfeiçoamento"), (SELECT id_chave_instituicao FROM instituicoes WHERE identificador = "senac"));
INSERT INTO cursos (nome_curso, id_tipo_curso, id_instituicao) VALUES ("senac_1_571", (select id_chave_tipo_curso from tipos_cursos where nome_tipo_curso = "aperfeiçoamento"), (SELECT id_chave_instituicao FROM instituicoes WHERE identificador = "senac"));
INSERT INTO cursos (nome_curso, id_tipo_curso, id_instituicao) VALUES ("senac_1_572", (select id_chave_tipo_curso from tipos_cursos where nome_tipo_curso = "aperfeiçoamento"), (SELECT id_chave_instituicao FROM instituicoes WHERE identificador = "senac"));
INSERT INTO cursos (nome_curso, id_tipo_curso, id_instituicao) VALUES ("senac_1_573", (select id_chave_tipo_curso from tipos_cursos where nome_tipo_curso = "aperfeiçoamento"), (SELECT id_chave_instituicao FROM instituicoes WHERE identificador = "senac"));
INSERT INTO cursos (nome_curso, id_tipo_curso, id_instituicao) VALUES ("senac_1_574", (select id_chave_tipo_curso from tipos_cursos where nome_tipo_curso = "qualificação_profissional"), (SELECT id_chave_instituicao FROM instituicoes WHERE identificador = "senac"));
INSERT INTO cursos (nome_curso, id_tipo_curso, id_instituicao) VALUES ("senac_1_575", (select id_chave_tipo_curso from tipos_cursos where nome_tipo_curso = "aperfeiçoamento"), (SELECT id_chave_instituicao FROM instituicoes WHERE identificador = "senac"));
INSERT INTO cursos (nome_curso, id_tipo_curso, id_instituicao) VALUES ("senac_1_576", (select id_chave_tipo_curso from tipos_cursos where nome_tipo_curso = "aperfeiçoamento"), (SELECT id_chave_instituicao FROM instituicoes WHERE identificador = "senac"));
INSERT INTO cursos (nome_curso, id_tipo_curso, id_instituicao) VALUES ("senac_1_577", (select id_chave_tipo_curso from tipos_cursos where nome_tipo_curso = "aperfeiçoamento"), (SELECT id_chave_instituicao FROM instituicoes WHERE identificador = "senac"));
INSERT INTO cursos (nome_curso, id_tipo_curso, id_instituicao) VALUES ("senac_1_578", (select id_chave_tipo_curso from tipos_cursos where nome_tipo_curso = "aperfeiçoamento"), (SELECT id_chave_instituicao FROM instituicoes WHERE identificador = "senac"));
INSERT INTO cursos (nome_curso, id_tipo_curso, id_instituicao) VALUES ("senac_1_579", (select id_chave_tipo_curso from tipos_cursos where nome_tipo_curso = "aperfeiçoamento"), (SELECT id_chave_instituicao FROM instituicoes WHERE identificador = "senac"));
INSERT INTO cursos (nome_curso, id_tipo_curso, id_instituicao) VALUES ("senac_1_580", (select id_chave_tipo_curso from tipos_cursos where nome_tipo_curso = "aperfeiçoamento"), (SELECT id_chave_instituicao FROM instituicoes WHERE identificador = "senac"));
INSERT INTO cursos (nome_curso, id_tipo_curso, id_instituicao) VALUES ("senac_1_581", (select id_chave_tipo_curso from tipos_cursos where nome_tipo_curso = "aperfeiçoamento"), (SELECT id_chave_instituicao FROM instituicoes WHERE identificador = "senac"));
INSERT INTO cursos (nome_curso, id_tipo_curso, id_instituicao) VALUES ("senac_1_582", (select id_chave_tipo_curso from tipos_cursos where nome_tipo_curso = "aperfeiçoamento"), (SELECT id_chave_instituicao FROM instituicoes WHERE identificador = "senac"));
INSERT INTO cursos (nome_curso, id_tipo_curso, id_instituicao) VALUES ("senac_1_583", (select id_chave_tipo_curso from tipos_cursos where nome_tipo_curso = "aperfeiçoamento"), (SELECT id_chave_instituicao FROM instituicoes WHERE identificador = "senac"));
INSERT INTO cursos (nome_curso, id_tipo_curso, id_instituicao) VALUES ("senac_1_584", (select id_chave_tipo_curso from tipos_cursos where nome_tipo_curso = "aperfeiçoamento"), (SELECT id_chave_instituicao FROM instituicoes WHERE identificador = "senac"));
INSERT INTO cursos (nome_curso, id_tipo_curso, id_instituicao) VALUES ("senac_1_585", (select id_chave_tipo_curso from tipos_cursos where nome_tipo_curso = "aperfeiçoamento"), (SELECT id_chave_instituicao FROM instituicoes WHERE identificador = "senac"));
INSERT INTO cursos (nome_curso, id_tipo_curso, id_instituicao) VALUES ("senac_1_586", (select id_chave_tipo_curso from tipos_cursos where nome_tipo_curso = "qualificação_profissional"), (SELECT id_chave_instituicao FROM instituicoes WHERE identificador = "senac"));
INSERT INTO cursos (nome_curso, id_tipo_curso, id_instituicao) VALUES ("senac_1_587", (select id_chave_tipo_curso from tipos_cursos where nome_tipo_curso = "aperfeiçoamento"), (SELECT id_chave_instituicao FROM instituicoes WHERE identificador = "senac"));
INSERT INTO cursos (nome_curso, id_tipo_curso, id_instituicao) VALUES ("senac_1_588", (select id_chave_tipo_curso from tipos_cursos where nome_tipo_curso = "aperfeiçoamento"), (SELECT id_chave_instituicao FROM instituicoes WHERE identificador = "senac"));
INSERT INTO cursos (nome_curso, id_tipo_curso, id_instituicao) VALUES ("senac_1_589", (select id_chave_tipo_curso from tipos_cursos where nome_tipo_curso = "aperfeiçoamento"), (SELECT id_chave_instituicao FROM instituicoes WHERE identificador = "senac"));
INSERT INTO cursos (nome_curso, id_tipo_curso, id_instituicao) VALUES ("senac_1_590", (select id_chave_tipo_curso from tipos_cursos where nome_tipo_curso = "aperfeiçoamento"), (SELECT id_chave_instituicao FROM instituicoes WHERE identificador = "senac"));
INSERT INTO cursos (nome_curso, id_tipo_curso, id_instituicao) VALUES ("senac_1_591", (select id_chave_tipo_curso from tipos_cursos where nome_tipo_curso = "aperfeiçoamento"), (SELECT id_chave_instituicao FROM instituicoes WHERE identificador = "senac"));
INSERT INTO cursos (nome_curso, id_tipo_curso, id_instituicao) VALUES ("senac_1_592", (select id_chave_tipo_curso from tipos_cursos where nome_tipo_curso = "aperfeiçoamento"), (SELECT id_chave_instituicao FROM instituicoes WHERE identificador = "senac"));
INSERT INTO cursos (nome_curso, id_tipo_curso, id_instituicao) VALUES ("senac_1_593", (select id_chave_tipo_curso from tipos_cursos where nome_tipo_curso = "aperfeiçoamento"), (SELECT id_chave_instituicao FROM instituicoes WHERE identificador = "senac"));
INSERT INTO cursos (nome_curso, id_tipo_curso, id_instituicao) VALUES ("senac_1_594", (select id_chave_tipo_curso from tipos_cursos where nome_tipo_curso = "aperfeiçoamento"), (SELECT id_chave_instituicao FROM instituicoes WHERE identificador = "senac"));
INSERT INTO cursos (nome_curso, id_tipo_curso, id_instituicao) VALUES ("senac_1_595", (select id_chave_tipo_curso from tipos_cursos where nome_tipo_curso = "aperfeiçoamento"), (SELECT id_chave_instituicao FROM instituicoes WHERE identificador = "senac"));
INSERT INTO cursos (nome_curso, id_tipo_curso, id_instituicao) VALUES ("senac_1_596", (select id_chave_tipo_curso from tipos_cursos where nome_tipo_curso = "qualificação_profissional"), (SELECT id_chave_instituicao FROM instituicoes WHERE identificador = "senac"));
INSERT INTO cursos (nome_curso, id_tipo_curso, id_instituicao) VALUES ("senac_1_597", (select id_chave_tipo_curso from tipos_cursos where nome_tipo_curso = "aperfeiçoamento"), (SELECT id_chave_instituicao FROM instituicoes WHERE identificador = "senac"));
INSERT INTO cursos (nome_curso, id_tipo_curso, id_instituicao) VALUES ("senac_1_598", (select id_chave_tipo_curso from tipos_cursos where nome_tipo_curso = "aperfeiçoamento"), (SELECT id_chave_instituicao FROM instituicoes WHERE identificador = "senac"));
INSERT INTO cursos (nome_curso, id_tipo_curso, id_instituicao) VALUES ("senac_1_599", (select id_chave_tipo_curso from tipos_cursos where nome_tipo_curso = "aperfeiçoamento"), (SELECT id_chave_instituicao FROM instituicoes WHERE identificador = "senac"));
INSERT INTO cursos (nome_curso, id_tipo_curso, id_instituicao) VALUES ("senac_1_600", (select id_chave_tipo_curso from tipos_cursos where nome_tipo_curso = "aperfeiçoamento"), (SELECT id_chave_instituicao FROM instituicoes WHERE identificador = "senac"));
INSERT INTO cursos (nome_curso, id_tipo_curso, id_instituicao) VALUES ("senac_1_601", (select id_chave_tipo_curso from tipos_cursos where nome_tipo_curso = "aperfeiçoamento"), (SELECT id_chave_instituicao FROM instituicoes WHERE identificador = "senac"));
INSERT INTO cursos (nome_curso, id_tipo_curso, id_instituicao) VALUES ("senac_1_602", (select id_chave_tipo_curso from tipos_cursos where nome_tipo_curso = "aperfeiçoamento"), (SELECT id_chave_instituicao FROM instituicoes WHERE identificador = "senac"));
INSERT INTO cursos (nome_curso, id_tipo_curso, id_instituicao) VALUES ("senac_1_603", (select id_chave_tipo_curso from tipos_cursos where nome_tipo_curso = "aperfeiçoamento"), (SELECT id_chave_instituicao FROM instituicoes WHERE identificador = "senac"));
INSERT INTO cursos (nome_curso, id_tipo_curso, id_instituicao) VALUES ("senac_1_604", (select id_chave_tipo_curso from tipos_cursos where nome_tipo_curso = "aperfeiçoamento"), (SELECT id_chave_instituicao FROM instituicoes WHERE identificador = "senac"));
INSERT INTO cursos (nome_curso, id_tipo_curso, id_instituicao) VALUES ("senac_1_605", (select id_chave_tipo_curso from tipos_cursos where nome_tipo_curso = "aperfeiçoamento"), (SELECT id_chave_instituicao FROM instituicoes WHERE identificador = "senac"));
INSERT INTO cursos (nome_curso, id_tipo_curso, id_instituicao) VALUES ("senac_1_606", (select id_chave_tipo_curso from tipos_cursos where nome_tipo_curso = "aperfeiçoamento"), (SELECT id_chave_instituicao FROM instituicoes WHERE identificador = "senac"));
INSERT INTO cursos (nome_curso, id_tipo_curso, id_instituicao) VALUES ("senac_1_607", (select id_chave_tipo_curso from tipos_cursos where nome_tipo_curso = "aperfeiçoamento"), (SELECT id_chave_instituicao FROM instituicoes WHERE identificador = "senac"));
INSERT INTO cursos (nome_curso, id_tipo_curso, id_instituicao) VALUES ("senac_1_608", (select id_chave_tipo_curso from tipos_cursos where nome_tipo_curso = "aperfeiçoamento"), (SELECT id_chave_instituicao FROM instituicoes WHERE identificador = "senac"));
INSERT INTO cursos (nome_curso, id_tipo_curso, id_instituicao) VALUES ("senac_1_609", (select id_chave_tipo_curso from tipos_cursos where nome_tipo_curso = "aperfeiçoamento"), (SELECT id_chave_instituicao FROM instituicoes WHERE identificador = "senac"));
INSERT INTO cursos (nome_curso, id_tipo_curso, id_instituicao) VALUES ("senac_1_610", (select id_chave_tipo_curso from tipos_cursos where nome_tipo_curso = "aperfeiçoamento"), (SELECT id_chave_instituicao FROM instituicoes WHERE identificador = "senac"));
INSERT INTO cursos (nome_curso, id_tipo_curso, id_instituicao) VALUES ("senac_1_611", (select id_chave_tipo_curso from tipos_cursos where nome_tipo_curso = "aperfeiçoamento"), (SELECT id_chave_instituicao FROM instituicoes WHERE identificador = "senac"));
INSERT INTO cursos (nome_curso, id_tipo_curso, id_instituicao) VALUES ("senac_1_612", (select id_chave_tipo_curso from tipos_cursos where nome_tipo_curso = "qualificação_profissional"), (SELECT id_chave_instituicao FROM instituicoes WHERE identificador = "senac"));
INSERT INTO cursos (nome_curso, id_tipo_curso, id_instituicao) VALUES ("senac_1_613", (select id_chave_tipo_curso from tipos_cursos where nome_tipo_curso = "aperfeiçoamento"), (SELECT id_chave_instituicao FROM instituicoes WHERE identificador = "senac"));
INSERT INTO cursos (nome_curso, id_tipo_curso, id_instituicao) VALUES ("senac_1_614", (select id_chave_tipo_curso from tipos_cursos where nome_tipo_curso = "aperfeiçoamento"), (SELECT id_chave_instituicao FROM instituicoes WHERE identificador = "senac"));
INSERT INTO cursos (nome_curso, id_tipo_curso, id_instituicao) VALUES ("senac_1_615", (select id_chave_tipo_curso from tipos_cursos where nome_tipo_curso = "aperfeiçoamento"), (SELECT id_chave_instituicao FROM instituicoes WHERE identificador = "senac"));
INSERT INTO cursos (nome_curso, id_tipo_curso, id_instituicao) VALUES ("senac_1_616", (select id_chave_tipo_curso from tipos_cursos where nome_tipo_curso = "aperfeiçoamento"), (SELECT id_chave_instituicao FROM instituicoes WHERE identificador = "senac"));
INSERT INTO cursos (nome_curso, id_tipo_curso, id_instituicao) VALUES ("senac_1_617", (select id_chave_tipo_curso from tipos_cursos where nome_tipo_curso = "qualificação_profissional"), (SELECT id_chave_instituicao FROM instituicoes WHERE identificador = "senac"));
INSERT INTO cursos (nome_curso, id_tipo_curso, id_instituicao) VALUES ("senac_1_618", (select id_chave_tipo_curso from tipos_cursos where nome_tipo_curso = "aperfeiçoamento"), (SELECT id_chave_instituicao FROM instituicoes WHERE identificador = "senac"));
INSERT INTO cursos (nome_curso, id_tipo_curso, id_instituicao) VALUES ("senac_1_619", (select id_chave_tipo_curso from tipos_cursos where nome_tipo_curso = "aperfeiçoamento"), (SELECT id_chave_instituicao FROM instituicoes WHERE identificador = "senac"));
INSERT INTO cursos (nome_curso, id_tipo_curso, id_instituicao) VALUES ("senac_1_620", (select id_chave_tipo_curso from tipos_cursos where nome_tipo_curso = "aperfeiçoamento"), (SELECT id_chave_instituicao FROM instituicoes WHERE identificador = "senac"));
INSERT INTO cursos (nome_curso, id_tipo_curso, id_instituicao) VALUES ("senac_1_621", (select id_chave_tipo_curso from tipos_cursos where nome_tipo_curso = "aperfeiçoamento"), (SELECT id_chave_instituicao FROM instituicoes WHERE identificador = "senac"));
INSERT INTO cursos (nome_curso, id_tipo_curso, id_instituicao) VALUES ("senac_1_622", (select id_chave_tipo_curso from tipos_cursos where nome_tipo_curso = "aperfeiçoamento"), (SELECT id_chave_instituicao FROM instituicoes WHERE identificador = "senac"));
INSERT INTO cursos (nome_curso, id_tipo_curso, id_instituicao) VALUES ("senac_1_623", (select id_chave_tipo_curso from tipos_cursos where nome_tipo_curso = "aperfeiçoamento"), (SELECT id_chave_instituicao FROM instituicoes WHERE identificador = "senac"));
INSERT INTO cursos (nome_curso, id_tipo_curso, id_instituicao) VALUES ("senac_1_624", (select id_chave_tipo_curso from tipos_cursos where nome_tipo_curso = "aperfeiçoamento"), (SELECT id_chave_instituicao FROM instituicoes WHERE identificador = "senac"));
INSERT INTO cursos (nome_curso, id_tipo_curso, id_instituicao) VALUES ("senac_1_625", (select id_chave_tipo_curso from tipos_cursos where nome_tipo_curso = "aperfeiçoamento"), (SELECT id_chave_instituicao FROM instituicoes WHERE identificador = "senac"));
INSERT INTO cursos (nome_curso, id_tipo_curso, id_instituicao) VALUES ("senac_1_626", (select id_chave_tipo_curso from tipos_cursos where nome_tipo_curso = "aperfeiçoamento"), (SELECT id_chave_instituicao FROM instituicoes WHERE identificador = "senac"));
INSERT INTO cursos (nome_curso, id_tipo_curso, id_instituicao) VALUES ("senac_1_627", (select id_chave_tipo_curso from tipos_cursos where nome_tipo_curso = "qualificação_profissional"), (SELECT id_chave_instituicao FROM instituicoes WHERE identificador = "senac"));
INSERT INTO cursos (nome_curso, id_tipo_curso, id_instituicao) VALUES ("senac_1_628", (select id_chave_tipo_curso from tipos_cursos where nome_tipo_curso = "aperfeiçoamento"), (SELECT id_chave_instituicao FROM instituicoes WHERE identificador = "senac"));
INSERT INTO cursos (nome_curso, id_tipo_curso, id_instituicao) VALUES ("senac_1_629", (select id_chave_tipo_curso from tipos_cursos where nome_tipo_curso = "aperfeiçoamento"), (SELECT id_chave_instituicao FROM instituicoes WHERE identificador = "senac"));
INSERT INTO cursos (nome_curso, id_tipo_curso, id_instituicao) VALUES ("senac_1_630", (select id_chave_tipo_curso from tipos_cursos where nome_tipo_curso = "qualificação_profissional"), (SELECT id_chave_instituicao FROM instituicoes WHERE identificador = "senac"));
INSERT INTO cursos (nome_curso, id_tipo_curso, id_instituicao) VALUES ("senac_1_631", (select id_chave_tipo_curso from tipos_cursos where nome_tipo_curso = "aperfeiçoamento"), (SELECT id_chave_instituicao FROM instituicoes WHERE identificador = "senac"));
INSERT INTO cursos (nome_curso, id_tipo_curso, id_instituicao) VALUES ("senac_1_632", (select id_chave_tipo_curso from tipos_cursos where nome_tipo_curso = "qualificação_profissional"), (SELECT id_chave_instituicao FROM instituicoes WHERE identificador = "senac"));
INSERT INTO cursos (nome_curso, id_tipo_curso, id_instituicao) VALUES ("senac_1_633", (select id_chave_tipo_curso from tipos_cursos where nome_tipo_curso = "aperfeiçoamento"), (SELECT id_chave_instituicao FROM instituicoes WHERE identificador = "senac"));
INSERT INTO cursos (nome_curso, id_tipo_curso, id_instituicao) VALUES ("senac_1_634", (select id_chave_tipo_curso from tipos_cursos where nome_tipo_curso = "qualificação_profissional"), (SELECT id_chave_instituicao FROM instituicoes WHERE identificador = "senac"));
INSERT INTO cursos (nome_curso, id_tipo_curso, id_instituicao) VALUES ("senac_1_635", (select id_chave_tipo_curso from tipos_cursos where nome_tipo_curso = "qualificação_profissional"), (SELECT id_chave_instituicao FROM instituicoes WHERE identificador = "senac"));
INSERT INTO cursos (nome_curso, id_tipo_curso, id_instituicao) VALUES ("senac_1_636", (select id_chave_tipo_curso from tipos_cursos where nome_tipo_curso = "aperfeiçoamento"), (SELECT id_chave_instituicao FROM instituicoes WHERE identificador = "senac"));
INSERT INTO cursos (nome_curso, id_tipo_curso, id_instituicao) VALUES ("senac_1_637", (select id_chave_tipo_curso from tipos_cursos where nome_tipo_curso = "qualificação_profissional"), (SELECT id_chave_instituicao FROM instituicoes WHERE identificador = "senac"));
INSERT INTO cursos (nome_curso, id_tipo_curso, id_instituicao) VALUES ("senac_1_638", (select id_chave_tipo_curso from tipos_cursos where nome_tipo_curso = "qualificação_profissional"), (SELECT id_chave_instituicao FROM instituicoes WHERE identificador = "senac"));
INSERT INTO cursos (nome_curso, id_tipo_curso, id_instituicao) VALUES ("senac_1_639", (select id_chave_tipo_curso from tipos_cursos where nome_tipo_curso = "aperfeiçoamento"), (SELECT id_chave_instituicao FROM instituicoes WHERE identificador = "senac"));
INSERT INTO cursos (nome_curso, id_tipo_curso, id_instituicao) VALUES ("senac_1_640", (select id_chave_tipo_curso from tipos_cursos where nome_tipo_curso = "aperfeiçoamento"), (SELECT id_chave_instituicao FROM instituicoes WHERE identificador = "senac"));
INSERT INTO cursos (nome_curso, id_tipo_curso, id_instituicao) VALUES ("senac_1_641", (select id_chave_tipo_curso from tipos_cursos where nome_tipo_curso = "aperfeiçoamento"), (SELECT id_chave_instituicao FROM instituicoes WHERE identificador = "senac"));
INSERT INTO cursos (nome_curso, id_tipo_curso, id_instituicao) VALUES ("senac_1_642", (select id_chave_tipo_curso from tipos_cursos where nome_tipo_curso = "aperfeiçoamento"), (SELECT id_chave_instituicao FROM instituicoes WHERE identificador = "senac"));
INSERT INTO cursos (nome_curso, id_tipo_curso, id_instituicao) VALUES ("senac_1_643", (select id_chave_tipo_curso from tipos_cursos where nome_tipo_curso = "aperfeiçoamento"), (SELECT id_chave_instituicao FROM instituicoes WHERE identificador = "senac"));
INSERT INTO cursos (nome_curso, id_tipo_curso, id_instituicao) VALUES ("senac_1_644", (select id_chave_tipo_curso from tipos_cursos where nome_tipo_curso = "aperfeiçoamento"), (SELECT id_chave_instituicao FROM instituicoes WHERE identificador = "senac"));
INSERT INTO cursos (nome_curso, id_tipo_curso, id_instituicao) VALUES ("senac_1_645", (select id_chave_tipo_curso from tipos_cursos where nome_tipo_curso = "aperfeiçoamento"), (SELECT id_chave_instituicao FROM instituicoes WHERE identificador = "senac"));
INSERT INTO cursos (nome_curso, id_tipo_curso, id_instituicao) VALUES ("senac_1_646", (select id_chave_tipo_curso from tipos_cursos where nome_tipo_curso = "aperfeiçoamento"), (SELECT id_chave_instituicao FROM instituicoes WHERE identificador = "senac"));
INSERT INTO cursos (nome_curso, id_tipo_curso, id_instituicao) VALUES ("senac_1_647", (select id_chave_tipo_curso from tipos_cursos where nome_tipo_curso = "aperfeiçoamento"), (SELECT id_chave_instituicao FROM instituicoes WHERE identificador = "senac"));
INSERT INTO cursos (nome_curso, id_tipo_curso, id_instituicao) VALUES ("senac_1_648", (select id_chave_tipo_curso from tipos_cursos where nome_tipo_curso = "aperfeiçoamento"), (SELECT id_chave_instituicao FROM instituicoes WHERE identificador = "senac"));
INSERT INTO cursos (nome_curso, id_tipo_curso, id_instituicao) VALUES ("senac_1_649", (select id_chave_tipo_curso from tipos_cursos where nome_tipo_curso = "qualificação_profissional"), (SELECT id_chave_instituicao FROM instituicoes WHERE identificador = "senac"));
INSERT INTO cursos (nome_curso, id_tipo_curso, id_instituicao) VALUES ("senac_1_650", (select id_chave_tipo_curso from tipos_cursos where nome_tipo_curso = "qualificação_profissional"), (SELECT id_chave_instituicao FROM instituicoes WHERE identificador = "senac"));
INSERT INTO cursos (nome_curso, id_tipo_curso, id_instituicao) VALUES ("senac_1_651", (select id_chave_tipo_curso from tipos_cursos where nome_tipo_curso = "qualificação_profissional"), (SELECT id_chave_instituicao FROM instituicoes WHERE identificador = "senac"));
INSERT INTO cursos (nome_curso, id_tipo_curso, id_instituicao) VALUES ("senac_1_652", (select id_chave_tipo_curso from tipos_cursos where nome_tipo_curso = "aperfeiçoamento"), (SELECT id_chave_instituicao FROM instituicoes WHERE identificador = "senac"));
INSERT INTO cursos (nome_curso, id_tipo_curso, id_instituicao) VALUES ("senac_1_653", (select id_chave_tipo_curso from tipos_cursos where nome_tipo_curso = "aperfeiçoamento"), (SELECT id_chave_instituicao FROM instituicoes WHERE identificador = "senac"));
INSERT INTO cursos (nome_curso, id_tipo_curso, id_instituicao) VALUES ("senac_1_654", (select id_chave_tipo_curso from tipos_cursos where nome_tipo_curso = "qualificação_profissional"), (SELECT id_chave_instituicao FROM instituicoes WHERE identificador = "senac"));
INSERT INTO cursos (nome_curso, id_tipo_curso, id_instituicao) VALUES ("senac_1_655", (select id_chave_tipo_curso from tipos_cursos where nome_tipo_curso = "qualificação_profissional"), (SELECT id_chave_instituicao FROM instituicoes WHERE identificador = "senac"));
INSERT INTO cursos (nome_curso, id_tipo_curso, id_instituicao) VALUES ("senac_1_656", (select id_chave_tipo_curso from tipos_cursos where nome_tipo_curso = "aperfeiçoamento"), (SELECT id_chave_instituicao FROM instituicoes WHERE identificador = "senac"));
INSERT INTO cursos (nome_curso, id_tipo_curso, id_instituicao) VALUES ("senac_1_657", (select id_chave_tipo_curso from tipos_cursos where nome_tipo_curso = "aperfeiçoamento"), (SELECT id_chave_instituicao FROM instituicoes WHERE identificador = "senac"));
INSERT INTO cursos (nome_curso, id_tipo_curso, id_instituicao) VALUES ("senac_1_658", (select id_chave_tipo_curso from tipos_cursos where nome_tipo_curso = "aperfeiçoamento"), (SELECT id_chave_instituicao FROM instituicoes WHERE identificador = "senac"));
INSERT INTO cursos (nome_curso, id_tipo_curso, id_instituicao) VALUES ("senac_1_659", (select id_chave_tipo_curso from tipos_cursos where nome_tipo_curso = "programas_instrumentais"), (SELECT id_chave_instituicao FROM instituicoes WHERE identificador = "senac"));
INSERT INTO cursos (nome_curso, id_tipo_curso, id_instituicao) VALUES ("senac_1_660", (select id_chave_tipo_curso from tipos_cursos where nome_tipo_curso = "programas_instrumentais"), (SELECT id_chave_instituicao FROM instituicoes WHERE identificador = "senac"));
INSERT INTO cursos (nome_curso, id_tipo_curso, id_instituicao) VALUES ("senac_1_661", (select id_chave_tipo_curso from tipos_cursos where nome_tipo_curso = "programas_instrumentais"), (SELECT id_chave_instituicao FROM instituicoes WHERE identificador = "senac"));
INSERT INTO cursos (nome_curso, id_tipo_curso, id_instituicao) VALUES ("senac_1_662", (select id_chave_tipo_curso from tipos_cursos where nome_tipo_curso = "qualificação_profissional"), (SELECT id_chave_instituicao FROM instituicoes WHERE identificador = "senac"));
INSERT INTO cursos (nome_curso, id_tipo_curso, id_instituicao) VALUES ("senac_1_663", (select id_chave_tipo_curso from tipos_cursos where nome_tipo_curso = "programas_instrumentais"), (SELECT id_chave_instituicao FROM instituicoes WHERE identificador = "senac"));
INSERT INTO cursos (nome_curso, id_tipo_curso, id_instituicao) VALUES ("senac_1_664", (select id_chave_tipo_curso from tipos_cursos where nome_tipo_curso = "qualificação_profissional"), (SELECT id_chave_instituicao FROM instituicoes WHERE identificador = "senac"));
INSERT INTO cursos (nome_curso, id_tipo_curso, id_instituicao) VALUES ("senac_1_665", (select id_chave_tipo_curso from tipos_cursos where nome_tipo_curso = "programas_instrumentais"), (SELECT id_chave_instituicao FROM instituicoes WHERE identificador = "senac"));
INSERT INTO cursos (nome_curso, id_tipo_curso, id_instituicao) VALUES ("senac_1_666", (select id_chave_tipo_curso from tipos_cursos where nome_tipo_curso = "qualificação_profissional"), (SELECT id_chave_instituicao FROM instituicoes WHERE identificador = "senac"));
INSERT INTO cursos (nome_curso, id_tipo_curso, id_instituicao) VALUES ("senac_1_667", (select id_chave_tipo_curso from tipos_cursos where nome_tipo_curso = "programas_instrumentais"), (SELECT id_chave_instituicao FROM instituicoes WHERE identificador = "senac"));
INSERT INTO cursos (nome_curso, id_tipo_curso, id_instituicao) VALUES ("senac_1_668", (select id_chave_tipo_curso from tipos_cursos where nome_tipo_curso = "qualificação_profissional"), (SELECT id_chave_instituicao FROM instituicoes WHERE identificador = "senac"));
INSERT INTO cursos (nome_curso, id_tipo_curso, id_instituicao) VALUES ("senac_1_669", (select id_chave_tipo_curso from tipos_cursos where nome_tipo_curso = "programas_instrumentais"), (SELECT id_chave_instituicao FROM instituicoes WHERE identificador = "senac"));
INSERT INTO cursos (nome_curso, id_tipo_curso, id_instituicao) VALUES ("senac_1_670", (select id_chave_tipo_curso from tipos_cursos where nome_tipo_curso = "qualificação_profissional"), (SELECT id_chave_instituicao FROM instituicoes WHERE identificador = "senac"));
INSERT INTO cursos (nome_curso, id_tipo_curso, id_instituicao) VALUES ("senac_1_671", (select id_chave_tipo_curso from tipos_cursos where nome_tipo_curso = "qualificação_profissional"), (SELECT id_chave_instituicao FROM instituicoes WHERE identificador = "senac"));
INSERT INTO cursos (nome_curso, id_tipo_curso, id_instituicao) VALUES ("senac_1_672", (select id_chave_tipo_curso from tipos_cursos where nome_tipo_curso = "qualificação_profissional"), (SELECT id_chave_instituicao FROM instituicoes WHERE identificador = "senac"));
INSERT INTO cursos (nome_curso, id_tipo_curso, id_instituicao) VALUES ("senac_1_673", (select id_chave_tipo_curso from tipos_cursos where nome_tipo_curso = "qualificação_profissional"), (SELECT id_chave_instituicao FROM instituicoes WHERE identificador = "senac"));
INSERT INTO cursos (nome_curso, id_tipo_curso, id_instituicao) VALUES ("senac_1_674", (select id_chave_tipo_curso from tipos_cursos where nome_tipo_curso = "qualificação_profissional"), (SELECT id_chave_instituicao FROM instituicoes WHERE identificador = "senac"));
INSERT INTO cursos (nome_curso, id_tipo_curso, id_instituicao) VALUES ("senac_1_675", (select id_chave_tipo_curso from tipos_cursos where nome_tipo_curso = "qualificação_profissional"), (SELECT id_chave_instituicao FROM instituicoes WHERE identificador = "senac"));
INSERT INTO cursos (nome_curso, id_tipo_curso, id_instituicao) VALUES ("senac_1_676", (select id_chave_tipo_curso from tipos_cursos where nome_tipo_curso = "programas_instrumentais"), (SELECT id_chave_instituicao FROM instituicoes WHERE identificador = "senac"));
INSERT INTO cursos (nome_curso, id_tipo_curso, id_instituicao) VALUES ("senac_1_677", (select id_chave_tipo_curso from tipos_cursos where nome_tipo_curso = "programas_instrumentais"), (SELECT id_chave_instituicao FROM instituicoes WHERE identificador = "senac"));
INSERT INTO cursos (nome_curso, id_tipo_curso, id_instituicao) VALUES ("senac_1_678", (select id_chave_tipo_curso from tipos_cursos where nome_tipo_curso = "qualificação_profissional"), (SELECT id_chave_instituicao FROM instituicoes WHERE identificador = "senac"));
INSERT INTO cursos (nome_curso, id_tipo_curso, id_instituicao) VALUES ("senac_1_679", (select id_chave_tipo_curso from tipos_cursos where nome_tipo_curso = "qualificação_profissional"), (SELECT id_chave_instituicao FROM instituicoes WHERE identificador = "senac"));
INSERT INTO cursos (nome_curso, id_tipo_curso, id_instituicao) VALUES ("senac_1_680", (select id_chave_tipo_curso from tipos_cursos where nome_tipo_curso = "qualificação_profissional"), (SELECT id_chave_instituicao FROM instituicoes WHERE identificador = "senac"));
INSERT INTO cursos (nome_curso, id_tipo_curso, id_instituicao) VALUES ("senac_1_681", (select id_chave_tipo_curso from tipos_cursos where nome_tipo_curso = "qualificação_profissional"), (SELECT id_chave_instituicao FROM instituicoes WHERE identificador = "senac"));
INSERT INTO cursos (nome_curso, id_tipo_curso, id_instituicao) VALUES ("senac_1_682", (select id_chave_tipo_curso from tipos_cursos where nome_tipo_curso = "qualificação_profissional"), (SELECT id_chave_instituicao FROM instituicoes WHERE identificador = "senac"));
INSERT INTO cursos (nome_curso, id_tipo_curso, id_instituicao) VALUES ("senac_1_683", (select id_chave_tipo_curso from tipos_cursos where nome_tipo_curso = "qualificação_profissional"), (SELECT id_chave_instituicao FROM instituicoes WHERE identificador = "senac"));
INSERT INTO cursos (nome_curso, id_tipo_curso, id_instituicao) VALUES ("senac_1_684", (select id_chave_tipo_curso from tipos_cursos where nome_tipo_curso = "qualificação_profissional"), (SELECT id_chave_instituicao FROM instituicoes WHERE identificador = "senac"));
INSERT INTO cursos (nome_curso, id_tipo_curso, id_instituicao) VALUES ("senac_1_685", (select id_chave_tipo_curso from tipos_cursos where nome_tipo_curso = "programas_instrumentais"), (SELECT id_chave_instituicao FROM instituicoes WHERE identificador = "senac"));
INSERT INTO cursos (nome_curso, id_tipo_curso, id_instituicao) VALUES ("senac_1_686", (select id_chave_tipo_curso from tipos_cursos where nome_tipo_curso = "qualificação_profissional"), (SELECT id_chave_instituicao FROM instituicoes WHERE identificador = "senac"));
INSERT INTO cursos (nome_curso, id_tipo_curso, id_instituicao) VALUES ("senac_1_687", (select id_chave_tipo_curso from tipos_cursos where nome_tipo_curso = "qualificação_profissional"), (SELECT id_chave_instituicao FROM instituicoes WHERE identificador = "senac"));
INSERT INTO cursos (nome_curso, id_tipo_curso, id_instituicao) VALUES ("senac_1_688", (select id_chave_tipo_curso from tipos_cursos where nome_tipo_curso = "aperfeiçoamento"), (SELECT id_chave_instituicao FROM instituicoes WHERE identificador = "senac"));
INSERT INTO cursos (nome_curso, id_tipo_curso, id_instituicao) VALUES ("senac_1_689", (select id_chave_tipo_curso from tipos_cursos where nome_tipo_curso = "aperfeiçoamento"), (SELECT id_chave_instituicao FROM instituicoes WHERE identificador = "senac"));
INSERT INTO cursos (nome_curso, id_tipo_curso, id_instituicao) VALUES ("senac_1_690", (select id_chave_tipo_curso from tipos_cursos where nome_tipo_curso = "programas_instrumentais"), (SELECT id_chave_instituicao FROM instituicoes WHERE identificador = "senac"));
INSERT INTO cursos (nome_curso, id_tipo_curso, id_instituicao) VALUES ("senac_1_691", (select id_chave_tipo_curso from tipos_cursos where nome_tipo_curso = "aperfeiçoamento"), (SELECT id_chave_instituicao FROM instituicoes WHERE identificador = "senac"));
INSERT INTO cursos (nome_curso, id_tipo_curso, id_instituicao) VALUES ("senac_1_692", (select id_chave_tipo_curso from tipos_cursos where nome_tipo_curso = "aperfeiçoamento"), (SELECT id_chave_instituicao FROM instituicoes WHERE identificador = "senac"));
INSERT INTO cursos (nome_curso, id_tipo_curso, id_instituicao) VALUES ("senac_1_693", (select id_chave_tipo_curso from tipos_cursos where nome_tipo_curso = "aperfeiçoamento"), (SELECT id_chave_instituicao FROM instituicoes WHERE identificador = "senac"));
INSERT INTO cursos (nome_curso, id_tipo_curso, id_instituicao) VALUES ("senac_1_694", (select id_chave_tipo_curso from tipos_cursos where nome_tipo_curso = "aperfeiçoamento"), (SELECT id_chave_instituicao FROM instituicoes WHERE identificador = "senac"));
INSERT INTO cursos (nome_curso, id_tipo_curso, id_instituicao) VALUES ("senac_1_695", (select id_chave_tipo_curso from tipos_cursos where nome_tipo_curso = "programas_instrumentais"), (SELECT id_chave_instituicao FROM instituicoes WHERE identificador = "senac"));
INSERT INTO cursos (nome_curso, id_tipo_curso, id_instituicao) VALUES ("senac_1_696", (select id_chave_tipo_curso from tipos_cursos where nome_tipo_curso = "aperfeiçoamento"), (SELECT id_chave_instituicao FROM instituicoes WHERE identificador = "senac"));
INSERT INTO cursos (nome_curso, id_tipo_curso, id_instituicao) VALUES ("senac_1_697", (select id_chave_tipo_curso from tipos_cursos where nome_tipo_curso = "aperfeiçoamento"), (SELECT id_chave_instituicao FROM instituicoes WHERE identificador = "senac"));
INSERT INTO cursos (nome_curso, id_tipo_curso, id_instituicao) VALUES ("senac_1_698", (select id_chave_tipo_curso from tipos_cursos where nome_tipo_curso = "aperfeiçoamento"), (SELECT id_chave_instituicao FROM instituicoes WHERE identificador = "senac"));
INSERT INTO cursos (nome_curso, id_tipo_curso, id_instituicao) VALUES ("senac_1_699", (select id_chave_tipo_curso from tipos_cursos where nome_tipo_curso = "programas_instrumentais"), (SELECT id_chave_instituicao FROM instituicoes WHERE identificador = "senac"));
INSERT INTO cursos (nome_curso, id_tipo_curso, id_instituicao) VALUES ("senac_1_700", (select id_chave_tipo_curso from tipos_cursos where nome_tipo_curso = "aperfeiçoamento"), (SELECT id_chave_instituicao FROM instituicoes WHERE identificador = "senac"));
INSERT INTO cursos (nome_curso, id_tipo_curso, id_instituicao) VALUES ("senac_1_701", (select id_chave_tipo_curso from tipos_cursos where nome_tipo_curso = "aperfeiçoamento"), (SELECT id_chave_instituicao FROM instituicoes WHERE identificador = "senac"));
INSERT INTO cursos (nome_curso, id_tipo_curso, id_instituicao) VALUES ("senac_1_702", (select id_chave_tipo_curso from tipos_cursos where nome_tipo_curso = "aperfeiçoamento"), (SELECT id_chave_instituicao FROM instituicoes WHERE identificador = "senac"));
INSERT INTO cursos (nome_curso, id_tipo_curso, id_instituicao) VALUES ("senac_1_703", (select id_chave_tipo_curso from tipos_cursos where nome_tipo_curso = "qualificação_profissional"), (SELECT id_chave_instituicao FROM instituicoes WHERE identificador = "senac"));
INSERT INTO cursos (nome_curso, id_tipo_curso, id_instituicao) VALUES ("senac_1_704", (select id_chave_tipo_curso from tipos_cursos where nome_tipo_curso = "aperfeiçoamento"), (SELECT id_chave_instituicao FROM instituicoes WHERE identificador = "senac"));
INSERT INTO cursos (nome_curso, id_tipo_curso, id_instituicao) VALUES ("senac_1_705", (select id_chave_tipo_curso from tipos_cursos where nome_tipo_curso = "qualificação_profissional"), (SELECT id_chave_instituicao FROM instituicoes WHERE identificador = "senac"));
INSERT INTO cursos (nome_curso, id_tipo_curso, id_instituicao) VALUES ("senac_1_706", (select id_chave_tipo_curso from tipos_cursos where nome_tipo_curso = "aperfeiçoamento"), (SELECT id_chave_instituicao FROM instituicoes WHERE identificador = "senac"));
INSERT INTO cursos (nome_curso, id_tipo_curso, id_instituicao) VALUES ("senac_1_707", (select id_chave_tipo_curso from tipos_cursos where nome_tipo_curso = "qualificação_profissional"), (SELECT id_chave_instituicao FROM instituicoes WHERE identificador = "senac"));
INSERT INTO cursos (nome_curso, id_tipo_curso, id_instituicao) VALUES ("senac_1_708", (select id_chave_tipo_curso from tipos_cursos where nome_tipo_curso = "aperfeiçoamento"), (SELECT id_chave_instituicao FROM instituicoes WHERE identificador = "senac"));
INSERT INTO cursos (nome_curso, id_tipo_curso, id_instituicao) VALUES ("senac_1_709", (select id_chave_tipo_curso from tipos_cursos where nome_tipo_curso = "qualificação_profissional"), (SELECT id_chave_instituicao FROM instituicoes WHERE identificador = "senac"));
INSERT INTO cursos (nome_curso, id_tipo_curso, id_instituicao) VALUES ("senac_1_710", (select id_chave_tipo_curso from tipos_cursos where nome_tipo_curso = "aperfeiçoamento"), (SELECT id_chave_instituicao FROM instituicoes WHERE identificador = "senac"));
INSERT INTO cursos (nome_curso, id_tipo_curso, id_instituicao) VALUES ("senac_1_711", (select id_chave_tipo_curso from tipos_cursos where nome_tipo_curso = "aperfeiçoamento"), (SELECT id_chave_instituicao FROM instituicoes WHERE identificador = "senac"));
INSERT INTO cursos (nome_curso, id_tipo_curso, id_instituicao) VALUES ("senac_1_712", (select id_chave_tipo_curso from tipos_cursos where nome_tipo_curso = "aperfeiçoamento"), (SELECT id_chave_instituicao FROM instituicoes WHERE identificador = "senac"));
INSERT INTO cursos (nome_curso, id_tipo_curso, id_instituicao) VALUES ("senac_1_713", (select id_chave_tipo_curso from tipos_cursos where nome_tipo_curso = "aperfeiçoamento"), (SELECT id_chave_instituicao FROM instituicoes WHERE identificador = "senac"));
INSERT INTO cursos (nome_curso, id_tipo_curso, id_instituicao) VALUES ("senac_1_714", (select id_chave_tipo_curso from tipos_cursos where nome_tipo_curso = "aperfeiçoamento"), (SELECT id_chave_instituicao FROM instituicoes WHERE identificador = "senac"));
INSERT INTO cursos (nome_curso, id_tipo_curso, id_instituicao) VALUES ("senac_1_715", (select id_chave_tipo_curso from tipos_cursos where nome_tipo_curso = "aperfeiçoamento"), (SELECT id_chave_instituicao FROM instituicoes WHERE identificador = "senac"));
INSERT INTO cursos (nome_curso, id_tipo_curso, id_instituicao) VALUES ("senac_1_716", (select id_chave_tipo_curso from tipos_cursos where nome_tipo_curso = "aperfeiçoamento"), (SELECT id_chave_instituicao FROM instituicoes WHERE identificador = "senac"));
INSERT INTO cursos (nome_curso, id_tipo_curso, id_instituicao) VALUES ("senac_1_717", (select id_chave_tipo_curso from tipos_cursos where nome_tipo_curso = "aperfeiçoamento"), (SELECT id_chave_instituicao FROM instituicoes WHERE identificador = "senac"));
INSERT INTO cursos (nome_curso, id_tipo_curso, id_instituicao) VALUES ("senac_1_718", (select id_chave_tipo_curso from tipos_cursos where nome_tipo_curso = "aperfeiçoamento"), (SELECT id_chave_instituicao FROM instituicoes WHERE identificador = "senac"));
INSERT INTO cursos (nome_curso, id_tipo_curso, id_instituicao) VALUES ("senac_1_719", (select id_chave_tipo_curso from tipos_cursos where nome_tipo_curso = "aperfeiçoamento"), (SELECT id_chave_instituicao FROM instituicoes WHERE identificador = "senac"));
INSERT INTO cursos (nome_curso, id_tipo_curso, id_instituicao) VALUES ("senac_1_720", (select id_chave_tipo_curso from tipos_cursos where nome_tipo_curso = "aperfeiçoamento"), (SELECT id_chave_instituicao FROM instituicoes WHERE identificador = "senac"));
INSERT INTO cursos (nome_curso, id_tipo_curso, id_instituicao) VALUES ("senac_1_721", (select id_chave_tipo_curso from tipos_cursos where nome_tipo_curso = "aperfeiçoamento"), (SELECT id_chave_instituicao FROM instituicoes WHERE identificador = "senac"));
INSERT INTO cursos (nome_curso, id_tipo_curso, id_instituicao) VALUES ("senac_1_722", (select id_chave_tipo_curso from tipos_cursos where nome_tipo_curso = "aperfeiçoamento"), (SELECT id_chave_instituicao FROM instituicoes WHERE identificador = "senac"));
INSERT INTO cursos (nome_curso, id_tipo_curso, id_instituicao) VALUES ("senac_1_723", (select id_chave_tipo_curso from tipos_cursos where nome_tipo_curso = "aperfeiçoamento"), (SELECT id_chave_instituicao FROM instituicoes WHERE identificador = "senac"));
INSERT INTO cursos (nome_curso, id_tipo_curso, id_instituicao) VALUES ("senac_1_724", (select id_chave_tipo_curso from tipos_cursos where nome_tipo_curso = "aperfeiçoamento"), (SELECT id_chave_instituicao FROM instituicoes WHERE identificador = "senac"));
INSERT INTO cursos (nome_curso, id_tipo_curso, id_instituicao) VALUES ("senac_1_725", (select id_chave_tipo_curso from tipos_cursos where nome_tipo_curso = "aperfeiçoamento"), (SELECT id_chave_instituicao FROM instituicoes WHERE identificador = "senac"));
INSERT INTO cursos (nome_curso, id_tipo_curso, id_instituicao) VALUES ("senac_1_726", (select id_chave_tipo_curso from tipos_cursos where nome_tipo_curso = "aperfeiçoamento"), (SELECT id_chave_instituicao FROM instituicoes WHERE identificador = "senac"));
INSERT INTO cursos (nome_curso, id_tipo_curso, id_instituicao) VALUES ("senac_1_727", (select id_chave_tipo_curso from tipos_cursos where nome_tipo_curso = "aperfeiçoamento"), (SELECT id_chave_instituicao FROM instituicoes WHERE identificador = "senac"));
INSERT INTO cursos (nome_curso, id_tipo_curso, id_instituicao) VALUES ("senac_1_728", (select id_chave_tipo_curso from tipos_cursos where nome_tipo_curso = "aperfeiçoamento"), (SELECT id_chave_instituicao FROM instituicoes WHERE identificador = "senac"));
INSERT INTO cursos (nome_curso, id_tipo_curso, id_instituicao) VALUES ("senac_1_729", (select id_chave_tipo_curso from tipos_cursos where nome_tipo_curso = "aperfeiçoamento"), (SELECT id_chave_instituicao FROM instituicoes WHERE identificador = "senac"));
INSERT INTO cursos (nome_curso, id_tipo_curso, id_instituicao) VALUES ("senac_1_730", (select id_chave_tipo_curso from tipos_cursos where nome_tipo_curso = "aperfeiçoamento"), (SELECT id_chave_instituicao FROM instituicoes WHERE identificador = "senac"));
INSERT INTO cursos (nome_curso, id_tipo_curso, id_instituicao) VALUES ("senac_1_731", (select id_chave_tipo_curso from tipos_cursos where nome_tipo_curso = "aperfeiçoamento"), (SELECT id_chave_instituicao FROM instituicoes WHERE identificador = "senac"));
INSERT INTO cursos (nome_curso, id_tipo_curso, id_instituicao) VALUES ("senac_1_732", (select id_chave_tipo_curso from tipos_cursos where nome_tipo_curso = "aperfeiçoamento"), (SELECT id_chave_instituicao FROM instituicoes WHERE identificador = "senac"));
INSERT INTO cursos (nome_curso, id_tipo_curso, id_instituicao) VALUES ("senac_1_733", (select id_chave_tipo_curso from tipos_cursos where nome_tipo_curso = "aperfeiçoamento"), (SELECT id_chave_instituicao FROM instituicoes WHERE identificador = "senac"));
INSERT INTO cursos (nome_curso, id_tipo_curso, id_instituicao) VALUES ("senac_1_734", (select id_chave_tipo_curso from tipos_cursos where nome_tipo_curso = "qualificação_profissional"), (SELECT id_chave_instituicao FROM instituicoes WHERE identificador = "senac"));
INSERT INTO cursos (nome_curso, id_tipo_curso, id_instituicao) VALUES ("senac_1_735", (select id_chave_tipo_curso from tipos_cursos where nome_tipo_curso = "aperfeiçoamento"), (SELECT id_chave_instituicao FROM instituicoes WHERE identificador = "senac"));
INSERT INTO cursos (nome_curso, id_tipo_curso, id_instituicao) VALUES ("senac_1_736", (select id_chave_tipo_curso from tipos_cursos where nome_tipo_curso = "aperfeiçoamento"), (SELECT id_chave_instituicao FROM instituicoes WHERE identificador = "senac"));
INSERT INTO cursos (nome_curso, id_tipo_curso, id_instituicao) VALUES ("senac_1_737", (select id_chave_tipo_curso from tipos_cursos where nome_tipo_curso = "aperfeiçoamento"), (SELECT id_chave_instituicao FROM instituicoes WHERE identificador = "senac"));
INSERT INTO cursos (nome_curso, id_tipo_curso, id_instituicao) VALUES ("senac_1_738", (select id_chave_tipo_curso from tipos_cursos where nome_tipo_curso = "aperfeiçoamento"), (SELECT id_chave_instituicao FROM instituicoes WHERE identificador = "senac"));
INSERT INTO cursos (nome_curso, id_tipo_curso, id_instituicao) VALUES ("senac_1_739", (select id_chave_tipo_curso from tipos_cursos where nome_tipo_curso = "aperfeiçoamento"), (SELECT id_chave_instituicao FROM instituicoes WHERE identificador = "senac"));
INSERT INTO cursos (nome_curso, id_tipo_curso, id_instituicao) VALUES ("senac_1_740", (select id_chave_tipo_curso from tipos_cursos where nome_tipo_curso = "aperfeiçoamento"), (SELECT id_chave_instituicao FROM instituicoes WHERE identificador = "senac"));
INSERT INTO cursos (nome_curso, id_tipo_curso, id_instituicao) VALUES ("senac_1_741", (select id_chave_tipo_curso from tipos_cursos where nome_tipo_curso = "qualificação_profissional"), (SELECT id_chave_instituicao FROM instituicoes WHERE identificador = "senac"));
INSERT INTO cursos (nome_curso, id_tipo_curso, id_instituicao) VALUES ("senac_1_742", (select id_chave_tipo_curso from tipos_cursos where nome_tipo_curso = "aperfeiçoamento"), (SELECT id_chave_instituicao FROM instituicoes WHERE identificador = "senac"));
INSERT INTO cursos (nome_curso, id_tipo_curso, id_instituicao) VALUES ("senac_1_743", (select id_chave_tipo_curso from tipos_cursos where nome_tipo_curso = "aperfeiçoamento"), (SELECT id_chave_instituicao FROM instituicoes WHERE identificador = "senac"));
INSERT INTO cursos (nome_curso, id_tipo_curso, id_instituicao) VALUES ("senac_1_744", (select id_chave_tipo_curso from tipos_cursos where nome_tipo_curso = "aperfeiçoamento"), (SELECT id_chave_instituicao FROM instituicoes WHERE identificador = "senac"));
INSERT INTO cursos (nome_curso, id_tipo_curso, id_instituicao) VALUES ("senac_1_745", (select id_chave_tipo_curso from tipos_cursos where nome_tipo_curso = "aperfeiçoamento"), (SELECT id_chave_instituicao FROM instituicoes WHERE identificador = "senac"));
INSERT INTO cursos (nome_curso, id_tipo_curso, id_instituicao) VALUES ("senac_1_746", (select id_chave_tipo_curso from tipos_cursos where nome_tipo_curso = "aperfeiçoamento"), (SELECT id_chave_instituicao FROM instituicoes WHERE identificador = "senac"));
INSERT INTO cursos (nome_curso, id_tipo_curso, id_instituicao) VALUES ("senac_1_747", (select id_chave_tipo_curso from tipos_cursos where nome_tipo_curso = "aperfeiçoamento"), (SELECT id_chave_instituicao FROM instituicoes WHERE identificador = "senac"));
INSERT INTO cursos (nome_curso, id_tipo_curso, id_instituicao) VALUES ("senac_1_748", (select id_chave_tipo_curso from tipos_cursos where nome_tipo_curso = "aperfeiçoamento"), (SELECT id_chave_instituicao FROM instituicoes WHERE identificador = "senac"));
INSERT INTO cursos (nome_curso, id_tipo_curso, id_instituicao) VALUES ("senac_1_749", (select id_chave_tipo_curso from tipos_cursos where nome_tipo_curso = "aperfeiçoamento"), (SELECT id_chave_instituicao FROM instituicoes WHERE identificador = "senac"));
INSERT INTO cursos (nome_curso, id_tipo_curso, id_instituicao) VALUES ("senac_1_750", (select id_chave_tipo_curso from tipos_cursos where nome_tipo_curso = "aperfeiçoamento"), (SELECT id_chave_instituicao FROM instituicoes WHERE identificador = "senac"));
INSERT INTO cursos (nome_curso, id_tipo_curso, id_instituicao) VALUES ("senac_1_751", (select id_chave_tipo_curso from tipos_cursos where nome_tipo_curso = "qualificação_profissional"), (SELECT id_chave_instituicao FROM instituicoes WHERE identificador = "senac"));
INSERT INTO cursos (nome_curso, id_tipo_curso, id_instituicao) VALUES ("senac_1_752", (select id_chave_tipo_curso from tipos_cursos where nome_tipo_curso = "aperfeiçoamento"), (SELECT id_chave_instituicao FROM instituicoes WHERE identificador = "senac"));
INSERT INTO cursos (nome_curso, id_tipo_curso, id_instituicao) VALUES ("senac_1_753", (select id_chave_tipo_curso from tipos_cursos where nome_tipo_curso = "qualificação_profissional"), (SELECT id_chave_instituicao FROM instituicoes WHERE identificador = "senac"));
INSERT INTO cursos (nome_curso, id_tipo_curso, id_instituicao) VALUES ("senac_1_754", (select id_chave_tipo_curso from tipos_cursos where nome_tipo_curso = "aperfeiçoamento"), (SELECT id_chave_instituicao FROM instituicoes WHERE identificador = "senac"));
INSERT INTO cursos (nome_curso, id_tipo_curso, id_instituicao) VALUES ("senac_1_755", (select id_chave_tipo_curso from tipos_cursos where nome_tipo_curso = "qualificação_profissional"), (SELECT id_chave_instituicao FROM instituicoes WHERE identificador = "senac"));
INSERT INTO cursos (nome_curso, id_tipo_curso, id_instituicao) VALUES ("senac_1_756", (select id_chave_tipo_curso from tipos_cursos where nome_tipo_curso = "aperfeiçoamento"), (SELECT id_chave_instituicao FROM instituicoes WHERE identificador = "senac"));
INSERT INTO cursos (nome_curso, id_tipo_curso, id_instituicao) VALUES ("senac_1_757", (select id_chave_tipo_curso from tipos_cursos where nome_tipo_curso = "aperfeiçoamento"), (SELECT id_chave_instituicao FROM instituicoes WHERE identificador = "senac"));
INSERT INTO cursos (nome_curso, id_tipo_curso, id_instituicao) VALUES ("senac_1_758", (select id_chave_tipo_curso from tipos_cursos where nome_tipo_curso = "aperfeiçoamento"), (SELECT id_chave_instituicao FROM instituicoes WHERE identificador = "senac"));
INSERT INTO cursos (nome_curso, id_tipo_curso, id_instituicao) VALUES ("senac_1_759", (select id_chave_tipo_curso from tipos_cursos where nome_tipo_curso = "programas_instrumentais"), (SELECT id_chave_instituicao FROM instituicoes WHERE identificador = "senac"));
INSERT INTO cursos (nome_curso, id_tipo_curso, id_instituicao) VALUES ("senac_1_760", (select id_chave_tipo_curso from tipos_cursos where nome_tipo_curso = "aperfeiçoamento"), (SELECT id_chave_instituicao FROM instituicoes WHERE identificador = "senac"));
INSERT INTO cursos (nome_curso, id_tipo_curso, id_instituicao) VALUES ("senac_1_761", (select id_chave_tipo_curso from tipos_cursos where nome_tipo_curso = "qualificação_profissional"), (SELECT id_chave_instituicao FROM instituicoes WHERE identificador = "senac"));
INSERT INTO cursos (nome_curso, id_tipo_curso, id_instituicao) VALUES ("senac_1_762", (select id_chave_tipo_curso from tipos_cursos where nome_tipo_curso = "aperfeiçoamento"), (SELECT id_chave_instituicao FROM instituicoes WHERE identificador = "senac"));
INSERT INTO cursos (nome_curso, id_tipo_curso, id_instituicao) VALUES ("senac_1_763", (select id_chave_tipo_curso from tipos_cursos where nome_tipo_curso = "aperfeiçoamento"), (SELECT id_chave_instituicao FROM instituicoes WHERE identificador = "senac"));
INSERT INTO cursos (nome_curso, id_tipo_curso, id_instituicao) VALUES ("senac_1_764", (select id_chave_tipo_curso from tipos_cursos where nome_tipo_curso = "aperfeiçoamento"), (SELECT id_chave_instituicao FROM instituicoes WHERE identificador = "senac"));
INSERT INTO cursos (nome_curso, id_tipo_curso, id_instituicao) VALUES ("senac_1_765", (select id_chave_tipo_curso from tipos_cursos where nome_tipo_curso = "aperfeiçoamento"), (SELECT id_chave_instituicao FROM instituicoes WHERE identificador = "senac"));
INSERT INTO cursos (nome_curso, id_tipo_curso, id_instituicao) VALUES ("senac_1_766", (select id_chave_tipo_curso from tipos_cursos where nome_tipo_curso = "aperfeiçoamento"), (SELECT id_chave_instituicao FROM instituicoes WHERE identificador = "senac"));
INSERT INTO cursos (nome_curso, id_tipo_curso, id_instituicao) VALUES ("senac_1_767", (select id_chave_tipo_curso from tipos_cursos where nome_tipo_curso = "aperfeiçoamento"), (SELECT id_chave_instituicao FROM instituicoes WHERE identificador = "senac"));
INSERT INTO cursos (nome_curso, id_tipo_curso, id_instituicao) VALUES ("senac_1_768", (select id_chave_tipo_curso from tipos_cursos where nome_tipo_curso = "qualificação_profissional"), (SELECT id_chave_instituicao FROM instituicoes WHERE identificador = "senac"));
INSERT INTO cursos (nome_curso, id_tipo_curso, id_instituicao) VALUES ("senac_1_769", (select id_chave_tipo_curso from tipos_cursos where nome_tipo_curso = "aperfeiçoamento"), (SELECT id_chave_instituicao FROM instituicoes WHERE identificador = "senac"));
INSERT INTO cursos (nome_curso, id_tipo_curso, id_instituicao) VALUES ("senac_1_770", (select id_chave_tipo_curso from tipos_cursos where nome_tipo_curso = "aperfeiçoamento"), (SELECT id_chave_instituicao FROM instituicoes WHERE identificador = "senac"));
INSERT INTO cursos (nome_curso, id_tipo_curso, id_instituicao) VALUES ("senac_1_771", (select id_chave_tipo_curso from tipos_cursos where nome_tipo_curso = "qualificação_profissional"), (SELECT id_chave_instituicao FROM instituicoes WHERE identificador = "senac"));
INSERT INTO cursos (nome_curso, id_tipo_curso, id_instituicao) VALUES ("senac_1_772", (select id_chave_tipo_curso from tipos_cursos where nome_tipo_curso = "programas_instrumentais"), (SELECT id_chave_instituicao FROM instituicoes WHERE identificador = "senac"));
INSERT INTO cursos (nome_curso, id_tipo_curso, id_instituicao) VALUES ("senac_1_773", (select id_chave_tipo_curso from tipos_cursos where nome_tipo_curso = "aperfeiçoamento"), (SELECT id_chave_instituicao FROM instituicoes WHERE identificador = "senac"));
INSERT INTO cursos (nome_curso, id_tipo_curso, id_instituicao) VALUES ("senac_1_774", (select id_chave_tipo_curso from tipos_cursos where nome_tipo_curso = "aperfeiçoamento"), (SELECT id_chave_instituicao FROM instituicoes WHERE identificador = "senac"));
INSERT INTO cursos (nome_curso, id_tipo_curso, id_instituicao) VALUES ("senac_1_775", (select id_chave_tipo_curso from tipos_cursos where nome_tipo_curso = "aperfeiçoamento"), (SELECT id_chave_instituicao FROM instituicoes WHERE identificador = "senac"));
INSERT INTO cursos (nome_curso, id_tipo_curso, id_instituicao) VALUES ("senac_1_776", (select id_chave_tipo_curso from tipos_cursos where nome_tipo_curso = "aperfeiçoamento"), (SELECT id_chave_instituicao FROM instituicoes WHERE identificador = "senac"));
INSERT INTO cursos (nome_curso, id_tipo_curso, id_instituicao) VALUES ("senac_1_777", (select id_chave_tipo_curso from tipos_cursos where nome_tipo_curso = "aperfeiçoamento"), (SELECT id_chave_instituicao FROM instituicoes WHERE identificador = "senac"));
INSERT INTO cursos (nome_curso, id_tipo_curso, id_instituicao) VALUES ("senac_1_778", (select id_chave_tipo_curso from tipos_cursos where nome_tipo_curso = "aperfeiçoamento"), (SELECT id_chave_instituicao FROM instituicoes WHERE identificador = "senac"));
INSERT INTO cursos (nome_curso, id_tipo_curso, id_instituicao) VALUES ("senac_1_779", (select id_chave_tipo_curso from tipos_cursos where nome_tipo_curso = "programas_instrumentais"), (SELECT id_chave_instituicao FROM instituicoes WHERE identificador = "senac"));
INSERT INTO cursos (nome_curso, id_tipo_curso, id_instituicao) VALUES ("senac_1_780", (select id_chave_tipo_curso from tipos_cursos where nome_tipo_curso = "aperfeiçoamento"), (SELECT id_chave_instituicao FROM instituicoes WHERE identificador = "senac"));
INSERT INTO cursos (nome_curso, id_tipo_curso, id_instituicao) VALUES ("senac_1_781", (select id_chave_tipo_curso from tipos_cursos where nome_tipo_curso = "aperfeiçoamento"), (SELECT id_chave_instituicao FROM instituicoes WHERE identificador = "senac"));
INSERT INTO cursos (nome_curso, id_tipo_curso, id_instituicao) VALUES ("senac_1_782", (select id_chave_tipo_curso from tipos_cursos where nome_tipo_curso = "aperfeiçoamento"), (SELECT id_chave_instituicao FROM instituicoes WHERE identificador = "senac"));
INSERT INTO cursos (nome_curso, id_tipo_curso, id_instituicao) VALUES ("senac_1_783", (select id_chave_tipo_curso from tipos_cursos where nome_tipo_curso = "qualificação_profissional"), (SELECT id_chave_instituicao FROM instituicoes WHERE identificador = "senac"));
INSERT INTO cursos (nome_curso, id_tipo_curso, id_instituicao) VALUES ("senac_1_784", (select id_chave_tipo_curso from tipos_cursos where nome_tipo_curso = "programas_instrumentais"), (SELECT id_chave_instituicao FROM instituicoes WHERE identificador = "senac"));
INSERT INTO cursos (nome_curso, id_tipo_curso, id_instituicao) VALUES ("senac_1_785", (select id_chave_tipo_curso from tipos_cursos where nome_tipo_curso = "qualificação_profissional"), (SELECT id_chave_instituicao FROM instituicoes WHERE identificador = "senac"));
INSERT INTO cursos (nome_curso, id_tipo_curso, id_instituicao) VALUES ("senac_1_786", (select id_chave_tipo_curso from tipos_cursos where nome_tipo_curso = "qualificação_profissional"), (SELECT id_chave_instituicao FROM instituicoes WHERE identificador = "senac"));
INSERT INTO cursos (nome_curso, id_tipo_curso, id_instituicao) VALUES ("senac_1_787", (select id_chave_tipo_curso from tipos_cursos where nome_tipo_curso = "aperfeiçoamento"), (SELECT id_chave_instituicao FROM instituicoes WHERE identificador = "senac"));
INSERT INTO cursos (nome_curso, id_tipo_curso, id_instituicao) VALUES ("senac_1_788", (select id_chave_tipo_curso from tipos_cursos where nome_tipo_curso = "aperfeiçoamento"), (SELECT id_chave_instituicao FROM instituicoes WHERE identificador = "senac"));
INSERT INTO cursos (nome_curso, id_tipo_curso, id_instituicao) VALUES ("senac_1_789", (select id_chave_tipo_curso from tipos_cursos where nome_tipo_curso = "qualificação_profissional"), (SELECT id_chave_instituicao FROM instituicoes WHERE identificador = "senac"));
INSERT INTO cursos (nome_curso, id_tipo_curso, id_instituicao) VALUES ("senac_1_790", (select id_chave_tipo_curso from tipos_cursos where nome_tipo_curso = "aperfeiçoamento"), (SELECT id_chave_instituicao FROM instituicoes WHERE identificador = "senac"));
INSERT INTO cursos (nome_curso, id_tipo_curso, id_instituicao) VALUES ("senac_1_791", (select id_chave_tipo_curso from tipos_cursos where nome_tipo_curso = "qualificação_profissional"), (SELECT id_chave_instituicao FROM instituicoes WHERE identificador = "senac"));
INSERT INTO cursos (nome_curso, id_tipo_curso, id_instituicao) VALUES ("senac_1_792", (select id_chave_tipo_curso from tipos_cursos where nome_tipo_curso = "qualificação_profissional"), (SELECT id_chave_instituicao FROM instituicoes WHERE identificador = "senac"));
INSERT INTO cursos (nome_curso, id_tipo_curso, id_instituicao) VALUES ("senac_1_793", (select id_chave_tipo_curso from tipos_cursos where nome_tipo_curso = "qualificação_profissional"), (SELECT id_chave_instituicao FROM instituicoes WHERE identificador = "senac"));
INSERT INTO cursos (nome_curso, id_tipo_curso, id_instituicao) VALUES ("senac_1_794", (select id_chave_tipo_curso from tipos_cursos where nome_tipo_curso = "qualificação_profissional"), (SELECT id_chave_instituicao FROM instituicoes WHERE identificador = "senac"));
INSERT INTO cursos (nome_curso, id_tipo_curso, id_instituicao) VALUES ("senac_1_795", (select id_chave_tipo_curso from tipos_cursos where nome_tipo_curso = "aperfeiçoamento"), (SELECT id_chave_instituicao FROM instituicoes WHERE identificador = "senac"));
INSERT INTO cursos (nome_curso, id_tipo_curso, id_instituicao) VALUES ("senac_1_796", (select id_chave_tipo_curso from tipos_cursos where nome_tipo_curso = "qualificação_profissional"), (SELECT id_chave_instituicao FROM instituicoes WHERE identificador = "senac"));
INSERT INTO cursos (nome_curso, id_tipo_curso, id_instituicao) VALUES ("senac_1_797", (select id_chave_tipo_curso from tipos_cursos where nome_tipo_curso = "qualificação_profissional"), (SELECT id_chave_instituicao FROM instituicoes WHERE identificador = "senac"));
INSERT INTO cursos (nome_curso, id_tipo_curso, id_instituicao) VALUES ("senac_1_798", (select id_chave_tipo_curso from tipos_cursos where nome_tipo_curso = "aperfeiçoamento"), (SELECT id_chave_instituicao FROM instituicoes WHERE identificador = "senac"));
INSERT INTO cursos (nome_curso, id_tipo_curso, id_instituicao) VALUES ("senac_1_799", (select id_chave_tipo_curso from tipos_cursos where nome_tipo_curso = "aperfeiçoamento"), (SELECT id_chave_instituicao FROM instituicoes WHERE identificador = "senac"));
INSERT INTO cursos (nome_curso, id_tipo_curso, id_instituicao) VALUES ("senac_1_800", (select id_chave_tipo_curso from tipos_cursos where nome_tipo_curso = "aperfeiçoamento"), (SELECT id_chave_instituicao FROM instituicoes WHERE identificador = "senac"));
INSERT INTO cursos (nome_curso, id_tipo_curso, id_instituicao) VALUES ("senac_1_801", (select id_chave_tipo_curso from tipos_cursos where nome_tipo_curso = "aperfeiçoamento"), (SELECT id_chave_instituicao FROM instituicoes WHERE identificador = "senac"));
INSERT INTO cursos (nome_curso, id_tipo_curso, id_instituicao) VALUES ("senac_1_802", (select id_chave_tipo_curso from tipos_cursos where nome_tipo_curso = "aperfeiçoamento"), (SELECT id_chave_instituicao FROM instituicoes WHERE identificador = "senac"));
INSERT INTO cursos (nome_curso, id_tipo_curso, id_instituicao) VALUES ("senac_1_803", (select id_chave_tipo_curso from tipos_cursos where nome_tipo_curso = "aperfeiçoamento"), (SELECT id_chave_instituicao FROM instituicoes WHERE identificador = "senac"));
INSERT INTO cursos (nome_curso, id_tipo_curso, id_instituicao) VALUES ("senac_1_804", (select id_chave_tipo_curso from tipos_cursos where nome_tipo_curso = "aperfeiçoamento"), (SELECT id_chave_instituicao FROM instituicoes WHERE identificador = "senac"));
INSERT INTO cursos (nome_curso, id_tipo_curso, id_instituicao) VALUES ("senac_1_805", (select id_chave_tipo_curso from tipos_cursos where nome_tipo_curso = "qualificação_profissional"), (SELECT id_chave_instituicao FROM instituicoes WHERE identificador = "senac"));
INSERT INTO cursos (nome_curso, id_tipo_curso, id_instituicao) VALUES ("senac_1_806", (select id_chave_tipo_curso from tipos_cursos where nome_tipo_curso = "aperfeiçoamento"), (SELECT id_chave_instituicao FROM instituicoes WHERE identificador = "senac"));
INSERT INTO cursos (nome_curso, id_tipo_curso, id_instituicao) VALUES ("senac_1_807", (select id_chave_tipo_curso from tipos_cursos where nome_tipo_curso = "aperfeiçoamento"), (SELECT id_chave_instituicao FROM instituicoes WHERE identificador = "senac"));
INSERT INTO cursos (nome_curso, id_tipo_curso, id_instituicao) VALUES ("senac_1_808", (select id_chave_tipo_curso from tipos_cursos where nome_tipo_curso = "qualificação_profissional"), (SELECT id_chave_instituicao FROM instituicoes WHERE identificador = "senac"));
INSERT INTO cursos (nome_curso, id_tipo_curso, id_instituicao) VALUES ("senac_1_809", (select id_chave_tipo_curso from tipos_cursos where nome_tipo_curso = "aperfeiçoamento"), (SELECT id_chave_instituicao FROM instituicoes WHERE identificador = "senac"));
INSERT INTO cursos (nome_curso, id_tipo_curso, id_instituicao) VALUES ("senac_1_810", (select id_chave_tipo_curso from tipos_cursos where nome_tipo_curso = "aperfeiçoamento"), (SELECT id_chave_instituicao FROM instituicoes WHERE identificador = "senac"));
INSERT INTO cursos (nome_curso, id_tipo_curso, id_instituicao) VALUES ("senac_1_811", (select id_chave_tipo_curso from tipos_cursos where nome_tipo_curso = "aperfeiçoamento"), (SELECT id_chave_instituicao FROM instituicoes WHERE identificador = "senac"));
INSERT INTO cursos (nome_curso, id_tipo_curso, id_instituicao) VALUES ("senac_1_812", (select id_chave_tipo_curso from tipos_cursos where nome_tipo_curso = "qualificação_profissional"), (SELECT id_chave_instituicao FROM instituicoes WHERE identificador = "senac"));
INSERT INTO cursos (nome_curso, id_tipo_curso, id_instituicao) VALUES ("senac_1_813", (select id_chave_tipo_curso from tipos_cursos where nome_tipo_curso = "qualificação_profissional"), (SELECT id_chave_instituicao FROM instituicoes WHERE identificador = "senac"));
INSERT INTO cursos (nome_curso, id_tipo_curso, id_instituicao) VALUES ("senac_1_814", (select id_chave_tipo_curso from tipos_cursos where nome_tipo_curso = "qualificação_profissional"), (SELECT id_chave_instituicao FROM instituicoes WHERE identificador = "senac"));
INSERT INTO cursos (nome_curso, id_tipo_curso, id_instituicao) VALUES ("senac_1_815", (select id_chave_tipo_curso from tipos_cursos where nome_tipo_curso = "aperfeiçoamento"), (SELECT id_chave_instituicao FROM instituicoes WHERE identificador = "senac"));
INSERT INTO cursos (nome_curso, id_tipo_curso, id_instituicao) VALUES ("senac_1_816", (select id_chave_tipo_curso from tipos_cursos where nome_tipo_curso = "aperfeiçoamento"), (SELECT id_chave_instituicao FROM instituicoes WHERE identificador = "senac"));
INSERT IGNORE INTO titulos (nome_titulo, id_tipo_elemento_sintatico) VALUES ("artes", (SELECT id_chave_tipo_elemento_sintatico FROM tipos_elementos_sintaticos WHERE nome_tipo_elemento_sintatico = "locucao substantiva"));
 INSERT IGNORE INTO titulos (nome_titulo, id_tipo_elemento_sintatico) VALUES ("qualificação_profissional", (SELECT id_chave_tipo_elemento_sintatico FROM tipos_elementos_sintaticos WHERE nome_tipo_elemento_sintatico = "locucao substantiva"));
 INSERT IGNORE INTO titulos (nome_titulo, id_tipo_elemento_sintatico) VALUES ("1912", (SELECT id_chave_tipo_elemento_sintatico FROM tipos_elementos_sintaticos WHERE nome_tipo_elemento_sintatico = "locucao substantiva"));
 INSERT IGNORE INTO titulos (nome_titulo, id_tipo_elemento_sintatico) VALUES ("título", (SELECT id_chave_tipo_elemento_sintatico FROM tipos_elementos_sintaticos WHERE nome_tipo_elemento_sintatico = "locucao substantiva"));
 INSERT IGNORE INTO titulos (nome_titulo, id_tipo_elemento_sintatico) VALUES ("nulo", (SELECT id_chave_tipo_elemento_sintatico FROM tipos_elementos_sintaticos WHERE nome_tipo_elemento_sintatico = "locucao substantiva"));
 INSERT IGNORE INTO titulos (nome_titulo, id_tipo_elemento_sintatico) VALUES ("26", (SELECT id_chave_tipo_elemento_sintatico FROM tipos_elementos_sintaticos WHERE nome_tipo_elemento_sintatico = "locucao substantiva"));
 INSERT IGNORE INTO titulos (nome_titulo, id_tipo_elemento_sintatico) VALUES ("3062", (SELECT id_chave_tipo_elemento_sintatico FROM tipos_elementos_sintaticos WHERE nome_tipo_elemento_sintatico = "locucao substantiva"));
 INSERT IGNORE INTO titulos (nome_titulo, id_tipo_elemento_sintatico) VALUES ("assistente_de_produção_audiovisual", (SELECT id_chave_tipo_elemento_sintatico FROM tipos_elementos_sintaticos WHERE nome_tipo_elemento_sintatico = "locucao substantiva"));
 INSERT IGNORE INTO titulos (nome_titulo, id_tipo_elemento_sintatico) VALUES ("35", (SELECT id_chave_tipo_elemento_sintatico FROM tipos_elementos_sintaticos WHERE nome_tipo_elemento_sintatico = "locucao substantiva"));
 INSERT IGNORE INTO titulos (nome_titulo, id_tipo_elemento_sintatico) VALUES ("2789", (SELECT id_chave_tipo_elemento_sintatico FROM tipos_elementos_sintaticos WHERE nome_tipo_elemento_sintatico = "locucao substantiva"));
 INSERT IGNORE INTO titulos (nome_titulo, id_tipo_elemento_sintatico) VALUES ("assistente_de_arte", (SELECT id_chave_tipo_elemento_sintatico FROM tipos_elementos_sintaticos WHERE nome_tipo_elemento_sintatico = "locucao substantiva"));
 INSERT IGNORE INTO titulos (nome_titulo, id_tipo_elemento_sintatico) VALUES ("36", (SELECT id_chave_tipo_elemento_sintatico FROM tipos_elementos_sintaticos WHERE nome_tipo_elemento_sintatico = "locucao substantiva"));
 INSERT IGNORE INTO titulos (nome_titulo, id_tipo_elemento_sintatico) VALUES ("1907", (SELECT id_chave_tipo_elemento_sintatico FROM tipos_elementos_sintaticos WHERE nome_tipo_elemento_sintatico = "locucao substantiva"));
 INSERT IGNORE INTO titulos (nome_titulo, id_tipo_elemento_sintatico) VALUES ("serígrafo", (SELECT id_chave_tipo_elemento_sintatico FROM tipos_elementos_sintaticos WHERE nome_tipo_elemento_sintatico = "locucao substantiva"));
 INSERT IGNORE INTO titulos (nome_titulo, id_tipo_elemento_sintatico) VALUES ("30", (SELECT id_chave_tipo_elemento_sintatico FROM tipos_elementos_sintaticos WHERE nome_tipo_elemento_sintatico = "locucao substantiva"));
 INSERT IGNORE INTO titulos (nome_titulo, id_tipo_elemento_sintatico) VALUES ("16", (SELECT id_chave_tipo_elemento_sintatico FROM tipos_elementos_sintaticos WHERE nome_tipo_elemento_sintatico = "locucao substantiva"));
 INSERT IGNORE INTO titulos (nome_titulo, id_tipo_elemento_sintatico) VALUES ("46", (SELECT id_chave_tipo_elemento_sintatico FROM tipos_elementos_sintaticos WHERE nome_tipo_elemento_sintatico = "locucao substantiva"));
 INSERT IGNORE INTO titulos (nome_titulo, id_tipo_elemento_sintatico) VALUES ("806", (SELECT id_chave_tipo_elemento_sintatico FROM tipos_elementos_sintaticos WHERE nome_tipo_elemento_sintatico = "locucao substantiva"));
 INSERT IGNORE INTO titulos (nome_titulo, id_tipo_elemento_sintatico) VALUES ("florista", (SELECT id_chave_tipo_elemento_sintatico FROM tipos_elementos_sintaticos WHERE nome_tipo_elemento_sintatico = "locucao substantiva"));
 INSERT IGNORE INTO titulos (nome_titulo, id_tipo_elemento_sintatico) VALUES ("25", (SELECT id_chave_tipo_elemento_sintatico FROM tipos_elementos_sintaticos WHERE nome_tipo_elemento_sintatico = "locucao substantiva"));
 INSERT IGNORE INTO titulos (nome_titulo, id_tipo_elemento_sintatico) VALUES ("71", (SELECT id_chave_tipo_elemento_sintatico FROM tipos_elementos_sintaticos WHERE nome_tipo_elemento_sintatico = "locucao substantiva"));
 INSERT IGNORE INTO titulos (nome_titulo, id_tipo_elemento_sintatico) VALUES ("1918", (SELECT id_chave_tipo_elemento_sintatico FROM tipos_elementos_sintaticos WHERE nome_tipo_elemento_sintatico = "locucao substantiva"));
 INSERT IGNORE INTO titulos (nome_titulo, id_tipo_elemento_sintatico) VALUES ("fotógrafo", (SELECT id_chave_tipo_elemento_sintatico FROM tipos_elementos_sintaticos WHERE nome_tipo_elemento_sintatico = "locucao substantiva"));
 INSERT IGNORE INTO titulos (nome_titulo, id_tipo_elemento_sintatico) VALUES ("10", (SELECT id_chave_tipo_elemento_sintatico FROM tipos_elementos_sintaticos WHERE nome_tipo_elemento_sintatico = "locucao substantiva"));
 INSERT IGNORE INTO titulos (nome_titulo, id_tipo_elemento_sintatico) VALUES ("5", (SELECT id_chave_tipo_elemento_sintatico FROM tipos_elementos_sintaticos WHERE nome_tipo_elemento_sintatico = "locucao substantiva"));
 INSERT IGNORE INTO titulos (nome_titulo, id_tipo_elemento_sintatico) VALUES ("20", (SELECT id_chave_tipo_elemento_sintatico FROM tipos_elementos_sintaticos WHERE nome_tipo_elemento_sintatico = "locucao substantiva"));
 INSERT IGNORE INTO titulos (nome_titulo, id_tipo_elemento_sintatico) VALUES ("62", (SELECT id_chave_tipo_elemento_sintatico FROM tipos_elementos_sintaticos WHERE nome_tipo_elemento_sintatico = "locucao substantiva"));
 INSERT IGNORE INTO titulos (nome_titulo, id_tipo_elemento_sintatico) VALUES ("97", (SELECT id_chave_tipo_elemento_sintatico FROM tipos_elementos_sintaticos WHERE nome_tipo_elemento_sintatico = "locucao substantiva"));
 INSERT IGNORE INTO titulos (nome_titulo, id_tipo_elemento_sintatico) VALUES ("aperfeiçoamento", (SELECT id_chave_tipo_elemento_sintatico FROM tipos_elementos_sintaticos WHERE nome_tipo_elemento_sintatico = "locucao substantiva"));
 INSERT IGNORE INTO titulos (nome_titulo, id_tipo_elemento_sintatico) VALUES ("382.76", (SELECT id_chave_tipo_elemento_sintatico FROM tipos_elementos_sintaticos WHERE nome_tipo_elemento_sintatico = "locucao substantiva"));
 INSERT IGNORE INTO titulos (nome_titulo, id_tipo_elemento_sintatico) VALUES ("fotografia_-_moda_e_editoriais", (SELECT id_chave_tipo_elemento_sintatico FROM tipos_elementos_sintaticos WHERE nome_tipo_elemento_sintatico = "locucao substantiva"));
 INSERT IGNORE INTO titulos (nome_titulo, id_tipo_elemento_sintatico) VALUES ("120", (SELECT id_chave_tipo_elemento_sintatico FROM tipos_elementos_sintaticos WHERE nome_tipo_elemento_sintatico = "locucao substantiva"));
 INSERT IGNORE INTO titulos (nome_titulo, id_tipo_elemento_sintatico) VALUES ("382.54", (SELECT id_chave_tipo_elemento_sintatico FROM tipos_elementos_sintaticos WHERE nome_tipo_elemento_sintatico = "locucao substantiva"));
 INSERT IGNORE INTO titulos (nome_titulo, id_tipo_elemento_sintatico) VALUES ("lightroom:_fluxo_de_trabalho_e_tratamento_de_imagem", (SELECT id_chave_tipo_elemento_sintatico FROM tipos_elementos_sintaticos WHERE nome_tipo_elemento_sintatico = "locucao substantiva"));
 INSERT IGNORE INTO titulos (nome_titulo, id_tipo_elemento_sintatico) VALUES ("123", (SELECT id_chave_tipo_elemento_sintatico FROM tipos_elementos_sintaticos WHERE nome_tipo_elemento_sintatico = "locucao substantiva"));
 INSERT IGNORE INTO titulos (nome_titulo, id_tipo_elemento_sintatico) VALUES ("1111", (SELECT id_chave_tipo_elemento_sintatico FROM tipos_elementos_sintaticos WHERE nome_tipo_elemento_sintatico = "locucao substantiva"));
 INSERT IGNORE INTO titulos (nome_titulo, id_tipo_elemento_sintatico) VALUES ("confeccionador_em_patchwork", (SELECT id_chave_tipo_elemento_sintatico FROM tipos_elementos_sintaticos WHERE nome_tipo_elemento_sintatico = "locucao substantiva"));
